000
CXUS51 KRLX 041842
CLMCRW


CLIMATE REPORT
NATIONAL WEATHER SERVICE CHARLESTON WV
241 PM EDT MON AUG 4 2014

...................................

...THE CHARLESTON CLIMATE SUMMARY FOR THE MONTH OF JULY 2014...

CLIMATE NORMAL PERIOD 1981 TO 2010
CLIMATE RECORD PERIOD 1901 TO 2014

WEATHER         OBSERVED          NORMAL  DEPART  LAST YEAR`S
                 VALUE   DATE(S)  VALUE   FROM    VALUE  DATE(S)
                                          NORMAL
................................................................
TEMPERATURE (F)
RECORD
 HIGH             108   07/03/1931
 LOW               46   07/10/1963
                        07/28/1937
                        07/02/1937
HIGHEST            94   07/13        MM      MM       94  07/18
LOWEST             52   07/05        MM      MM       54  07/29
AVG. MAXIMUM     83.5              85.2    -1.7     84.7
AVG. MINIMUM     62.8              65.7    -2.9     65.7
MEAN             73.1              75.4    -2.3     75.2
DAYS MAX >= 90      7               6.0     1.0        5
DAYS MAX <= 32      0               0.0     0.0        0
DAYS MIN <= 32      0               0.0     0.0        0
DAYS MIN <= 0       0               0.0     0.0        0

PRECIPITATION (INCHES)
RECORD
 MAXIMUM        13.54   1961
 MINIMUM         0.10   2013
TOTALS           5.44              4.94    0.50     7.37
DAILY AVG.       0.18              0.16    0.02     0.24
DAYS >= .01        14              12.1     1.9       18
DAYS >= .10        11               8.1     2.9       14
DAYS >= .50         3               3.5    -0.5        9
DAYS >= 1.00        2               1.4     0.6        0
GREATEST
 24 HR. TOTAL    1.65   07/13 TO 07/14           07/06 TO 07/07
                                                          07/31 TO 07/31
                                                          07/31 TO 07/31

SNOWFALL (INCHES)
RECORDS
 TOTAL             MM   MM
TOTALS            0.0               0.0     0.0      0.0
SINCE 7/1         0.0               0.0     0.0      0.0
SNOWDEPTH AVG.      0                MM      MM        0
DAYS >= TRACE       0
DAYS >= 1.0         0               0.0     0.0        0
GREATEST
 SNOW DEPTH         0   MM                             0  MM
 24 HR TOTAL      0.0   07/31 TO 07/31           07/31 TO 07/31
                                                          07/31 TO 07/31
                                                          07/31 TO 07/31

DEGREE_DAYS
HEATING TOTAL       0                 0       0        0
 SINCE 7/1          0                 0       0        0
COOLING TOTAL     258               324     -66      323
 SINCE 1/1        643               654     -11      705
..................................................

WIND (MPH)
AVERAGE WIND SPEED              4.1
RESULTANT WIND SPEED/DIRECTION   2/236
HIGHEST WIND SPEED/DIRECTION    30/240    DATE  07/08
HIGHEST GUST SPEED/DIRECTION   180/058    DATE  07/22

SKY COVER
POSSIBLE SUNSHINE (PERCENT)   MM
AVERAGE SKY COVER           0.60
NUMBER OF DAYS FAIR            3
NUMBER OF DAYS PC             23
NUMBER OF DAYS CLOUDY          5

AVERAGE RH (PERCENT)     74

WEATHER CONDITIONS. NUMBER OF DAYS WITH
THUNDERSTORM              0     MIXED PRECIP               0
HEAVY RAIN                5     RAIN                       8
LIGHT RAIN               16     FREEZING RAIN              0
LT FREEZING RAIN          0     HAIL                       0
HEAVY SNOW                0     SNOW                       0
LIGHT SNOW                0     SLEET                      0
FOG                      23     FOG W/VIS <= 1/4 MILE      2
HAZE                      1

-  INDICATES NEGATIVE NUMBERS.
R  INDICATES RECORD WAS SET OR TIED.
MM INDICATES DATA IS MISSING.
T  INDICATES TRACE AMOUNT.

$$
