000
CXUS52 KCAE 020206 AAA
CLMCUB

CLIMATE REPORT...UPDATED...
NATIONAL WEATHER SERVICE COLUMBIA SC
906 PM EST SUN MAR 1 2015

...................................

...THE HAMILTON - OWENS AIRPORT SC CLIMATE SUMMARY FOR THE
   MONTH OF FEBRUARY 2015...

CLIMATE NORMAL PERIOD 1981 TO 2010
CLIMATE RECORD PERIOD 9999 TO 9999

WEATHER         OBSERVED          NORMAL  DEPART
                 VALUE   DATE(S)  VALUE   FROM
                                          NORMAL
................................................
TEMPERATURE (F)
HIGHEST            71   02/08        MM      MM
LOWEST             16R  02/20        MM      MM
AVG. MAXIMUM     53.8              60.5    -6.7
AVG. MINIMUM     32.6              38.4    -5.8
MEAN             43.2              49.4    -6.2
DAYS MAX >= 90      0               0.0     0.0
DAYS MAX <= 32      0               0.0     0.0
DAYS MIN <= 32     14               6.5     7.5
DAYS MIN <= 0       0               0.0     0.0

PRECIPITATION (INCHES)
TOTALS           4.52              3.65    0.87
DAYS >= .01        11                MM      MM
DAYS >= .10         9                MM      MM
DAYS >= .50         4                MM      MM
DAYS >= 1.00        1                MM      MM
GREATEST
 24 HR. TOTAL    1.54   02/25 TO 02/26

SNOWFALL (INCHES)
DAYS >= TRACE       0

DEGREE_DAYS
HEATING TOTAL     603               437     166
 SINCE 7/1       2126              1929     197
COOLING TOTAL       0                 2      -2
 SINCE 1/1          0                 3      -3
.................................................

WIND (MPH)
AVERAGE WIND SPEED              4.5
RESULTANT WIND SPEED/DIRECTION   1/267
HIGHEST WIND SPEED/DIRECTION    31/270    DATE  02/02
HIGHEST GUST SPEED/DIRECTION    43/260    DATE  02/02

SKY COVER
POSSIBLE SUNSHINE (PERCENT)   MM
AVERAGE SKY COVER           0.40
NUMBER OF DAYS FAIR           14
NUMBER OF DAYS PC              5
NUMBER OF DAYS CLOUDY          9

AVERAGE RH (PERCENT)     58

WEATHER CONDITIONS. NUMBER OF DAYS WITH
THUNDERSTORM              1     MIXED PRECIP               0
HEAVY RAIN                5     RAIN                       8
LIGHT RAIN               13     FREEZING RAIN              1
LT FREEZING RAIN          1     HAIL                       0
HEAVY SNOW                0     SNOW                       0
LIGHT SNOW                1     SLEET                      1
FOG                      14     FOG W/VIS <= 1/4 MILE      1
HAZE                      9

-  INDICATES NEGATIVE NUMBERS.
R  INDICATES RECORD WAS SET OR TIED.
MM INDICATES DATA IS MISSING.
T  INDICATES TRACE AMOUNT.

$$
