000
CXUS53 KUNR 011608
CLMCUT


CLIMATE REPORT
NATIONAL WEATHER SERVICE RAPID CITY SD
1007 AM MDT TUE SEP 1 2015

...................................

...THE CUSTER COUNTY AIRPORT SD CLIMATE SUMMARY FOR THE MONTH OF AUGUST 2015...

CLIMATE NORMAL PERIOD 1981 TO 2010
CLIMATE RECORD PERIOD 9999 TO 9999

WEATHER         OBSERVED          NORMAL  DEPART  LAST YEAR`S
                 VALUE   DATE(S)  VALUE   FROM    VALUE  DATE(S)
                                          NORMAL
................................................................
TEMPERATURE (F)
HIGHEST            93   08/15                         88  08/13
LOWEST             35R  08/23                         46  08/31
                                                          08/30
                                                          08/25
AVG. MAXIMUM     77.9              77.7     0.2     77.1
AVG. MINIMUM     51.5              50.1     1.4     51.9
MEAN             64.7              63.9     0.8     64.5
DAYS MAX >= 90      3                                  0
DAYS MAX <= 32      0                                  0
DAYS MIN <= 32      0                                  0
DAYS MIN <= 0       0                                  0

PRECIPITATION (INCHES)
TOTALS           2.13              2.15   -0.02     1.90
DAILY AVG.       0.07              0.07    0.00     0.06
DAYS >= .01         8                                 11
DAYS >= .10         2                                  3
DAYS >= .50         1                                  1
DAYS >= 1.00        1                                  1
GREATEST
 24 HR. TOTAL    1.52   08/17 TO 08/18              1.23

DEGREE_DAYS
HEATING TOTAL      90                93      -3       52
 SINCE 7/1        146               154      -8      131
COOLING TOTAL      90                59      31       44
 SINCE 1/1        187               166      21      134
.................................................................

WIND (MPH)
AVERAGE WIND SPEED              6.0
HIGHEST WIND SPEED/DIRECTION    30/290    DATE  08/22
HIGHEST GUST SPEED/DIRECTION    45/300    DATE  08/22

AVERAGE RH (PERCENT)     57

WEATHER CONDITIONS. NUMBER OF DAYS WITH
THUNDERSTORM              0     MIXED PRECIP               0
HEAVY RAIN                3     RAIN                       3
LIGHT RAIN               12     FREEZING RAIN              0
LT FREEZING RAIN          0     HAIL                       0
HEAVY SNOW                0     SNOW                       0
LIGHT SNOW                0     SLEET                      0
FOG                       9     FOG W/VIS <= 1/4 MILE      1
HAZE                      4

-  INDICATES NEGATIVE NUMBERS.
R  INDICATES RECORD WAS SET OR TIED.
MM INDICATES DATA IS MISSING.
T  INDICATES TRACE AMOUNT.

$$
