000
CXUS55 KCYS 061513
CLMCYS


CLIMATE REPORT
NATIONAL WEATHER SERVICE CHEYENNE WY
913 AM MDT MON JUL 6 2015

...................................

...THE CHEYENNE WY CLIMATE SUMMARY FOR THE MONTH OF JUNE 2015...

CLIMATE NORMAL PERIOD 1981 TO 2010
CLIMATE RECORD PERIOD 1871 TO 2015

WEATHER         OBSERVED          NORMAL  DEPART  LAST YEAR`S
                 VALUE   DATE(S)  VALUE   FROM    VALUE  DATE(S)
                                          NORMAL
................................................................
TEMPERATURE (F)
RECORD
 HIGH             100   06/23/1954
 LOW               25   06/02/1951
HIGHEST            90   06/30        74      16       87
LOWEST             47   06/02        48      -1       36
AVG. MAXIMUM     77.9              75.3     2.6     75.3
AVG. MINIMUM     53.5              48.9     4.6     46.8
MEAN             65.7              62.1     3.6     61.1
DAYS MAX >= 90      1               1.2                0
DAYS MAX <= 32      0               0.0                0
DAYS MIN <= 32      0               0.1                0
DAYS MIN <= 0       0               0.0                0

PRECIPITATION (INCHES)
RECORD
 MAXIMUM         5.32   1955
 MINIMUM         0.07   1980
                        1879
TOTALS           1.53              2.34   -0.81     1.98
DAYS >= .01        14              11.4     2.6       11
DAYS >= .10         7               5.5     1.5        4
DAYS >= .50         0               1.5    -1.5        2
DAYS >= 1.00        0               0.4    -0.4        0
GREATEST
 24 HR. TOTAL    0.27   06/03 TO 06/03

SNOWFALL (INCHES)
RECORDS
 TOTAL            8.7   MM
TOTALS            0.0                 T     0.0      0.0
SINCE 7/1        54.5              60.3    -5.8     91.6
SNOWDEPTH AVG.      0
DAYS >= TRACE       0               0.1    -0.1        0
DAYS >= 1.0         0               0.0     0.0        0
GREATEST
 SNOW DEPTH         0   MM                             0  MM
 24 HR TOTAL      0.0   06/30 TO 06/30           06/30 TO 06/30
                                                          06/30 TO 06/30
                                                          06/30 TO 06/30

DEGREE_DAYS
HEATING TOTAL      36               134     -98      126
 SINCE 7/1       6527              7111    -584     7236
COOLING TOTAL      62                47      15       14
 SINCE 1/1         62                50      12       15
.................................................

WIND (MPH)
AVERAGE WIND SPEED              9.7
HIGHEST WIND SPEED/DIRECTION    35/010    DATE  06/14
HIGHEST GUST SPEED/DIRECTION    45/300    DATE  06/30

SKY COVER
POSSIBLE SUNSHINE (PERCENT)   MM
AVERAGE SKY COVER           0.30
NUMBER OF DAYS FAIR           20
NUMBER OF DAYS PC              9
NUMBER OF DAYS CLOUDY          1

AVERAGE RH (PERCENT)     63

WEATHER CONDITIONS. NUMBER OF DAYS WITH
THUNDERSTORM              0     MIXED PRECIP               0
HEAVY RAIN                5     RAIN                       3
LIGHT RAIN               18     FREEZING RAIN              0
LT FREEZING RAIN          0     HAIL                       2
HEAVY SNOW                0     SNOW                       0
LIGHT SNOW                0     SLEET                      0
FOG                      12     FOG W/VIS <= 1/4 MILE      2
HAZE                      1

-  INDICATES NEGATIVE NUMBERS.
R  INDICATES RECORD WAS SET OR TIED.
MM INDICATES DATA IS MISSING.
T  INDICATES TRACE AMOUNT.

$$
