000
CXUS56 KSGX 011938
CLMCZZ


CLIMATE REPORT
NATIONAL WEATHER SERVICE SAN DIEGO, CA
1238 PM PDT MON JUN 1 2015

...................................

...THE CAMPO ASOS CA CLIMATE SUMMARY FOR THE MONTH OF MAY 2015...

CLIMATE NORMAL PERIOD 1981 TO 2010
CLIMATE RECORD PERIOD 1948 TO 2015

WEATHER         OBSERVED          NORMAL  DEPART  LAST YEAR`S
                 VALUE   DATE(S)  VALUE   FROM    VALUE  DATE(S)
                                          NORMAL
................................................................
TEMPERATURE (F)
RECORD
 HIGH             102   05/28/2003
                        05/29/1984
 LOW               25   05/06/1975
HIGHEST            90   05/30        78      12       93  05/16
LOWEST             32   05/13        41      -9       34  05/05
AVG. MAXIMUM     69.4              79.7   -10.3     79.5
AVG. MINIMUM     44.5              41.8     2.7     43.9
MEAN             56.9              60.7    -3.8     61.7
DAYS MAX >= 90      1               4.7    -3.7        7
DAYS MAX <= 32      0               0.0     0.0        0
DAYS MAX >= 100     0                                  0
DAYS MIN <= 32      1               1.3    -0.3        0
DAYS MIN <= 0       0               0.0     0.0        0

PRECIPITATION (INCHES)
RECORD
 MAXIMUM         2.60   1957
 MINIMUM         0.00   2012
                        2010
                        2009
TOTALS           2.31              0.18    2.13     0.01
DAILY AVG.       0.07              0.01    0.06     0.00
DAYS >= .01         5               1.5     3.5        1
DAYS >= .10         3               0.5     2.5        0
DAYS >= .50         2               0.1     1.9        0
DAYS >= 1.00        1               0.0     1.0        0
DAYS >= 1.50        0                                  0
DAYS >= 2.00        0                                  0
GREATEST
 24 HR. TOTAL    1.63   05/14 TO 05/15           05/06 TO 05/06
                                                          05/31 TO 05/31
                                                          05/31 TO 05/31
 STORM TOTAL       MM                                 MM
 (MM/DD(HH))            MM                    05/06(00) TO 05/06(00)
                                                 05/31(00) TO 05/31(00)1
                                                 05/31(00) TO 05/31(00)1

SNOWFALL (INCHES)
TOTALS            0.0
SINCE 7/1         0.0

DEGREE_DAYS
HEATING TOTAL     255               159      96      137
 SINCE 7/1       2474              2927    -453     2631
COOLING TOTAL      12                27     -15       42
 SINCE 1/1         17                30     -13       52

FREEZE DATES
RECORD
 EARLIEST     08/25/1978
 LATEST       06/23/1991
EARLIEST      05/13             10/16
LATEST                          05/19
..................................................

WIND (MPH)
AVERAGE WIND SPEED              9.1
RESULTANT WIND SPEED/DIRECTION   7/231
HIGHEST WIND SPEED/DIRECTION    25/240    DATE  05/14
HIGHEST GUST SPEED/DIRECTION    34/220    DATE  05/14

AVERAGE RH (PERCENT)     67


-  INDICATES NEGATIVE NUMBERS.
R  INDICATES RECORD WAS SET OR TIED.
MM INDICATES DATA IS MISSING.
T  INDICATES TRACE AMOUNT.

$$
