000
CXUS56 KSGX 012052
CLMCZZ


CLIMATE REPORT
NATIONAL WEATHER SERVICE SAN DIEGO, CA
152 PM PDT MON AUG 1 2016

...................................

...THE CAMPO ASOS CA CLIMATE SUMMARY FOR THE MONTH OF JULY 2016...

CLIMATE NORMAL PERIOD 1981 TO 2010
CLIMATE RECORD PERIOD 1948 TO 2016

WEATHER         OBSERVED          NORMAL  DEPART  LAST YEAR`S
                 VALUE   DATE(S)  VALUE   FROM    VALUE  DATE(S)
                                          NORMAL
................................................................
TEMPERATURE (F)
RECORD
 HIGH             111   07/27/1995
 LOW               34   07/04/2000
                        07/21/1973
                        07/03/1956
HIGHEST           105   07/23        94      11       95  07/17
                        07/22
LOWEST             42   07/12        51      -9       42  07/27
AVG. MAXIMUM     94.6              93.8     0.8     87.2
AVG. MINIMUM     54.4              51.9     2.5     53.4
MEAN             74.5              72.8     1.7     70.3
DAYS MAX >= 90     26              23.5     2.5       10
DAYS MAX <= 32      0               0.0     0.0        0
DAYS MAX >= 100     6                                  0
DAYS MIN <= 32      0               0.0     0.0        0
DAYS MIN <= 0       0               0.0     0.0        0

PRECIPITATION (INCHES)
RECORD
 MAXIMUM         1.88   1968
 MINIMUM         0.00   2009
                        2008
                        2000
TOTALS           0.00R             0.32   -0.32     0.51
DAILY AVG.       0.00              0.01   -0.01     0.02
DAYS >= .01         0               2.0    -2.0        3
DAYS >= .10         0               0.8    -0.8        1
DAYS >= .50         0               0.1    -0.1        0
DAYS >= 1.00        0               0.1    -0.1        0
DAYS >= 1.50        0                                  0
DAYS >= 2.00        0                                  0
GREATEST
 24 HR. TOTAL    0.00   07/31 TO 07/31           07/19 TO 07/19
                                                          07/31 TO 07/31
                                                          07/31 TO 07/31
 STORM TOTAL       MM                                 MM
 (MM/DD(HH))            MM                    07/19(00) TO 07/19(00)
                                                 07/31(00) TO 07/31(00)1
                                                 07/31(00) TO 07/31(00)1

DEGREE_DAYS
HEATING TOTAL       0                 7      -7       10
 SINCE 7/1          0                 7      -7       10
COOLING TOTAL     300               250      50      180
 SINCE 1/1        524               372     152      385

FREEZE DATES
RECORD
 EARLIEST     08/25/1978
 LATEST       06/23/1991
EARLIEST                        10/16
LATEST                          05/19
..................................................

WIND (MPH)
AVERAGE WIND SPEED              8.3
RESULTANT WIND SPEED/DIRECTION   4/223
HIGHEST WIND SPEED/DIRECTION    25/220    DATE  07/17
HIGHEST GUST SPEED/DIRECTION    30/070    DATE  07/30

AVERAGE RH (PERCENT)     41


-  INDICATES NEGATIVE NUMBERS.
R  INDICATES RECORD WAS SET OR TIED.
MM INDICATES DATA IS MISSING.
T  INDICATES TRACE AMOUNT.

$$
