000
CXUS52 KMLB 011253
CLMDAB


CLIMATE REPORT
NATIONAL WEATHER SERVICE MELBOURNE FL
743 AM EDT WED OCT 1 2014

...................................

...THE DAYTONA BEACH CLIMATE SUMMARY FOR THE MONTH OF SEPTEMBER 2014...

CLIMATE NORMAL PERIOD 1981 TO 2010
CLIMATE RECORD PERIOD 1923 TO 2014

WEATHER         OBSERVED          NORMAL  DEPART  LAST YEAR`S
                 VALUE   DATE(S)  VALUE   FROM    VALUE
                                          NORMAL
.............................................................
TEMPERATURE (F)
MONTHLY RECORD
 HOTTEST         82.4   1970
 COLDEST         76.0   1967
DAILY RECORD
 HIGH              99   09/05/1944
 LOW               52   09/27/1956
SEPTEMBER 2014
HIGHEST            92   09/01                         93
LOWEST             69   09/25                         68
                        09/21
AVG. MAXIMUM     87.0              86.9     0.1     87.7
AVG. MINIMUM     72.8              72.2     0.6     72.6
MEAN             79.9              79.5     0.4     80.1
DAYS MAX >= 90      5               4.4     0.6        8
DAYS MAX <= 32      0               0.0     0.0        0
DAYS MIN <= 32      0               0.0     0.0        0
DAYS MIN <= 0       0               0.0     0.0        0

PRECIPITATION (INCHES)
MONTHLY RECORD
 MAXIMUM        18.15   2014
 MINIMUM         0.42   1972
DAILY RECORD
 MAXIMUM         9.02   09/05/2004

SEPTEMBER 2014
TOTALS          18.15R              6.96   11.19     5.77
DAYS >= .01        17              13.5     3.5       14
DAYS >= .10        13               8.8     4.2        7
DAYS >= .50         7               4.1     2.9        4
DAYS >= 1.00        6               2.3     3.7        2
GREATEST
 24 HR. TOTAL    8.17   09/23 TO 09/24

SNOWFALL (INCHES)
TOTALS            0.0               0.0     0.0      0.0
SINCE 7/1         0.0               0.0     0.0      0.0
DAYS >= TRACE       0                                  0

DEGREE_DAYS
HEATING TOTAL       0                 0       0        0
 SINCE 7/1          0                 0       0        0
COOLING TOTAL     454               436      18      462
 SINCE 1/1       2646              2510     136     2658
..............................................................

WIND (MPH)
AVERAGE WIND SPEED              4.9
HIGHEST WIND SPEED/DIRECTION    23/260    DATE  09/16
HIGHEST GUST SPEED/DIRECTION    30/260    DATE  09/16

SKY COVER
POSSIBLE SUNSHINE (PERCENT)   MM
AVERAGE SKY COVER           0.60
NUMBER OF DAYS FAIR            1
NUMBER OF DAYS PC             20
NUMBER OF DAYS CLOUDY          9

AVERAGE RH (PERCENT)     82

WEATHER CONDITIONS. NUMBER OF DAYS WITH
THUNDERSTORM             10     MIXED PRECIP               0
HEAVY RAIN                8     RAIN                      13
LIGHT RAIN               18     LT FREEZING RAIN           0
HAIL                      0     LIGHT SNOW                 0
SLEET                     0     FOG                       21
FOG W/VIS <= 1/4 MILE     1     HAZE                       4

-  INDICATES NEGATIVE NUMBERS.
R  INDICATES RECORD WAS SET OR TIED.
MM INDICATES DATA IS MISSING.
T  INDICATES TRACE AMOUNT.

$$
