000
CXUS52 KMLB 011430
CLMDAB


CLIMATE REPORT
NATIONAL WEATHER SERVICE MELBOURNE FL
1018 AM EDT SUN MAY 1 2016

...................................

...THE DAYTONA BEACH CLIMATE SUMMARY FOR THE MONTH OF APRIL 2016...

CLIMATE NORMAL PERIOD 1981 TO 2010
CLIMATE RECORD PERIOD 1923 TO 2016

WEATHER         OBSERVED          NORMAL  DEPART  LAST YEAR`S
                 VALUE   DATE(S)  VALUE   FROM    VALUE
                                          NORMAL
.............................................................
TEMPERATURE (F)
MONTLY RECORD
 WARMEST         75.3   2015
 COOLEST         63.7   1950
DAILY RECORD
 HIGH              96   04/24/1968
 LOW               32   04/14/1940
HIGHEST            89   04/28                         90
                        04/01
LOWEST             50   04/10                         62
AVG. MAXIMUM     80.8              79.2     1.6     83.7
AVG. MINIMUM     61.8              58.6     3.2     66.9
MEAN             71.3              68.9     2.4     75.3
DAYS MAX >= 90      0               0.8    -0.8        1
DAYS MAX <= 32      0               0.0     0.0        0
DAYS MIN <= 32      0               0.0     0.0        0
DAYS MIN <= 0       0               0.0     0.0        0

PRECIPITATION (INCHES)
MONTHLY RECORD
 MAXIMUM         7.12   1949
 MINIMUM            T   1967
DAILY RECORD
 MAXIMUM         4.07   04/05/1931
APRIL 2016
TOTALS           2.16              2.18   -0.02     5.43
DAYS >= .01         8               5.8     2.2       13
DAYS >= .10         6               3.5     2.5        7
DAYS >= .50         3               1.3     1.7        4
DAYS >= 1.00        0               0.6    -0.6        2
GREATEST
 24 HR. TOTAL    1.04   04/13 TO 04/14

SNOWFALL (INCHES)
TOTALS            0.0               0.0     0.0      0.0
SINCE 7/1         0.0               0.0     0.0      0.0
DAYS >= TRACE       0                                  0

DEGREE_DAYS
HEATING TOTAL       5                28     -23        0
 SINCE 7/1        508               807    -299      682
COOLING TOTAL     204               145      59      315
 SINCE 1/1        434               287     147      545
..............................................................

WIND (MPH)
AVERAGE WIND SPEED              8.0
HIGHEST WIND SPEED/DIRECTION    31/240    DATE  04/02
HIGHEST GUST SPEED/DIRECTION    41/230    DATE  04/02

SKY COVER
POSSIBLE SUNSHINE (PERCENT)   MM
AVERAGE SKY COVER           0.50
NUMBER OF DAYS FAIR            9
NUMBER OF DAYS PC             19
NUMBER OF DAYS CLOUDY          2

AVERAGE RH (PERCENT)     70

WEATHER CONDITIONS. NUMBER OF DAYS WITH
THUNDERSTORM              5     MIXED PRECIP               0
HEAVY RAIN                4     RAIN                       4
LIGHT RAIN               11     LT FREEZING RAIN           0
HAIL                      0     LIGHT SNOW                 0
SLEET                     0     FOG                       17
FOG W/VIS <= 1/4 MILE     0     HAZE                       4

-  INDICATES NEGATIVE NUMBERS.
R  INDICATES RECORD WAS SET OR TIED.
MM INDICATES DATA IS MISSING.
T  INDICATES TRACE AMOUNT.

$$

ULRICH
