000
CXUS51 KILN 011240
CLMDAY


CLIMATE REPORT
NATIONAL WEATHER SERVICE WILMINGTON OH
738 AM EST THU DEC 1 2016

...................................

...THE DAYTON CLIMATE SUMMARY FOR THE MONTH OF NOVEMBER 2016...

CLIMATE NORMAL PERIOD 1981 TO 2010
CLIMATE RECORD PERIOD 1869 TO 2016

WEATHER         OBSERVED          NORMAL  DEPART  LAST YEAR`S
                 VALUE   DATE(S)  VALUE   FROM    VALUE  DATE(S)
                                          NORMAL
................................................................
TEMPERATURE (F)
RECORD
 HIGH              79   11/01/2016
                        11/09/1975
                        07/21/1934
 LOW               -2   11/30/1958
HIGHEST            79R  11/01        51      28       75  11/03
LOWEST             24   11/22        34     -10       19  11/22
AVG. MAXIMUM     57.4              51.1     6.3     57.3
AVG. MINIMUM     37.1              34.6     2.5     38.2
MEAN             47.2              42.8     4.4     47.8
DAYS MAX >= 90      0               0.0     0.0        0
DAYS MAX <= 32      0               1.2    -1.2        0
DAYS MIN <= 32      8              12.4    -4.4        8
DAYS MIN <= 0       0               0.0     0.0        0

PRECIPITATION (INCHES)
TOTALS           1.08              3.39   -2.31     2.44
DAILY AVG.       0.04              0.11   -0.07     0.08
DAYS >= .01         5              11.5    -6.5        9
DAYS >= .10         2               6.7    -4.7        6
DAYS >= .50         1               2.1    -1.1        2
DAYS >= 1.00        0               0.9    -0.9        0
GREATEST
 24 HR. TOTAL    0.72   11/28 TO 11/28           11/27 TO 11/28
                                                          11/22 TO 11/22
                                                          11/22 TO 11/22
 STORM TOTAL       MM                                 MM
 (MM/DD(HH))            MM                    11/28(00) TO 11/28(00)
                                                 11/22(00) TO 11/22(00)2
                                                 11/22(00) TO 11/22(00)2

SNOWFALL (INCHES)
TOTALS              T               0.6    -0.6        T
SINCE 7/1           T               1.0    -1.0        T
DAYS >= TRACE       1               1.1    -0.1        2
DAYS >= 1.0         0               0.2    -0.2        0
GREATEST
 24 HR TOTAL        T   11/19 TO 11/19           11/22 TO 11/22
                                                          11/22 TO 11/22
                                                          11/22 TO 11/22
 STORM TOTAL       MM                                 MM
 (MM/DD(HH))            MM                    11/22(00) TO 11/22(00)
                                                 11/22(00) TO 11/22(00)2
                                                 11/22(00) TO 11/22(00)2

DEGREE_DAYS
HEATING TOTAL     532               664    -132      512
 SINCE 7/1        773              1111    -338      836
COOLING TOTAL       5                 0       5        2
 SINCE 1/1       1247               891     356     1078
...................................................

WIND (MPH)
AVERAGE WIND SPEED              9.3
RESULTANT WIND SPEED/DIRECTION   4/234
HIGHEST WIND SPEED/DIRECTION    33/270    DATE  11/19
HIGHEST GUST SPEED/DIRECTION    42/280    DATE  11/19

SKY COVER
AVERAGE SKY COVER           0.50

AVERAGE RH (PERCENT)     69

WEATHER CONDITIONS. NUMBER OF DAYS WITH
THUNDERSTORM              0     MIXED PRECIP               0
HEAVY RAIN                0     RAIN                       2
LIGHT RAIN                9     FREEZING RAIN              0
LT FREEZING RAIN          0     HAIL                       0
HEAVY SNOW                0     SNOW                       0
LIGHT SNOW                1     SLEET                      0
FOG                      16     FOG W/VIS <= 1/4 MILE      0
HAZE                      6

-  INDICATES NEGATIVE NUMBERS.
R  INDICATES RECORD WAS SET OR TIED.
MM INDICATES DATA IS MISSING.
T  INDICATES TRACE AMOUNT.

$$
