000
CXUS55 KBOU 011338
CLMDEN

CLIMATE REPORT
NATIONAL WEATHER SERVICE DENVER/BOULDER CO
638 AM MST THU DEC 1 2016

...................................

...THE DENVER CO CLIMATE SUMMARY FOR THE MONTH OF NOVEMBER 2016...

CLIMATE NORMAL PERIOD 1981 TO 2010
CLIMATE RECORD PERIOD 1872 TO 2016

WEATHER         OBSERVED          NORMAL  DEPART  LAST YEAR`S
                 VALUE   DATE(S)  VALUE   FROM    VALUE  DATE(S)
                                          NORMAL
................................................................
TEMPERATURE (F)
RECORD
 HIGH              80   11/16/2016
                        11/08/2006
 LOW              -18   11/29/1877
HIGHEST            80R  11/16        73       7       75  11/03
LOWEST             10   11/30         6       4        3  11/27
AVG. MAXIMUM     59.9              52.1     7.8     51.2
AVG. MINIMUM     30.4              24.5     5.9     25.7
MEAN             45.1              38.3     6.8     38.5
DAYS MAX >= 90      0               0.0     0.0        0
DAYS MAX <= 32      1               2.3    -1.3        5
DAYS MIN <= 32     15              23.4    -8.4       24
DAYS MIN <= 0       0               0.6    -0.6        0

PRECIPITATION (INCHES)
RECORD
 MAXIMUM         3.21   1946
 MINIMUM            T   1899
                        1901
                        1949
TOTALS           0.52              0.61   -0.09     2.13
DAILY AVG.       0.02              0.02    0.00     0.07
DAYS >= .01         2               4.7    -2.7       11
DAYS >= .10         2               1.6     0.4        6
DAYS >= .50         0               0.0     0.0        1
DAYS >= 1.00        0               0.0     0.0        0
GREATEST
 24 HR. TOTAL    0.30   11/22 TO 11/22           11/04 TO 11/05

SNOWFALL (INCHES)
RECORDS
 TOTAL            1.7               8.7
RECORD NOVEMBER  42.5                      1946

DEGREE_DAYS
HEATING TOTAL     586               801    -215      789
 SINCE 7/1        896              1382    -486     1090
COOLING TOTAL       0                 0       0        0
 SINCE 1/1        878               769     109      877

FREEZE DATES
RECORD
 EARLIEST     09/08/1962
 LATEST       06/08/2007
EARLIEST                        10/07
LATEST                          05/05
......................................................

WIND (MPH)
AVERAGE WIND SPEED              9.8
RESULTANT WIND SPEED/DIRECTION   3/212
HIGHEST WIND SPEED/DIRECTION    33/270    DATE  11/24
HIGHEST GUST SPEED/DIRECTION    43/270    DATE  11/27

SKY COVER
POSSIBLE SUNSHINE (PERCENT)   MM
AVERAGE SKY COVER           0.40
NUMBER OF DAYS FAIR           14
NUMBER OF DAYS PC             12
NUMBER OF DAYS CLOUDY          4

AVERAGE RH (PERCENT)     45

WEATHER CONDITIONS. NUMBER OF DAYS WITH
THUNDERSTORM              0     MIXED PRECIP               0
HEAVY RAIN                0     RAIN                       1
LIGHT RAIN                1     FREEZING RAIN              0
LT FREEZING RAIN          0     HAIL                       0
HEAVY SNOW                1     SNOW                       1
LIGHT SNOW                2     SLEET                      0
FOG                       2     FOG W/VIS <= 1/4 MILE      1
HAZE                      1

-  INDICATES NEGATIVE NUMBERS.
R  INDICATES RECORD WAS SET OR TIED.
MM INDICATES DATA IS MISSING.
T  INDICATES TRACE AMOUNT.

..........NOVEMBER 2016...10TH WARMEST NOVEMBER ON RECORD...........

UPPER LEVEL HIGH PRESSURE WHICH DOMINATED THE ROCKY MOUNTAIN REGION
BROUGHT UNSEASONABLY WARM TEMPERATURES TO NORTH CENTRAL AND
NORTHEASTERN COLORADO THE FIRST HALF OF NOVEMBER. DENVER EXCEEDED 60
DEGREES EACH OF THE FIRST 16 DAYS OF THE MONTH WHILE REACHING OR
EXCEEDING 70 DEGREES 7 TIMES.

ON THE 16TH...DENVER REACHED 80 DEGREES WHICH IS THE LATEST EIGHTY
DEGREE TEMPERATURE EVER RECORDED IN DENVER WEATHER HISTORY AND FOR
THE MONTH OF NOVEMBER. THE ONLY OTHER NOVEMBER DAY IN WHICH THE
TEMPERATURE REACHED THE 80 DEGREE MARK WAS NOVEMBER 8TH 2006.
AS OF THE 16TH...DENVER WAS ON PACE TO BE THE 3RD WARMEST NOVEMBER
ON RECORD...WITH ONLY 1934 AND 1999 BEING WARMER. HOWEVER ON THE
17TH...THERE WAS A PATTERN CHANGE WITH A SERIES OF UPPER LEVEL
TROUGHS AND ASSOCIATED COLD FRONTS MOVING ACROSS THE STATE THE
SECOND HALF OF THE MONTH. AS A RESULT...BY MONTHS END DENVER DROPPED
INTO TENTH PLACE FOR WARMEST NOVEMBERS.

PRECIPITATION WAS SLIGHTLY BELOW NORMAL FOR THE MONTH WITH BELOW
NORMAL SNOWFALL. THE FIRST SNOWFALL FOR THE SEASON FELL ON THE 17TH
WHICH IS THIRD LATEST SNOWFALL IN DENVER WEATHER HISTORY. THE
LATEST SNOWFALL OCCURRED NOVEMBER 21ST, 1934.

TEMPERATURES:

THE AVERAGE TEMPERATURE AT DENVER INTERNATIONAL AIRPORT FOR THE
MONTH WAS 45.1 DEGREES F, WHICH WAS 6.8 DEGREES ABOVE NORMAL. THIS
MAKES NOVEMBER 2016 THE 10TH WARMEST ON RECORD. THE WARMEST NOVEMBER
ON RECORD OCCURRED IN 1949...WITH AN AVERAGE MONTHLY TEMPERATURE OF
50.9 DEGREES F. THE COLDEST NOVEMBER ON RECORD WAS 22.0 DEGREES F
WAY BACK IN 1880. ON THE 16TH...THE TEMPERATURE CLIMBED TO 80
DEGREES F WHICH EQUALED THE HIGHEST TEMPERATURE FOR THE MONTH OF
NOVEMBER...AND SET A NEW RECORD HIGH TEMPERATURE FOR THE DATE.. THE
COLDEST TEMPERATURE OF 10 DEGREES F OCCURRED ON THE MORNING OF THE
30TH.

FIFTEEN WARMEST NOVEMBER`S IN DENVER WEATHER HISTORY SINCE 1872:

50.9 1949
47.2 1999
46.2 1933...1914
45.9 1981...1927
45.6 1910...1901
45.5 1917
XX.X 2016
44.8 1899...1894
44.4 1934...1924
44.3 1954...1941

FIFTEEN COLDEST NOVEMBER`S IN DENVER WEATHER HISTORY SINCE 1872:

22.0 1880
28.9 2000
29.7 1985
31.5 1929
32.3 1952
32.5 1889
32.8 1972
33.0 1886
33.1 1872
33.3 1979
33.9 1992
34.6 1919
34.7 1993...1991...1961

PRECIPITATION:

PRECIPITATION FOR THE MONTH OF NOVEMBER AT DENVER INTERNATIONAL
AIRPORT WAS 0.52 INCHES...WHICH IS 0.09 INCHES BELOW THE NORMAL OF
0.61 INCHES. THERE WERE ONLY 2 DAYS WITH MEASURABLE PRECIPITATION
DURING THE MONTH. 0.30 INCHES OF PRECIPITATION FELL ON THE 22ND
...WHICH IS THE GREATEST DAILY AMOUNT FOR THE MONTH. 1.7 INCHES OF
SNOW WAS MEASURED DURING THE MONTH WHICH IS 7.0 INCHES BELOW NORMAL.

TEN WETTEST NOVEMBER`S IN DENVER WEATHER HISTORY SINCE 1872:

3.21 INCHES 1946
2.67 INCHES 1991
2.63 INCHES 1983
2.13 INCHES 2015
1.95 INCHES 1922
1.93 INCHES 1886
1.88 INCHES 1975
1.74 INCHES 1908
1.69 INCHES 1972
1.68 INCHES 1881

ELEVEN DRIEST NOVEMBER`S IN DENVER WEATHER HISTORY SINCE 1872:

TRACE       1949...1901...1899
0.01 INCHES 1939
0.03 INCHES 1917
0.04 INCHES 1905...1904
0.05 INCHES 2003
0.07 INCHES 1903
0.08 INCHES 1920...1874

TEN SNOWIEST NOVEMBER`S IN DENVER WEATHER HISTORY SINCE 1872:

42.5 INCHES 1946
29.9 INCHES 1991
29.3 INCHES 1983
23.1 INCHES 1929...1928
22.9 INCHES 1908
22.3 INCHES 1979
21.3 INCHES 1956
20.1 INCHES 1992
19.4 INCHES 1972

TEN LEAST SNOWIEST NOVEMBER`S IN DENVER WEATHER HISTORY SINCE 1872:

0.0 INCHES  1949
TRACE       2014...2005...1939...1917...1905...1901...1899...1884
0.3 INCHES  1883

THERE WERE NO DAYS IN WHICH THUNDER WAS OBSERVED AT DENVER
INTERNATIONAL AIRPORT....AND ONLY 1 DAY WITH DENSE FOG WITH A
VISIBILITY AT OR BELOW 1/4 MILE DURING THE MONTH. THE PEAK WIND GUST
OF 43 MPH FROM THE WEST OCCURRED ON THE 27TH.
$$
