000
CXUS54 KFWD 010835
CLMDFW


CLIMATE REPORT
NATIONAL WEATHER SERVICE FORT WORTH TX
332 AM CDT MON AUG 1 2016

...................................

...THE DALLAS FORT WORTH CLIMATE SUMMARY FOR THE MONTH OF JULY 2016...

CLIMATE NORMAL PERIOD 1981 TO 2010
CLIMATE RECORD PERIOD 1898 TO 2016

WEATHER         OBSERVED          NORMAL  DEPART  LAST YEAR`S
                 VALUE   DATE(S)  VALUE   FROM    VALUE  DATE(S)
                                          NORMAL
................................................................
TEMPERATURE (F)
RECORD
 HIGH             110   07/12/1998
                        07/18/1980
                        07/02/1980
 LOW               56   07/05/1924
                        07/10/1905
HIGHEST           100   07/25       103      -3      104  07/30
                        07/24
                        07/23
LOWEST             71   07/15        68       3       73  07/10
AVG. MAXIMUM     96.9              95.6     1.3     96.4
AVG. MINIMUM     77.8              75.1     2.7     77.8
MEAN             87.4              85.3     2.1     87.1
DAYS MAX >= 90     31              27.4     3.6       30
DAYS MAX <= 32      0               0.0     0.0        0
DAYS MAX >= 100     4                                  4
DAYS MIN <= 32      0               0.0     0.0        0
DAYS MIN <= 0       0               0.0     0.0        0
DAYS MIN >= 80      7                                  7

PRECIPITATION (INCHES)
RECORD
 MAXIMUM        11.13   1973
 MINIMUM         0.00   1993
TOTALS           3.89              2.16    1.73     0.92
DAILY AVG.       0.13              0.07    0.06     0.03
DAYS >= .01         6               4.5     1.5        1
DAYS >= .10         3               3.1    -0.1        1
DAYS >= .50         1               1.5    -0.5        1
DAYS >= 1.00        1               0.7     0.3        0
GREATEST
 24 HR. TOTAL    3.31   07/04 TO 07/05              0.92

DEGREE_DAYS
HEATING TOTAL       0                 0       0        0
 SINCE 7/1          0                 0       0        0
COOLING TOTAL     701               631      70      694
 SINCE 1/1       1698              1544     154     1533
.................................................................

WIND (MPH)
AVERAGE WIND SPEED              11.7
HIGHEST WIND SPEED/DIRECTION    46/010    DATE  07/09
HIGHEST GUST SPEED/DIRECTION    59/310    DATE  07/04

SKY COVER
POSSIBLE SUNSHINE (PERCENT)   MM
AVERAGE SKY COVER           0.40
NUMBER OF DAYS FAIR           14
NUMBER OF DAYS PC             16
NUMBER OF DAYS CLOUDY          1

AVERAGE RH (PERCENT)     59

WEATHER CONDITIONS. NUMBER OF DAYS WITH
THUNDERSTORM              8     MIXED PRECIP               0
HEAVY RAIN                3     RAIN                       4
LIGHT RAIN                6     FREEZING RAIN              0
LT FREEZING RAIN          0     HAIL                       0
HEAVY SNOW                0     SNOW                       0
LIGHT SNOW                0     SLEET                      0
FOG                       2     FOG W/VIS <= 1/4 MILE      0
HAZE                      2

-  INDICATES NEGATIVE NUMBERS.
R  INDICATES RECORD WAS SET OR TIED.
MM INDICATES DATA IS MISSING.
T  INDICATES TRACE AMOUNT.

$$
