000
CXUS53 KEAX 020351
CLMDMO

CLIMATE REPORT
NATIONAL WEATHER SERVICE KANSAS CITY/PLEASANT HILL MO
1044 PM CDT THU JUN 1 2017

...................................

...THE SEDALIA CLIMATE SUMMARY FOR THE MONTH OF MAY 2017...

CLIMATE NORMAL PERIOD 1981 TO 2010
CLIMATE RECORD PERIOD 9999 TO 9999

WEATHER         OBSERVED          NORMAL  DEPART  LAST YEAR`S
                 VALUE   DATE(S)  VALUE   FROM    VALUE  DATE(S)
                                          NORMAL
................................................................
TEMPERATURE (F)
HIGHEST            88   05/18        87       1       87  05/26
                        05/15                             05/07
LOWEST             43   05/01        39       4       42  05/15
AVG. MAXIMUM     76.4              75.8     0.6     74.7
AVG. MINIMUM     55.7              55.6     0.1     54.0
MEAN             66.1              65.7     0.4     64.4
DAYS MAX >= 90      0               0.3    -0.3        0
DAYS MAX <= 32      0               0.0     0.0        0
DAYS MIN <= 32      0               0.3    -0.3        0
DAYS MIN <= 0       0               0.0     0.0        0

PRECIPITATION (INCHES)
TOTALS           3.98              4.69   -0.71     4.51
DAILY AVG.       0.13              0.15   -0.02     0.15
DAYS >= .01        13              11.8     1.2       14
DAYS >= .10         6               7.4    -1.4        7
DAYS >= .50         3               3.6    -0.6        3
DAYS >= 1.00        2               1.6     0.4        2
GREATEST
 24 HR. TOTAL    1.41   05/19 TO 05/19

DEGREE_DAYS
HEATING TOTAL      72                83     -11      110
 SINCE 7/1       3604              4565    -961     3680
COOLING TOTAL     113               105       8       98
 SINCE 1/1        163               139      24      122
.................................................................

WIND (MPH)
AVERAGE WIND SPEED              9.8
HIGHEST WIND SPEED/DIRECTION    40/200    DATE  05/17
HIGHEST GUST SPEED/DIRECTION    51/220    DATE  05/17

SKY COVER
POSSIBLE SUNSHINE (PERCENT)   MM
AVERAGE SKY COVER           0.30
NUMBER OF DAYS FAIR           18
NUMBER OF DAYS PC              9
NUMBER OF DAYS CLOUDY          4

AVERAGE RH (PERCENT)     71

WEATHER CONDITIONS. NUMBER OF DAYS WITH
THUNDERSTORM              7     MIXED PRECIP               0
HEAVY RAIN                3     RAIN                       5
LIGHT RAIN               14     FREEZING RAIN              0
LT FREEZING RAIN          0     HAIL                       0
HEAVY SNOW                0     SNOW                       0
LIGHT SNOW                0     SLEET                      0
FOG                      11     FOG W/VIS <= 1/4 MILE      1
HAZE                      1

-  INDICATES NEGATIVE NUMBERS.
R  INDICATES RECORD WAS SET OR TIED.
MM INDICATES DATA IS MISSING.
T  INDICATES TRACE AMOUNT.

$$
