000
CXUS52 KCAE 011807
CLMDNL


CLIMATE REPORT
NATIONAL WEATHER SERVICE COLUMBIA SC
202 PM EDT THU JUN 1 2017

...................................

...THE AUGUSTA DANIEL FIELD GA CLIMATE SUMMARY FOR THE MONTH OF MAY 2017...

CLIMATE NORMAL PERIOD 1981 TO 2010
CLIMATE RECORD PERIOD 9999 TO 9999

WEATHER         OBSERVED          NORMAL  DEPART
                 VALUE   DATE(S)  VALUE   FROM
                                          NORMAL
................................................
TEMPERATURE (F)
HIGHEST            94   05/29        MM      MM
                        05/16
LOWEST             49R  05/06        MM      MM
AVG. MAXIMUM     85.3              83.4     1.9
AVG. MINIMUM     65.3              62.4     2.9
MEAN             75.3              72.9     2.4
DAYS MAX >= 90     13               4.6     8.4
DAYS MAX <= 32      0               0.0     0.0
DAYS MIN <= 32      0               0.0     0.0
DAYS MIN <= 0       0               0.0     0.0

PRECIPITATION (INCHES)
TOTALS           4.18              3.18    1.00
DAYS >= .01        11                MM      MM
DAYS >= .10         9                MM      MM
DAYS >= .50         4                MM      MM
DAYS >= 1.00        1                MM      MM
GREATEST
 24 HR. TOTAL    1.27   05/24 TO 05/24

SNOWFALL (INCHES)
DAYS >= TRACE       0

DEGREE_DAYS
HEATING TOTAL       6                11      -5
 SINCE 7/1       1245              2170    -925
COOLING TOTAL     334               256      78
 SINCE 1/1        649               357     292
.................................................

WIND (MPH)
AVERAGE WIND SPEED              6.1
RESULTANT WIND SPEED/DIRECTION   2/210
HIGHEST WIND SPEED/DIRECTION    25/170    DATE  05/24
HIGHEST GUST SPEED/DIRECTION    40/160    DATE  05/24

SKY COVER
POSSIBLE SUNSHINE (PERCENT)   MM
AVERAGE SKY COVER           0.30
NUMBER OF DAYS FAIR           21
NUMBER OF DAYS PC              6
NUMBER OF DAYS CLOUDY          4

AVERAGE RH (PERCENT)     58

WEATHER CONDITIONS. NUMBER OF DAYS WITH
THUNDERSTORM              4     MIXED PRECIP               0
HEAVY RAIN                8     RAIN                       6
LIGHT RAIN               12     FREEZING RAIN              0
LT FREEZING RAIN          0     HAIL                       0
HEAVY SNOW                0     SNOW                       0
LIGHT SNOW                0     SLEET                      0
FOG                       8     FOG W/VIS <= 1/4 MILE      0
HAZE                      7

-  INDICATES NEGATIVE NUMBERS.
R  INDICATES RECORD WAS SET OR TIED.
MM INDICATES DATA IS MISSING.
T  INDICATES TRACE AMOUNT.

$$
