000
CXUS53 KDMX 011503
CLMDSM

CLIMATE REPORT
NATIONAL WEATHER SERVICE DES MOINES IA
958 AM CDT THU SEP 1 2016

...................................

...THE DES MOINES IA CLIMATE SUMMARY FOR THE MONTH OF AUGUST 2016...

CLIMATE NORMAL PERIOD 1981 TO 2010
CLIMATE RECORD PERIOD 1878 TO 2016

WEATHER         OBSERVED          NORMAL  DEPART  LAST YEAR`S
                 VALUE   DATE(S)  VALUE   FROM    VALUE  DATE(S)
                                          NORMAL
................................................................
TEMPERATURE (F)
RECORD
 HIGH             110   08/04/1918
 LOW               40   08/20/1950
                        08/24/1891
HIGHEST            95   08/04        96      -1       93  08/02
LOWEST             57   08/21        53       4       53  08/26
                                                          08/25
                                                          08/24
AVG. MAXIMUM     84.6              83.8     0.8     82.1
AVG. MINIMUM     67.5              64.8     2.7     64.2
MEAN             76.0              74.3     1.7     73.1
DAYS MAX >= 90      6               5.5     0.5        2
DAYS MAX <= 32      0               0.0     0.0        0
DAYS MIN <= 32      0               0.0     0.0        0
DAYS MIN <= 0       0               0.0     0.0        0

PRECIPITATION (INCHES)
RECORD
 MAXIMUM        13.68   1977
 MINIMUM         0.14   1909
TOTALS           5.64              4.13    1.51     4.25
DAILY AVG.       0.18              0.13    0.05     0.14
DAYS >= .01        14               9.1     4.9       11
DAYS >= .10        10               6.4     3.6        4
DAYS >= .50         4               2.7     1.3        3
DAYS >= 1.00        1               1.3    -0.3        1

SNOWFALL (INCHES)
RECORDS
 TOTAL             MM   5
TOTALS            0.0               0.0     0.0      0.0
SINCE 7/1         0.0               0.0     0.0      0.0
SNOWDEPTH AVG.      0                MM      MM        0
DAYS >= 1.0         0               0.0     0.0        0
GREATEST
 SNOW DEPTH         0   MM                             0  MM
 24 HR TOTAL      0.0   08/31 TO 08/31

DEGREE_DAYS
HEATING TOTAL       0                 5      -5        2
 SINCE 7/1          0                 6      -6        2
COOLING TOTAL     352               293      59      262
 SINCE 1/1       1197               939     258      952
.................................................................

WIND (MPH)
AVERAGE WIND SPEED              7.5
HIGHEST WIND SPEED/DIRECTION    36/180    DATE  08/10
HIGHEST GUST SPEED/DIRECTION    61/190    DATE  08/10

SKY COVER
POSSIBLE SUNSHINE (PERCENT)   MM
AVERAGE SKY COVER           0.60
NUMBER OF DAYS FAIR            6
NUMBER OF DAYS PC             16
NUMBER OF DAYS CLOUDY          9

AVERAGE RH (PERCENT)     74

WEATHER CONDITIONS. NUMBER OF DAYS WITH
THUNDERSTORM              0     MIXED PRECIP               0
HEAVY RAIN                7     RAIN                       7
LIGHT RAIN               16     FREEZING RAIN              0
LT FREEZING RAIN          0     HAIL                       0
HEAVY SNOW                0     SNOW                       0
LIGHT SNOW                0     SLEET                      0
FOG                      16     FOG W/VIS <= 1/4 MILE      1
HAZE                      3

-  INDICATES NEGATIVE NUMBERS.
R  INDICATES RECORD WAS SET OR TIED.
MM INDICATES DATA IS MISSING.
T  INDICATES TRACE AMOUNT.

$$
