000
CXUS55 KTWC 011651 RRA
CLMDUG

CLIMATE REPORT
NATIONAL WEATHER SERVICE TUCSON AZ
949 AM MST WED FEB 1 2017

...................................

...THE DOUGLAS AZ CLIMATE SUMMARY FOR THE MONTH OF JANUARY 2017...

CLIMATE NORMAL PERIOD 1981 TO 2010
CLIMATE RECORD PERIOD 1948 TO 2017

WEATHER         OBSERVED          NORMAL  DEPART  LAST YEAR`S
                 VALUE   DATE(S)  VALUE   FROM    VALUE  DATE(S)
                                          NORMAL
................................................................
TEMPERATURE (F)
RECORD
 HIGH              82   01/17/2000
 LOW                6   01/04/1949
HIGHEST            79   01/09        74       5       74  01/30
LOWEST             19   01/26        17       2       17  01/14
                                                          01/13
AVG. MAXIMUM     61.8              62.8    -1.0     61.4
AVG. MINIMUM     29.5              29.7    -0.2     25.3
MEAN             45.6              46.2    -0.6     43.4
DAYS MAX >= 90      0               0.0     0.0        0
DAYS MAX <= 32      0               0.0     0.0        0
DAYS MIN <= 32     20              20.2    -0.2       27
DAYS MIN <= 0       0               0.0     0.0        0

PRECIPITATION (INCHES)
RECORD
 MAXIMUM         3.20   1993
 MINIMUM         0.00   1986
                        1967
                        1959
TOTALS           1.24              0.74    0.50     1.16
DAILY AVG.       0.04              0.02    0.02     0.04
DAYS >= .01         6               4.9     1.1        4
DAYS >= .10         4               1.7     2.3        2
DAYS >= .50         0               0.3    -0.3        2
DAYS >= 1.00        0               0.1    -0.1        0
GREATEST
 24 HR. TOTAL    0.63   01/20 TO 01/21           01/04 TO 01/05
                                                          01/05 TO 01/05
                                                          01/05 TO 01/05

DEGREE_DAYS
HEATING TOTAL     593               581      12      662
 SINCE 7/1       1433              1605    -172     1778
......................................................

WIND (MPH)
AVERAGE WIND SPEED              7.2
HIGHEST WIND SPEED/DIRECTION    43/280    DATE  01/21
HIGHEST GUST SPEED/DIRECTION    54/290    DATE  01/21

AVERAGE RH (PERCENT)     57

WEATHER CONDITIONS. NUMBER OF DAYS WITH
THUNDERSTORM              0     MIXED PRECIP               0
HEAVY RAIN                3     RAIN                       4
LIGHT RAIN                6     FREEZING RAIN              0
LT FREEZING RAIN          0     HAIL                       0
HEAVY SNOW                0     SNOW                       0
LIGHT SNOW                0     SLEET                      0
FOG                       5     FOG W/VIS <= 1/4 MILE      0
HAZE                      0

-  INDICATES NEGATIVE NUMBERS.
R  INDICATES RECORD WAS SET OR TIED.
MM INDICATES DATA IS MISSING.
T  INDICATES TRACE AMOUNT.

$$
