000
CXUS55 KTWC 011609
CLMDUG

CLIMATE REPORT
NATIONAL WEATHER SERVICE TUCSON AZ
909 AM MST FRI APR 1 2016

...................................

...THE DOUGLAS AZ CLIMATE SUMMARY FOR THE MONTH OF MARCH 2016...

CLIMATE NORMAL PERIOD 1981 TO 2010
CLIMATE RECORD PERIOD 1948 TO 2016

WEATHER         OBSERVED          NORMAL  DEPART  LAST YEAR`S
                 VALUE   DATE(S)  VALUE   FROM    VALUE  DATE(S)
                                          NORMAL
................................................................
TEMPERATURE (F)
RECORD
 HIGH              92   03/12/1989
                        03/11/1989
 LOW               13   03/04/1951
HIGHEST            85   03/21        83       2       87  03/28
                        03/04
                        03/02
LOWEST             22   03/24        24      -2       28  03/05
AVG. MAXIMUM     76.3              72.1     4.2     72.8
AVG. MINIMUM     35.9              37.0    -1.1     41.8
MEAN             56.1              54.5     1.6     57.3
DAYS MAX >= 90      0               0.1    -0.1        0
DAYS MAX <= 32      0               0.0     0.0        0
DAYS MIN <= 32      8               6.9     1.1        2
DAYS MIN <= 0       0               0.0     0.0        0

PRECIPITATION (INCHES)
RECORD
 MAXIMUM         2.17   1992
 MINIMUM         0.00   2011
                        2008
                        1984
TOTALS           0.19              0.50   -0.31     0.92
DAILY AVG.       0.01              0.02   -0.01     0.03
DAYS >= .01         1               3.5    -2.5        3
DAYS >= .10         1               1.6    -0.6        2
DAYS >= .50         0               0.1    -0.1        0
DAYS >= 1.00        0               0.0     0.0        0
GREATEST
 24 HR. TOTAL    0.19   03/07 TO 03/08           03/18 TO 03/18
                        03/08 TO 03/08                    03/18 TO 03/18
                        03/08 TO 03/09                    03/18 TO 03/18

DEGREE_DAYS
HEATING TOTAL     267               325     -58      238
 SINCE 7/1       2439              2361      78     2076
COOLING TOTAL       0                 1      -1        4
 SINCE 1/1          0                 1      -1        4
.........................................................

WIND (MPH)
AVERAGE WIND SPEED              8.9
HIGHEST WIND SPEED/DIRECTION    37/260    DATE  03/22
HIGHEST GUST SPEED/DIRECTION    46/270    DATE  03/22

AVERAGE RH (PERCENT)     29

WEATHER CONDITIONS. NUMBER OF DAYS WITH
THUNDERSTORM              0     MIXED PRECIP               0
HEAVY RAIN                1     RAIN                       1
LIGHT RAIN                2     FREEZING RAIN              0
LT FREEZING RAIN          0     HAIL                       0
HEAVY SNOW                0     SNOW                       0
LIGHT SNOW                0     SLEET                      0
FOG                       2     FOG W/VIS <= 1/4 MILE      1
HAZE                      0

-  INDICATES NEGATIVE NUMBERS.
R  INDICATES RECORD WAS SET OR TIED.
MM INDICATES DATA IS MISSING.
T  INDICATES TRACE AMOUNT.

$$
