807
CXUS53 KDVN 012103 RRA
CLMDVN

CLIMATE REPORT...RETRANSMISSION
NATIONAL WEATHER SERVICE QUAD CITIES IA IL
303 PM CST WED MAR 1 2017

...................................

...THE DAVENPORT IA CLIMATE SUMMARY FOR THE MONTH OF FEBRUARY 2017...

CLIMATE NORMAL PERIOD 1981 TO 2010
CLIMATE RECORD PERIOD 9999 TO 9999

WEATHER         OBSERVED          NORMAL  DEPART
                 VALUE   DATE(S)  VALUE   FROM
                                          NORMAL
................................................
TEMPERATURE (F)
HIGHEST            72   02/22        40      32
LOWEST              6   02/09        14      -8
AVG. MAXIMUM     47.9              34.4    13.5
AVG. MINIMUM     25.6              17.8     7.8
MEAN             36.8              26.1    10.7
DAYS MAX >= 90      0
DAYS MAX <= 32      5
DAYS MIN <= 32     22
DAYS MIN <= 0       0

PRECIPITATION (INCHES)
TOTALS           0.81              1.34   -0.53
DAILY AVG.       0.03              0.05   -0.02
DAYS >= .01         7
DAYS >= .10         3
DAYS >= .50         0
DAYS >= 1.00        0
GREATEST
 24 HR. TOTAL    0.35   02/20 TO 02/20
                        02/20 TO 02/21

SNOWFALL (INCHES)
TOTALS            2.0
SINCE 7/1        19.1
SNOWDEPTH AVG.      0
DAYS >= TRACE       5
DAYS >= 1.0         1
GREATEST
 SNOW DEPTH         1   02/25
                        02/09
                        02/08
 24 HR TOTAL      1.2   02/08 TO 02/08

DEGREE_DAYS
HEATING TOTAL     784              1089    -305
 SINCE 7/1       4056              5025    -969
COOLING TOTAL       0                 0       0
 SINCE 1/1          0                 0       0
.................................................

WIND (MPH)
AVERAGE WIND SPEED              11.3
HIGHEST WIND SPEED/DIRECTION    35/320    DATE  02/12
HIGHEST GUST SPEED/DIRECTION    43/320    DATE  02/12

SKY COVER
POSSIBLE SUNSHINE (PERCENT)   MM
AVERAGE SKY COVER           0.30
NUMBER OF DAYS FAIR           19
NUMBER OF DAYS PC              7
NUMBER OF DAYS CLOUDY          2

AVERAGE RH (PERCENT)     70

WEATHER CONDITIONS. NUMBER OF DAYS WITH
THUNDERSTORM              4     HAIL                       1
SLEET                     0     FOG                       11
FOG W/VIS <= 1/4 MILE     3     HAZE                       3

-  INDICATES NEGATIVE NUMBERS.
R  INDICATES RECORD WAS SET OR TIED.
MM INDICATES DATA IS MISSING.
T  INDICATES TRACE AMOUNT.

$$
