000
CXUS53 KGID 011939 AAB
CLMEAR

CLIMATE REPORT
NATIONAL WEATHER SERVICE HASTINGS NE
139 PM CST THU DEC 1 2016

...................................

...THE KEARNEY CLIMATE SUMMARY FOR THE MONTH OF NOVEMBER 2016...

CLIMATE NORMAL PERIOD 1981 TO 2010
CLIMATE RECORD PERIOD 1894 TO 2016

WEATHER         OBSERVED          NORMAL  DEPART  LAST YEAR`S
                 VALUE   DATE(S)  VALUE   FROM    VALUE  DATE(S)
                                          NORMAL
................................................................
TEMPERATURE (F)
HIGHEST            77   11/16        72       5       79  11/02
                        11/04                             11/01
LOWEST             21   11/19         7      14       18  11/27
AVG. MAXIMUM     57.0              49.2     7.8     52.7
AVG. MINIMUM     33.4              24.9     8.5     31.8
MEAN             45.2              37.0     8.2     42.2
DAYS MAX >= 90      0               0.0     0.0        0
DAYS MAX <= 32      0               3.4    -3.4        4
DAYS MIN <= 32     13              23.9   -10.9       18
DAYS MIN <= 0       0               0.3    -0.3        0

PRECIPITATION (INCHES)
TOTALS             MM              1.02      MM       MM
DAILY AVG.         MM              0.03      MM
DAYS >= .01        MM               4.9      MM
DAYS >= .10        MM               2.6      MM
DAYS >= .50        MM               0.6      MM
DAYS >= 1.00       MM               0.1      MM
GREATEST
 24 HR. TOTAL      MM

DEGREE_DAYS
HEATING TOTAL     586               839    -253      938
COOLING TOTAL       0                 0       M        0
.................................................................

WIND (MPH)
AVERAGE WIND SPEED              10.1
HIGHEST WIND SPEED/DIRECTION    30/320
HIGHEST GUST SPEED/DIRECTION    MM               MM

AVERAGE RH (PERCENT)     60


-  INDICATES NEGATIVE NUMBERS.
R  INDICATES RECORD WAS SET OR TIED.
MM INDICATES DATA IS MISSING.
T  INDICATES TRACE AMOUNT.

&&
THE PRECIPITATION DATA SHOWN ABOVE IS RECORDED BY THE AUTOMATED
WEATHER OBSERVING SYSTEM AT THE KEARNEY AIRPORT. THE
PRECIPITATION IS DEPICTED FOR A CALENDAR DAY FROM MIDNIGHT TO
MIDNIGHT. SNOWFALL IS NOT RECORDED BY THAT SYSTEM.

THE OFFICIAL PRECIPITATION...SNOWFALL...AND SNOW DEPTH
OBSERVATION FOR KEARNEY IS RECORDED DAILY BY THE
COOPERATIVE OBSERVER AT 7 AM.  THAT INFORMATION FOLLOWS...

...KEARNEY 4NE COOPERATIVE OBSERVER REPORT FOR NOVEMBER 2016...

PRECIPITATION (IN)
     MONTH TO DATE......................  1.56
     YEAR TO DATE....................... 20.97

SNOWFALL (IN)
     MONTH TO DATE......................  0.2
     SEASONAL TOTAL (SINCE JULY 1ST)....  0.2

$$
REED
