000
CXUS52 KAKQ 012140
CLMECG


CLIMATE REPORT
NATIONAL WEATHER SERVICE WAKEFIELD, VA
440 PM EST SUN FEB 1 2015

...................................

...THE ELIZABETH CITY NC CLIMATE SUMMARY FOR THE MONTH OF JANUARY 2015...

CLIMATE NORMAL PERIOD 1981 TO 2010
CLIMATE RECORD PERIOD 1934 TO 2015

WEATHER         OBSERVED          NORMAL  DEPART  LAST YEAR`S
                 VALUE   DATE(S)  VALUE   FROM    VALUE  DATE(S)
                                          NORMAL
................................................................
TEMPERATURE (F)
RECORD
 HIGH              80   01/30/2002
                        01/31/1950
                        01/28/1944
 LOW               -2   01/21/1985
HIGHEST            74   01/04        52      22       71  01/11
LOWEST             18   01/08        33     -15        7  01/30
AVG. MAXIMUM     51.5              50.9     0.6     48.0
AVG. MINIMUM     33.1              31.9     1.2     26.6
MEAN             42.3              41.4     0.9     37.3
DAYS MAX >= 90      0               0.0     0.0        0
DAYS MAX <= 32      1               0.9     0.1        5
DAYS MIN <= 32     14              16.6    -2.6       22
DAYS MIN <= 0       0               0.0     0.0        0

PRECIPITATION (INCHES)
RECORD
 MAXIMUM           MM   MM
 MINIMUM           MM   MM
TOTALS           4.01              3.26    0.75     2.17
DAILY AVG.       0.13              0.11    0.02     0.07
DAYS >= .01         9               8.6     0.4        9
DAYS >= .10         6               6.0     0.0        4
DAYS >= .50         4               1.6     2.4        1
DAYS >= 1.00        1               0.4     0.6        0
GREATEST
 24 HR. TOTAL    1.24   01/12 TO 01/13

SNOWFALL (INCHES)
RECORDS
 TOTAL             MM   MM
TOTALS              T
SINCE 7/1           T                MM      MM      9.5
SNOWDEPTH AVG.      0                MM      MM        1
DAYS >= 1.0         0                MM      MM        3
GREATEST
 SNOW DEPTH         T   01/27                          7  01/30
                                                          01/29
 24 HR TOTAL        T   01/27 TO 01/27           01/11 TO 01/11
                                                          01/11 TO 01/11
                                                          01/11 TO 01/11

DEGREE_DAYS
HEATING TOTAL     653               732     -79      850
 SINCE 7/1       1635              1887    -252     1969
COOLING TOTAL       2                 1       1        0
 SINCE 1/1          2                 0       2        0
..................................................

WIND (MPH)
AVERAGE WIND SPEED              9.1
HIGHEST WIND SPEED/DIRECTION    32/320    DATE  01/07
HIGHEST GUST SPEED/DIRECTION    38/330    DATE  01/07

SKY COVER
POSSIBLE SUNSHINE (PERCENT)   MM
AVERAGE SKY COVER           0.40

AVERAGE RH (PERCENT)     66

WEATHER CONDITIONS. NUMBER OF DAYS WITH
THUNDERSTORM              0     MIXED PRECIP               0
HEAVY RAIN                4     RAIN                       8
LIGHT RAIN               10     FREEZING RAIN              0
LT FREEZING RAIN          0     HAIL                       0
HEAVY SNOW                0     SNOW                       0
LIGHT SNOW                2     SLEET                      0
FOG                      13     FOG W/VIS <= 1/4 MILE      3
HAZE                      4

-  INDICATES NEGATIVE NUMBERS.
R  INDICATES RECORD WAS SET OR TIED.
MM INDICATES DATA IS MISSING.
T  INDICATES TRACE AMOUNT.

$$
