000
CXUS55 KLKN 011414
CLMEKO


CLIMATE REPORT
NATIONAL WEATHER SERVICE ELKO NV
602 AM PST THU DEC 1 2016

...................................

...THE ELKO AIRPORT NV CLIMATE SUMMARY FOR THE MONTH OF NOVEMBER 2016...

CLIMATE NORMAL PERIOD 1981 TO 2010
CLIMATE RECORD PERIOD 1888 TO 2016

WEATHER         OBSERVED          NORMAL  DEPART  LAST YEAR`S
                 VALUE   DATE(S)  VALUE   FROM    VALUE  DATE(S)
                                          NORMAL
................................................................
TEMPERATURE (F)
RECORD
 HIGH              83   11/07/1913
 LOW              -16   11/29/1896
HIGHEST            71   11/15        66       5       68  11/01
LOWEST             15   11/30         4      11       -6  11/30
AVG. MAXIMUM     54.9              48.2     6.7     42.3
AVG. MINIMUM     26.3              21.2     5.1     19.3
MEAN             40.6              34.7     5.9     30.8
DAYS MAX >= 90      0               0.0     0.0        0
DAYS MAX <= 32      0               2.1    -2.1        6
DAYS MIN <= 32     29              26.2     2.8       29
DAYS MIN <= 0       0               0.7    -0.7        4

PRECIPITATION (INCHES)
RECORD
 MAXIMUM         6.19   1909
 MINIMUM         0.00   1929
                        1894
                        1893
TOTALS           0.50              1.11   -0.61     1.42
DAILY AVG.       0.02              0.04   -0.02     0.05
DAYS >= .01         7               7.7    -0.7        8
DAYS >= .10         1               3.7    -2.7        4
DAYS >= .50         0               0.5    -0.5        0
DAYS >= 1.00        0               0.0     0.0        0
GREATEST
 24 HR. TOTAL    0.20   11/27 TO 11/28              0.81

SNOWFALL (INCHES)
RECORDS
 TOTAL           20.0   1930
TOTALS            5.5               5.0     0.5     12.2
SINCE 7/1         5.5               5.7    -0.2     12.2
SNOWDEPTH AVG.      0                                  1
DAYS >= TRACE       6               4.0     2.0        9
DAYS >= 1.0         3               2.0     1.0        5
DAYS >= 5.0         0                                  0
GREATEST
 SNOW DEPTH         2   11/29                          4
 24 HR TOTAL      2.0   11/28 TO 11/28               4.0

DEGREE_DAYS
HEATING TOTAL     724               909    -185     1019
 SINCE 7/1       1345              1738    -393     1481
COOLING TOTAL       0                 0       0        0
 SINCE 1/1        560               383     177      624
.................................................................

WIND (MPH)
AVERAGE WIND SPEED              5.0
HIGHEST WIND SPEED/DIRECTION    26/320    DATE  11/28
HIGHEST GUST SPEED/DIRECTION    36/160    DATE  11/19

AVERAGE RH (PERCENT)     59

WEATHER CONDITIONS. NUMBER OF DAYS WITH
THUNDERSTORM              0     MIXED PRECIP               0
HEAVY RAIN                0     RAIN                       0
LIGHT RAIN                2     FREEZING RAIN              0
LT FREEZING RAIN          0     HAIL                       0
HEAVY SNOW                1     SNOW                       2
LIGHT SNOW                6     SLEET                      0
FOG                       6     FOG W/VIS <= 1/4 MILE      1
HAZE                      4

-  INDICATES NEGATIVE NUMBERS.
R  INDICATES RECORD WAS SET OR TIED.
MM INDICATES DATA IS MISSING.
T  INDICATES TRACE AMOUNT.

&&

=====================================================================

...8TH WARMEST NOVEMBER ON RECORD IN ELKO WITH AN AVERAGE MONTHLY
   TEMPERATURE OF 40.6 DEGREES...

...RECORD DAILY MAXIMUM OF 70 DEGREES WAS TIED ON NOVEMBER 14...

$$

DS
