000
CXUS54 KEPZ 011149
CLMELP


CLIMATE REPORT
NATIONAL WEATHER SERVICE EL PASO, TX
445 AM MST WED FEB 1 2017

...................................

...THE EL PASO CLIMATE SUMMARY FOR THE MONTH OF JANUARY 2017...

CLIMATE NORMAL PERIOD 1981 TO 2010
CLIMATE RECORD PERIOD 1879 TO 2017

WEATHER         OBSERVED          NORMAL  DEPART  LAST YEAR`S
                 VALUE   DATE(S)  VALUE   FROM    VALUE  DATE(S)
                                          NORMAL
................................................................
TEMPERATURE (F)
RECORD
 HIGH              80   01/24/1970
 LOW               -8   01/11/1962
HIGHEST            72   01/11        59      13       73  01/30
                        01/09
LOWEST             26   01/07        29      -3       23  01/27
AVG. MAXIMUM     59.7              57.7     2.0     57.2
AVG. MINIMUM     37.9              32.5     5.4     33.4
MEAN             48.8              45.1     3.7     45.3
DAYS MAX >= 90      0               0.0     0.0        0
DAYS MAX <= 32      0               0.2    -0.2        0
DAYS MIN <= 32      8              14.5    -6.5       15
DAYS MIN <= 0       0               0.0     0.0        0

PRECIPITATION (INCHES)
RECORD
 MAXIMUM         1.84
 MINIMUM         0.00
TOTALS           1.05              0.40    0.65     0.46
DAYS >= .01         6                                  3
DAYS >= .10         3                                  2
DAYS >= .50         1                                  0
DAYS >= 1.00        0                                  0
GREATEST
 24 HR. TOTAL    0.57   01/14 TO 01/15
 STORM TOTAL       MM
 (MM/DD(HH))            MM

SNOWFALL (INCHES)
TOTALS              T                                  T
SNOWDEPTH AVG.      0                                  0
DAYS >= TRACE       3                                  3
GREATEST
 SNOW DEPTH         0   MM
 24 HR TOTAL        T   01/27 TO 01/27
 STORM TOTAL       MM
 (MM/DD(HH))            MM

DEGREE_DAYS
HEATING TOTAL     496               617    -121      602
 SINCE 7/1       1218              1685    -467     1491
COOLING TOTAL       0                 0       0        0
 SINCE 1/1          0                 0       0        0

FREEZE DATES
RECORD
 EARLIEST     10/16/1880
 LATEST       05/02/1967
EARLIEST                        12/06
LATEST                          02/07
.................................................................

WIND (MPH)
AVERAGE WIND SPEED              9.5
HIGHEST WIND SPEED/DIRECTION    51/260    DATE  01/21
HIGHEST GUST SPEED/DIRECTION    69/260    DATE  01/21

SKY COVER
POSSIBLE SUNSHINE (PERCENT)   MM
AVERAGE SKY COVER           0.40
NUMBER OF DAYS FAIR           14
NUMBER OF DAYS PC             15
NUMBER OF DAYS CLOUDY          2

AVERAGE RH (PERCENT)     45

WEATHER CONDITIONS. NUMBER OF DAYS WITH
THUNDERSTORM              4     MIXED PRECIP               0
HEAVY RAIN                1     RAIN                       3
LIGHT RAIN                7     FREEZING RAIN              0
LT FREEZING RAIN          0     HAIL                       1
HEAVY SNOW                0     SNOW                       0
LIGHT SNOW                2     SLEET                      1
FOG                       2     FOG W/VIS <= 1/4 MILE      1
HAZE                      1

-  INDICATES NEGATIVE NUMBERS.
R  INDICATES RECORD WAS SET OR TIED.
MM INDICATES DATA IS MISSING.
T  INDICATES TRACE AMOUNT.

$$
