542
CXUS55 KLKN 011414
CLMELY


CLIMATE REPORT
NATIONAL WEATHER SERVICE ELKO NV
602 AM PST THU DEC 1 2016

...................................

...THE ELY AIRPORT NV CLIMATE SUMMARY FOR THE MONTH OF NOVEMBER 2016...

CLIMATE NORMAL PERIOD 1981 TO 2010
CLIMATE RECORD PERIOD 1893 TO 2016

WEATHER         OBSERVED          NORMAL  DEPART  LAST YEAR`S
                 VALUE   DATE(S)  VALUE   FROM    VALUE  DATE(S)
                                          NORMAL
................................................................
TEMPERATURE (F)
RECORD
 HIGH              78   11/09/1906
 LOW              -20   11/25/2010
HIGHEST            71   11/15        66       5       68  11/01
LOWEST              3   11/17         0       3       -4  11/28
AVG. MAXIMUM     55.1              48.6     6.5     43.8
AVG. MINIMUM     20.8              18.7     2.1     15.1
MEAN             37.9              33.7     4.2     29.4
DAYS MAX >= 90      0               0.0     0.0        0
DAYS MAX <= 32      0               2.2    -2.2        7
DAYS MIN <= 32     28              28.0     0.0       28
DAYS MIN <= 0       0               1.3    -1.3        5

PRECIPITATION (INCHES)
RECORD
 MAXIMUM         2.40   1902
 MINIMUM         0.00   1894
TOTALS           0.50              0.70   -0.20     1.09
DAILY AVG.       0.02              0.02    0.00     0.04
DAYS >= .01         6               5.7     0.3        7
DAYS >= .10         3               2.2     0.8        5
DAYS >= .50         0               0.3    -0.3        0
DAYS >= 1.00        0               0.0     0.0        0
GREATEST
 24 HR. TOTAL    0.17   11/16 TO 11/16              0.68
                        11/15 TO 11/16
                        11/16 TO 11/16

SNOWFALL (INCHES)
RECORDS
 TOTAL           20.3   2010
TOTALS            5.9               6.1    -0.2     17.7
SINCE 7/1         5.9               9.5    -3.6     17.7
SNOWDEPTH AVG.      0                                  2
DAYS >= TRACE       7               4.4     2.6       11
DAYS >= 1.0         3               1.9     1.1        3
DAYS >= 5.0         0                                  1
GREATEST
 SNOW DEPTH         3   11/17                         13
 24 HR TOTAL      2.8   11/16 TO 11/16              12.3

DEGREE_DAYS
HEATING TOTAL     805               940    -135     1061
 SINCE 7/1       1553              1868    -315     1629
COOLING TOTAL       0                 0       0        0
 SINCE 1/1        267               218      49      329
.................................................................

WIND (MPH)
AVERAGE WIND SPEED              9.6
HIGHEST WIND SPEED/DIRECTION    38/150    DATE  11/20
HIGHEST GUST SPEED/DIRECTION    47/160    DATE  11/26

AVERAGE RH (PERCENT)     53

WEATHER CONDITIONS. NUMBER OF DAYS WITH
THUNDERSTORM              0     MIXED PRECIP               0
HEAVY RAIN                0     RAIN                       1
LIGHT RAIN                2     FREEZING RAIN              0
LT FREEZING RAIN          0     HAIL                       0
HEAVY SNOW                2     SNOW                       4
LIGHT SNOW                7     SLEET                      0
FOG                       6     FOG W/VIS <= 1/4 MILE      0
HAZE                      2

-  INDICATES NEGATIVE NUMBERS.
R  INDICATES RECORD WAS SET OR TIED.
MM INDICATES DATA IS MISSING.
T  INDICATES TRACE AMOUNT.

&&

=====================================================================

...RECORD DAILY MAXIMUM OF 71 DEGREES WAS SET ON NOVEMBER 15...
$$

DS
