000
CXUS52 KMHX 091821
CLMEWN


CLIMATE REPORT
NATIONAL WEATHER SERVICE NEWPORT/MOREHEAD CITY NC
219 PM EDT THU OCT 9 2014

...................................

...THE NEW BERN NC CLIMATE SUMMARY FOR THE MONTH OF SEPTEMBER 2014...

CLIMATE NORMAL PERIOD 1981 TO 2010
CLIMATE RECORD PERIOD 1948 TO 2014

WEATHER         OBSERVED          NORMAL  DEPART  LAST YEAR`S
                 VALUE   DATE(S)  VALUE   FROM    VALUE  DATE(S)
                                          NORMAL
................................................................
TEMPERATURE (F)
RECORD
 HIGH             101   09/06/1954
 LOW               43   09/30/1970
HIGHEST            96   09/02                         93  09/01
LOWEST             61   09/27                         53  09/25
                                                          09/24
AVG. MAXIMUM     83.9              82.9     1.0     83.1
AVG. MINIMUM     68.9              64.9     4.0     64.0
MEAN             76.4              73.9     2.5     73.5
DAYS MAX >= 90      7               3.1     3.9        4
DAYS MAX <= 32      0               0.0     0.0        0
DAYS MIN <= 32      0               0.0     0.0        0
DAYS MIN <= 0       0               0.0     0.0        0

PRECIPITATION (INCHES)
RECORD
 MAXIMUM        19.43   1955
 MINIMUM         0.52   1951
TOTALS           7.58              5.89    1.69     3.25
DAILY AVG.       0.25              0.20    0.05     0.11
DAYS >= .01        16               9.1     6.9        7
DAYS >= .10        11               6.2     4.8        5
DAYS >= .50         4               2.9     1.1        3
DAYS >= 1.00        2               1.7     0.3        1
GREATEST
 24 HR. TOTAL    2.21   09/12 TO 09/12

DEGREE_DAYS
COOLING TOTAL     350               274      76      268
 SINCE 1/1       2061              1803     258     1885
.................................................................

WIND (MPH)
AVERAGE WIND SPEED              5.4
RESULTANT WIND SPEED/DIRECTION   2/031
HIGHEST WIND SPEED/DIRECTION    18/200    DATE  09/04
HIGHEST GUST SPEED/DIRECTION    25/360    DATE  09/19

SKY COVER
POSSIBLE SUNSHINE (PERCENT)   MM
AVERAGE SKY COVER           0.40
NUMBER OF DAYS FAIR           13
NUMBER OF DAYS PC             13
NUMBER OF DAYS CLOUDY          4

AVERAGE RH (PERCENT)     75

WEATHER CONDITIONS. NUMBER OF DAYS WITH
THUNDERSTORM              4     MIXED PRECIP               0
HEAVY RAIN                9     RAIN                       9
LIGHT RAIN               17     FREEZING RAIN              0
LT FREEZING RAIN          0     HAIL                       0
HEAVY SNOW                0     SNOW                       0
LIGHT SNOW                0     SLEET                      0
FOG                      20     FOG W/VIS <= 1/4 MILE      3
HAZE                      5

-  INDICATES NEGATIVE NUMBERS.
R  INDICATES RECORD WAS SET OR TIED.
MM INDICATES DATA IS MISSING.
T  INDICATES TRACE AMOUNT.

$$
