000
CXUS52 KKEY 020305
CLMEYW

CLIMATE REPORT
NATIONAL WEATHER SERVICE KEY WEST, FL
1028 PM EDT THU JUN 1 2017

...................................

...THE KEY WEST CLIMATE SUMMARY FOR THE MONTH OF MAY 2017...

CLIMATE NORMAL PERIOD 1981 TO 2010
CLIMATE RECORD PERIOD 1871 TO 2017

WEATHER         OBSERVED          NORMAL  DEPART  LAST YEAR`S
                 VALUE   DATE(S)  VALUE   FROM    VALUE  DATE(S)
                                          NORMAL
................................................................
TEMPERATURE (F)
RECORD
 HIGH              93   05/31/1881
 LOW               63   05/02/1877
HIGHEST            90   05/27                         89  05/29
                        05/26
LOWEST             66   05/08                         63  05/08
AVG. MAXIMUM     85.8              85.0     0.8     85.0
AVG. MINIMUM     77.3              75.7     1.6     75.0
MEAN             81.6              80.3     1.3     80.0
DAYS MAX >= 90      2               0.3     1.7        0
DAYS MAX <= 32      0               0.0     0.0        0
DAYS MIN <= 32      0               0.0     0.0        0
DAYS MIN <= 0       0               0.0     0.0        0

PRECIPITATION (INCHES)
RECORD
 MAXIMUM        13.01   1904
 MINIMUM            T   1927
TOTALS           1.19              3.00   -1.81     2.87
DAILY AVG.       0.04              0.10   -0.06     0.09
DAYS >= .01         7               7.2    -0.2        9
DAYS >= .10         3               3.9    -0.9        6
DAYS >= .50         0               1.8    -1.8        1
DAYS >= 1.00        0               0.9    -0.9        1

SNOWFALL (INCHES)
RECORDS
 TOTAL
TOTALS            0.0               0.0     0.0      0.0
SINCE 7/1         0.0               0.0     0.0      0.0
SNOWDEPTH AVG.      0                                  0
DAYS >= 1.0         0               0.0     0.0        0
GREATEST
 SNOW DEPTH         0                                  0
 24 HR TOTAL      0.0   05/31 TO 05/31

DEGREE_DAYS
HEATING TOTAL       0                 0       0        0
 SINCE 7/1          5                73     -68       24
COOLING TOTAL     521               476      45      470
 SINCE 1/1       1755              1430     325     1491
.................................................................

WIND (MPH)
AVERAGE WIND SPEED              10.5
HIGHEST WIND SPEED/DIRECTION    30/310    DATE  05/24
HIGHEST GUST SPEED/DIRECTION    37/310    DATE  05/24

SKY COVER
POSSIBLE SUNSHINE (PERCENT)   MM
AVERAGE SKY COVER           0.20
NUMBER OF DAYS FAIR           27
NUMBER OF DAYS PC              3
NUMBER OF DAYS CLOUDY          0

AVERAGE RH (PERCENT)     74

WEATHER CONDITIONS. NUMBER OF DAYS WITH
THUNDERSTORM              4     MIXED PRECIP               0
HEAVY RAIN                5     RAIN                       3
LIGHT RAIN                7     FREEZING RAIN              0
LT FREEZING RAIN          0     HAIL                       0
HEAVY SNOW                0     SNOW                       0
LIGHT SNOW                0     SLEET                      0
FOG                       7     FOG W/VIS <= 1/4 MILE      0
HAZE                      1

-  INDICATES NEGATIVE NUMBERS.
R  INDICATES RECORD WAS SET OR TIED.
MM INDICATES DATA IS MISSING.
T  INDICATES TRACE AMOUNT.

$$

IT WAS ANOTHER WARMER THAN NORMAL MONTH IN KEY WEST AND FOR MUCH OF
THE FLORIDA KEYS, MARKING THE 12TH STRAIGHT MONTH WITH AN ABOVE
NORMAL AVERAGE TEMPERATURE AT 81.6F OR 1.3F ON THE PLUS SIDE. MAY
2017 WAS THE 19TH WARMEST MAY ON RECORD IN KEY WEST. THE AVERAGE LOW
TEMPERATURE OF 77.3F IN KEY WEST IS THE 10TH WARMEST ON RECORD.

RAINFALL WISE, KEY WEST OBSERVED 1.19", OR 1.81" BELOW NORMAL,
MAKING THE 4TH STRAIGHT YEAR WHERE THE MONTH OF MAY EXPERIENCED
BELOW NORMAL RAINFALL. THE LAST ABOVE NORMAL RAINFALL IN MAY WAS
BACK IN 2013 WHEN 8.84" WAS OBSERVED. THE HIGHEST DAILY RAINFALL FOR
THE MONTH WAS JUST 0.49", OCCURING ON MAY 24TH.

WITH MAY 2017 NOW IN THE BOOKS, LETS TAKE A QUICK LOOK BACK AT HOW
THE SPRING OF 2017 FINISHED. WITH AN AVERAGE TEMPERATURE OF 79.6F,
THIS SPRING FINISHED AS A TIE FOR THE 27TH WARMEST ON RECORD. AN
AVERAGE LOW TEMPERATURE OF 73.6F WAS OBSERVED, TYING AS THE 16TH
WARMEST ON RECORD. A TOTAL OF 6.00" WAS OBSERVED DURING MARCH,
APRIL, AND MAY, FINISHING 1.10" BELOW NORMAL. TEMPERATURE AND
PRECIPTATION RECORDS AT KEY WEST DATE BACK TO 1872 & 1871
RESPECTIVELY.

FLING
