919
CXUS52 KKEY 022100
CLMEYW

CLIMATE REPORT
NATIONAL WEATHER SERVICE KEY WEST, FL
351 PM EST TUE FEB 2 2016

...................................

...THE KEY WEST CLIMATE SUMMARY FOR THE MONTH OF JANUARY 2016...

CLIMATE NORMAL PERIOD 1981 TO 2010
CLIMATE RECORD PERIOD 1871 TO 2016

WEATHER         OBSERVED          NORMAL  DEPART  LAST YEAR`S
                 VALUE   DATE(S)  VALUE   FROM    VALUE  DATE(S)
                                          NORMAL
................................................................
TEMPERATURE (F)
RECORD
 HIGH              90   01/16/1877
 LOW               41   01/13/1981
                        01/12/1886
HIGHEST            84   01/02                         82  01/06
                        01/01                             01/05
                                                          01/04
LOWEST             54   01/25                         60  01/29
AVG. MAXIMUM     74.5              74.3     0.2     76.5
AVG. MINIMUM     65.5              64.2     1.3     67.9
MEAN             70.0              69.3     0.7     72.2
DAYS MAX >= 90      0               0.0     0.0        0
DAYS MAX <= 32      0               0.0     0.0        0
DAYS MIN <= 32      0               0.0     0.0        0
DAYS MIN <= 0       0               0.0     0.0        0

PRECIPITATION (INCHES)
RECORD
 MAXIMUM        17.64   1983
 MINIMUM            T   1990
TOTALS           3.36              2.04    1.32     1.03
DAILY AVG.       0.11              0.07    0.04     0.03
DAYS >= .01        15               6.2     8.8        6
DAYS >= .10         9               3.1     5.9        3
DAYS >= .50         1               0.9     0.1        1
DAYS >= 1.00        0               0.4    -0.4        0

SNOWFALL (INCHES)
RECORDS
 TOTAL
TOTALS            0.0               0.0     0.0      0.0
SINCE 7/1         0.0               0.0     0.0      0.0
SNOWDEPTH AVG.      0                                  0
DAYS >= 1.0         0               0.0     0.0        0
GREATEST
 SNOW DEPTH         0                                  0
 24 HR TOTAL      0.0   01/31 TO 01/31

DEGREE_DAYS
HEATING TOTAL      13                33     -20        0
 SINCE 7/1         13                51     -38        6
COOLING TOTAL     176               165      11      231
 SINCE 1/1        176               159      17      231
.................................................................

WIND (MPH)
AVERAGE WIND SPEED              10.9
HIGHEST WIND SPEED/DIRECTION    36/210    DATE  01/17
HIGHEST GUST SPEED/DIRECTION    45/180    DATE  01/22

SKY COVER
POSSIBLE SUNSHINE (PERCENT)   MM
AVERAGE SKY COVER           0.50
NUMBER OF DAYS FAIR           12
NUMBER OF DAYS PC             12
NUMBER OF DAYS CLOUDY          7

AVERAGE RH (PERCENT)     79

WEATHER CONDITIONS. NUMBER OF DAYS WITH
THUNDERSTORM              2     MIXED PRECIP               0
HEAVY RAIN                8     RAIN                       9
LIGHT RAIN               19     FREEZING RAIN              0
LT FREEZING RAIN          0     HAIL                       0
HEAVY SNOW                0     SNOW                       0
LIGHT SNOW                0     SLEET                      0
FOG                       8     FOG W/VIS <= 1/4 MILE      0
HAZE                      0

-  INDICATES NEGATIVE NUMBERS.
R  INDICATES RECORD WAS SET OR TIED.
MM INDICATES DATA IS MISSING.
T  INDICATES TRACE AMOUNT.

$$

BF
