000
CXUS52 KMFL 121549 CCA
CLMFLL

CLIMATE REPORT
NATIONAL WEATHER SERVICE MIAMI, FL
718 AM EDT WED NOV 1 2017

...................................

...THE FORT LAUDERDALE CLIMATE SUMMARY FOR THE MONTH OF OCTOBER 2017...

CLIMATE NORMAL PERIOD 1981 TO 2010
CLIMATE RECORD PERIOD 1912 TO 2017

WEATHER         OBSERVED          NORMAL  DEPART  LAST YEAR`S
                 VALUE   DATE(S)  VALUE   FROM    VALUE
                                          NORMAL
.............................................................
TEMPERATURE (F)
RECORD
 HIGH              95   10/02/1980
                        10/06/1925
 LOW               44   10/24/1923
HIGHEST            91   10/08                         90
LOWEST             55   10/30                         64
AVG. MAXIMUM     85.2              85.9    -0.7     85.0
AVG. MINIMUM     74.0              75.2    -1.2     75.2
MEAN             79.6              80.6    -1.0     80.1
DAYS MAX >= 90      2                                  1
DAYS MAX <= 32      0                                  0
DAYS MIN <= 32      0                                  0
DAYS MIN <= 0       0                                  0

PRECIPITATION (INCHES)
RECORD
 MAXIMUM        32.10   1924
 MINIMUM         0.73   2009
TOTALS           7.00              6.82    0.18     3.32
DAILY AVG.       0.23              0.22    0.01     0.11
DAYS >= .01        18                                 13
DAYS >= .10        13                                  7
DAYS >= .50         4                                  3
DAYS >= 1.00        1                                  1
GREATEST
 24 HR. TOTAL    2.18   10/28 TO 10/28              1.19

DEGREE_DAYS
HEATING TOTAL       2                 0       2        0
 SINCE 7/1          2                 0       2        0
COOLING TOTAL     461               482     -21      475
 SINCE 1/1       4359              4194     165     4223
..............................................................

WIND (MPH)
AVERAGE WIND SPEED              11.8
HIGHEST WIND SPEED/DIRECTION    33/090    DATE  10/04
HIGHEST GUST SPEED/DIRECTION    42/070    DATE  10/04

SKY COVER
POSSIBLE SUNSHINE (PERCENT)   MM
AVERAGE SKY COVER           0.60
NUMBER OF DAYS FAIR            2
NUMBER OF DAYS PC             22
NUMBER OF DAYS CLOUDY          7

AVERAGE RH (PERCENT)     78

WEATHER CONDITIONS. NUMBER OF DAYS WITH
THUNDERSTORM              7     MIXED PRECIP               0
HEAVY RAIN               11     RAIN                      10
LIGHT RAIN               17     FREEZING RAIN              0
LT FREEZING RAIN          0     HAIL                       0
HEAVY SNOW                0     SNOW                       0
LIGHT SNOW                0     SLEET                      0
FOG                      15     FOG W/VIS <= 1/4 MILE      0
HAZE                      0

-  INDICATES NEGATIVE NUMBERS.
R  INDICATES RECORD WAS SET OR TIED.
MM INDICATES DATA IS MISSING.
T  INDICATES TRACE AMOUNT.

..................................................................


.................DATA FOR HOLLYWOOD...OCTOBER 2017..............
.....NORMALS USED FOR COMPARISON ARE FORT LAUDERDALE AP (FLL).....


....TEMPERATURE DATA...

AVERAGE FOR THE MONTH .... 78.8 OR 1.8 DEGREES BELOW NORMAL.
AVERAGE MAXIMUM .......... 84.7 OR 1.2 DEGREES BELOW NORMAL.
AVERAGE MINIMUM .......... 72.9 OR 2.3 DEGREES BELOW NORMAL.

HIGHEST TEMPERATURE FOR THE MONTH: 91 DEGREES ON THE 9TH.
LOWEST  TEMPERATURE FOR THE MONTH: 54 DEGREES ON THE 31ST.


...PRECIPITATION...

TOTAL FOR THE MONTH 13.67 INCHES OR 6.85 INCHES  ABOVE NORMAL.
TOTAL FOR THE YEAR  71.91 INCHES OR 15.43 INCHES ABOVE NORMAL.
GREATEST 24-HOUR PERIOD RAINFALL 2.80 INCHES ON THE 29TH.

NUMBER OF DAYS HAVING 0.01 INCHES OR MORE ... 22.
NUMBER OF DAYS HAVING 0.10 INCHES OR MORE ... 18.
NUMBER OF DAYS HAVING 0.50 INCHES OR MORE ... 11.
NUMBER OF DAYS HAVING 1.00 INCHES OR MORE ...  5.

..................................................................

$$
