000
CXUS53 KIWX 011902
CLMFWA

CLIMATE REPORT
NATIONAL WEATHER SERVICE NORTHERN INDIANA
200 PM EST THU FEB 1 2018

...................................

...THE FORT WAYNE CLIMATE SUMMARY FOR THE MONTH OF JANUARY 2018...

CLIMATE NORMAL PERIOD 1981 TO 2010
CLIMATE RECORD PERIOD 1897 TO 2018

WEATHER         OBSERVED          NORMAL  DEPART  LAST YEAR`S
                 VALUE   DATE(S)  VALUE   FROM    VALUE  DATE(S)
                                          NORMAL
................................................................
TEMPERATURE (F)
RECORD
 HIGH              69   01/25/1950
 LOW              -24   01/12/1918
HIGHEST            59   01/11        MM      MM       63  01/22
                                                          01/21
LOWEST            -13   01/02        MM      MM        0  01/07
AVG. MAXIMUM     32.6              32.4     0.2     39.3
AVG. MINIMUM     17.7              17.4     0.3     26.8
MEAN             25.2              24.9     0.3
DAYS MAX >= 90      0               0.0     0.0        0
DAYS MAX <= 32     15              15.3    -0.3       10
DAYS MIN <= 32     28              27.4     0.6       20
DAYS MIN <= 0       7               3.4     3.6        1

PRECIPITATION (INCHES)
RECORD
 MAXIMUM         9.72   1950
 MINIMUM         0.39   1966
TOTALS           1.25              2.26   -1.01     4.71
DAILY AVG.       0.04              0.07   -0.03     0.15
DAYS >= .01        14              12.6     1.4       16
DAYS >= .10         4               5.4    -1.4        9
DAYS >= .50         0               1.2    -1.2        3
DAYS >= 1.00        0               0.3    -0.3        0
GREATEST
 24 HR. TOTAL    0.36   01/12 TO 01/12

SNOWFALL (INCHES)
RECORDS
 TOTAL           30.3   2014
TOTALS            7.2              10.1    -2.9      1.3
SINCE 7/1        18.6              20.7    -2.1     12.6
SNOWDEPTH AVG.      1                 4      -3        0
DAYS >= 1.0         2               3.1    -1.1        0
GREATEST
 SNOW DEPTH         4   01/07                          0
                        01/06
                        01/05
 24 HR TOTAL      2.6   01/15 TO 01/15

DEGREE_DAYS
HEATING TOTAL    1228              1243     -15      984
 SINCE 7/1       3450              3571    -121     2995
COOLING TOTAL       0                 0       0        0
 SINCE 1/1          0                 0       0        0
.................................................................

WIND (MPH)
AVERAGE WIND SPEED              11.4
HIGHEST WIND SPEED/DIRECTION    38/250    DATE  01/22
HIGHEST GUST SPEED/DIRECTION    46/250    DATE  01/22

SKY COVER
POSSIBLE SUNSHINE (PERCENT)   MM
AVERAGE SKY COVER           0.70
NUMBER OF DAYS FAIR            2
NUMBER OF DAYS PC             11
NUMBER OF DAYS CLOUDY         18

AVERAGE RH (PERCENT)     78

WEATHER CONDITIONS. NUMBER OF DAYS WITH
THUNDERSTORM              0     MIXED PRECIP               0
HEAVY RAIN                0     RAIN                       3
LIGHT RAIN                9     FREEZING RAIN              2
LT FREEZING RAIN          5     HAIL                       0
HEAVY SNOW                0     SNOW                       5
LIGHT SNOW               18     SLEET                      2
FOG                      21     FOG W/VIS <= 1/4 MILE      3
HAZE                      5

-  INDICATES NEGATIVE NUMBERS.
R  INDICATES RECORD WAS SET OR TIED.
MM INDICATES DATA IS MISSING.
T  INDICATES TRACE AMOUNT.

&&

...NEAR NORMAL TEMPERATURES BUT BELOW NORMAL PRECIPITATION...

JANUARY WAS A MONTH OF EXTREMES AND FLUCTUATIONS IN THE WEATHER AS
VERY COLD AND WARM TEMPERATURES WERE EXPERIENCED AT TIMES. THE MONTH
BEGAN WITH BITTERLY COLD ARCTIC AIR AND SUB ZERO TEMPERATURES ACROSS
THE REGION MAKING FOR ONE OF THE COLDEST NEW YEAR DAYS IN HISTORY.
THE COLD AIR SUBSIDED BRIEFLY BUT CAME BACK WITH MORE SUB ZERO AIR
DURING THE SECOND AND THIRD WEEKS OF THE MONTH.

THE DIFFERENCE BETWEEN THE WARMEST AND COLDEST TEMPERATURES WAS A
WHOPPING 72 DEGREES AND SEPARATED BY JUST 8 DAYS. THE LOWEST
TEMPERATURE OF THE MONTH WAS 13 DEGREES BELOW ZERO ON THE 2ND AND
THE WARMEST TEMPERATURE WAS 59 DEGREES ON THE 11TH. BOTH OF THESE
TEMPERATURES WERE DAILY RECORDS ON THEIR RESPECTIVE DATES.

DESPITE THE OVERALL FEELING THAT JANUARY WAS COLD, THERE WERE
ACTUALLY MORE DAYS WITH ABOVE NORMAL TEMPERATURES THAN BELOW NORMAL.
HOWEVER, MOST BELOW NORMAL DAYS WERE WELL BELOW NORMAL AND AS MUCH
AS 20 TO 30 DEGREES BELOW NORMAL. THIS WAS DUE TO BITTERLY COLD
ARCTIC AIR THAT INTRUDED DURING TWO SEPARATE PERIODS DURING THE
FIRST HALF OF THE MONTH.  THE PERIOD FROM JANUARY 19TH THROUGH THE
31ST DID NOT HAVE A DAY WITH A BELOW NORMAL AVERAGE TEMPERATURE.
THIS MILD END TO THE MONTH HELPED EVEN OUT THE COLD STRETCHES AND
LED TO A NEAR NORMAL AVERAGE MONTHLY TEMPERATURE.

THE AVERAGE MONTHLY TEMPERATURE WAS 25.2 DEGREES, 0.3 DEGREES ABOVE
NORMAL. THIS RANKED AS THE 65TH WARMEST JANUARY ON RECORD AND TIED
WITH 1927, 1956 AND 2001. THERE WERE 7 DAYS WITH TEMPERATURES BELOW
ZERO. THERE WERE ONLY 11 OTHER JANUARY MONTHS WITH MORE BELOW ZERO
DAYS.

PRECIPITATION FOR THE MONTH WAS 1.25 INCHES WHICH WAS 1.01 INCHES
BELOW NORMAL. THIS RANKED AS THE 27TH DRIEST JANUARY ON RECORD, TIED
WITH THE YEAR 2000.

SNOWFALL WAS ALSO BELOW NORMAL. A TOTAL OF 7.2 INCHES FELL WHICH WAS
2.9 INCHES BELOW NORMAL. THIS RANKED AS THE 55TH LEAST SNOWIEST
JANUARY ON RECORD.

$$
LASHLEY
