000
CXUS53 KUNR 011618
CLMGCC


CLIMATE REPORT
NATIONAL WEATHER SERVICE RAPID CITY SD
1017 AM MDT MON AUG 1 2016

...................................

...THE GILLETTE AIRPORT WY CLIMATE SUMMARY FOR THE MONTH OF JULY 2016...

CLIMATE NORMAL PERIOD 1981 TO 2010
CLIMATE RECORD PERIOD 9999 TO 9999

WEATHER         OBSERVED          NORMAL  DEPART  LAST YEAR`S
                 VALUE   DATE(S)  VALUE   FROM    VALUE  DATE(S)
                                          NORMAL
................................................................
TEMPERATURE (F)
HIGHEST           102   07/22                         94  07/26
LOWEST             45   07/17                         44  07/28
AVG. MAXIMUM     89.1              86.6     2.5     84.9
AVG. MINIMUM     54.9              56.0    -1.1     53.8
MEAN             72.0              71.3     0.7     69.3
DAYS MAX >= 90     16                                 10
DAYS MAX <= 32      0                                  0
DAYS MIN <= 32      0                                  0
DAYS MIN <= 0       0                                  0

PRECIPITATION (INCHES)
TOTALS           1.32              1.66   -0.34     1.04
DAILY AVG.       0.04              0.05   -0.01     0.03
DAYS >= .01         7                                  9
DAYS >= .10         3                                  2
DAYS >= .50         1                                  1
DAYS >= 1.00        0                                  0
GREATEST
 24 HR. TOTAL    0.70   07/30 TO 07/30              0.63
                        07/29 TO 07/30
                        07/30 TO 07/30

DEGREE_DAYS
HEATING TOTAL       7                19     -12       22
 SINCE 7/1          7                19     -12       22
COOLING TOTAL     230               214      16      164
 SINCE 1/1        394               282     112      238
.................................................................

WIND (MPH)
AVERAGE WIND SPEED              10.0
HIGHEST WIND SPEED/DIRECTION    41/270    DATE  07/04
HIGHEST GUST SPEED/DIRECTION    57/200    DATE  07/17

AVERAGE RH (PERCENT)     49

WEATHER CONDITIONS. NUMBER OF DAYS WITH
THUNDERSTORM              0     MIXED PRECIP               0
HEAVY RAIN                3     RAIN                       5
LIGHT RAIN               11     FREEZING RAIN              0
LT FREEZING RAIN          0     HAIL                       0
HEAVY SNOW                0     SNOW                       0
LIGHT SNOW                0     SLEET                      0
FOG                       2     FOG W/VIS <= 1/4 MILE      0
HAZE                      1

-  INDICATES NEGATIVE NUMBERS.
R  INDICATES RECORD WAS SET OR TIED.
MM INDICATES DATA IS MISSING.
T  INDICATES TRACE AMOUNT.

$$
