000
CXUS51 KPHI 011805
CLMGED


CLIMATE REPORT
NATIONAL WEATHER SERVICE MOUNT HOLLY NJ
154 PM EDT SAT APR 1 2017

...................................

...THE GEORGETOWN DE CLIMATE SUMMARY FOR THE MONTH OF MARCH 2017...

CLIMATE NORMAL PERIOD 1981 TO 2010
CLIMATE RECORD PERIOD 1948 TO 2017

WEATHER         OBSERVED          NORMAL  DEPART  LAST YEAR`S
                 VALUE   DATE(S)  VALUE   FROM    VALUE
                                          NORMAL
.............................................................
TEMPERATURE (F)
RECORD
 HIGH              87   03/15/1990
 LOW                3   03/12/1960
                        03/07/1960
HIGHEST            79                MM      MM       77
LOWEST             19                MM      MM       27
AVG. MAXIMUM     54.9              54.4     0.5     60.6
AVG. MINIMUM     35.0              34.9     0.1     40.0
MEAN             45.0              44.7     0.3     50.3
DAYS MAX >= 90      0               0.0     0.0        0
DAYS MAX <= 32      1               0.5     0.5        0
DAYS MIN <= 32     15              12.4     2.6        9
DAYS MIN <= 0       0               0.0     0.0        0

PRECIPITATION (INCHES)
RECORD
 MAXIMUM           MM   MM
 MINIMUM           MM   MM
TOTALS           4.37              4.05    0.32     1.54
DAILY AVG.       0.14              0.13    0.01     0.05
DAYS >= .01         9              11.5    -2.5       10
DAYS >= .10         5               6.3    -1.3        7
DAYS >= .50         2               2.1    -0.1        0
DAYS >= 1.00        2               0.8     1.2        0
GREATEST
 24 HR. TOTAL    2.45   03/14 TO 03/14              0.37

DEGREE_DAYS
HEATING TOTAL     616               632     -16      450
 SINCE 7/1       3301              3912    -611     3128
COOLING TOTAL       3                 2       1        2
 SINCE 1/1          3                 2       1        2
..............................................................

WIND (MPH)
AVERAGE WIND SPEED              9.6
HIGHEST WIND SPEED/DIRECTION    38/230    DATE  03/01
HIGHEST GUST SPEED/DIRECTION    50/220    DATE  03/01

SKY COVER
POSSIBLE SUNSHINE (PERCENT)   MM
AVERAGE SKY COVER           0.40
NUMBER OF DAYS FAIR           15
NUMBER OF DAYS PC             12
NUMBER OF DAYS CLOUDY          4

AVERAGE RH (PERCENT)     57

WEATHER CONDITIONS. NUMBER OF DAYS WITH
THUNDERSTORM              0     MIXED PRECIP               0
HEAVY RAIN                3     RAIN                       4
LIGHT RAIN               11     FREEZING RAIN              0
LT FREEZING RAIN          0     HEAVY SNOW                 0
SNOW                      0     LIGHT SNOW                 4
SLEET                     0     FOG                       10
FOG W/VIS <= 1/4 MILE     1     HAZE                       1

-  INDICATES NEGATIVE NUMBERS.
R  INDICATES RECORD WAS SET OR TIED.
MM INDICATES DATA IS MISSING.
T  INDICATES TRACE AMOUNT.

$$
