000
CXUS51 KPHI 020308 CCA
CLMGED

CLIMATE REPORT
NATIONAL WEATHER SERVICE MOUNT HOLLY NJ
555 AM EST WED MAR 1 2017

...................................

...THE GEORGETOWN DE CLIMATE SUMMARY FOR THE MONTH OF FEBRUARY 2017...

CLIMATE NORMAL PERIOD 1981 TO 2010
CLIMATE RECORD PERIOD 1948 TO 2017

WEATHER         OBSERVED          NORMAL  DEPART  LAST YEAR`S
                 VALUE   DATE(S)  VALUE   FROM    VALUE
                                          NORMAL
.............................................................
TEMPERATURE (F)
RECORD
 HIGH              77   02/25/2017
 LOW               -8   02/06/1996
                        02/11/1979
HIGHEST            77R               MM      MM       69
LOWEST             22                MM      MM       12
AVG. MAXIMUM     56.9              46.7    10.2     48.7
AVG. MINIMUM     34.7              28.3     6.4     31.0
MEAN             45.8              37.5     8.3     39.9
DAYS MAX >= 90      0               0.0     0.0        0
DAYS MAX <= 32      0               1.3    -1.3        4
DAYS MIN <= 32     15              20.7    -5.7       16
DAYS MIN <= 0       0               0.0     0.0        0

PRECIPITATION (INCHES)
RECORD
 MAXIMUM           MM   MM
 MINIMUM           MM   MM
TOTALS           1.11              2.79   -1.68     3.60
DAILY AVG.       0.04              0.10   -0.06     0.12
DAYS >= .01         5               9.0    -4.0       11
DAYS >= .10         4               5.1    -1.1        8
DAYS >= .50         0               1.6    -1.6        3
DAYS >= 1.00        0               0.4    -0.4        0
GREATEST
 24 HR. TOTAL    0.36   02/28 TO 02/28              1.01

DEGREE_DAYS
HEATING TOTAL     531               770    -239      723
 SINCE 7/1       2685              3280    -595     2678
COOLING TOTAL       0                 0       0        0
 SINCE 1/1          0                 0       0        0
..............................................................

WIND (MPH)
AVERAGE WIND SPEED              7.5
HIGHEST WIND SPEED/DIRECTION    29/300    DATE  02/13
HIGHEST GUST SPEED/DIRECTION    44/290    DATE  02/09

SKY COVER
POSSIBLE SUNSHINE (PERCENT)    0
AVERAGE SKY COVER           0.30
NUMBER OF DAYS FAIR           16
NUMBER OF DAYS PC             11
NUMBER OF DAYS CLOUDY          0

AVERAGE RH (PERCENT)     59

WEATHER CONDITIONS. NUMBER OF DAYS WITH
THUNDERSTORM              1     MIXED PRECIP               0
HEAVY RAIN                1     RAIN                       2
LIGHT RAIN                9     FREEZING RAIN              0
LT FREEZING RAIN          0     HEAVY SNOW                 0
SNOW                      0     LIGHT SNOW                 2
SLEET                     0     FOG                        9
FOG W/VIS <= 1/4 MILE     0     HAZE                       1

-  INDICATES NEGATIVE NUMBERS.
R  INDICATES RECORD WAS SET OR TIED.
MM INDICATES DATA IS MISSING.
T  INDICATES TRACE AMOUNT.

$$
