000
CXUS53 KGLD 011608
CLMGLD

CLIMATE REPORT
NATIONAL WEATHER SERVICE GOODLAND
959 AM MDT TUE SEP 1 2015

...................................

...THE GOODLAND KS CLIMATE SUMMARY FOR THE MONTH OF AUGUST 2015...

CLIMATE NORMAL PERIOD 1981 TO 2010
CLIMATE RECORD PERIOD 1895 TO 2015

WEATHER         OBSERVED          NORMAL  DEPART  LAST YEAR`S
                 VALUE   DATE(S)  VALUE   FROM    VALUE  DATE(S)
                                          NORMAL
................................................................
TEMPERATURE (F)
RECORD
 HIGH             108   08/06/1970
                        08/02/1938
                        08/09/1937
 LOW               38   08/23/1964
HIGHEST            99   08/26       100      -1       98  08/18
LOWEST             47   08/23        51      -4       53  08/29
AVG. MAXIMUM     89.8              87.5     2.3     89.8
AVG. MINIMUM     59.7              60.0    -0.3     59.4
MEAN             74.8              73.7     1.1     74.6
DAYS MAX >= 90     20              13.4     6.6       16
DAYS MAX <= 32      0               0.0     0.0        0
DAYS MIN <= 32      0               0.0     0.0        0
DAYS MIN <= 0       0               0.0     0.0        0

PRECIPITATION (INCHES)
RECORD
 MAXIMUM         9.29   1993
 MINIMUM         0.13   1964
TOTALS           0.37              2.70   -2.33     2.76
DAILY AVG.       0.01              0.09   -0.08     0.09
DAYS >= .01         6               8.8    -2.8       10
DAYS >= .10         1               4.7    -3.7        6
DAYS >= .50         0               1.7    -1.7        3
DAYS >= 1.00        0               0.8    -0.8        0
GREATEST
 24 HR. TOTAL    0.17   08/16 TO 08/16              0.75

SNOWFALL (INCHES)
RECORDS
 TOTAL              T   2011
                        2007
                        2006
TOTALS            0.0               0.0     0.0      0.0
SINCE 7/1         0.0               0.0     0.0      0.0
SNOWDEPTH AVG.      0                MM      MM        0
DAYS >= 1.0         0               0.0     0.0        0
GREATEST
 SNOW DEPTH         0                                  0
 24 HR TOTAL      0.0   08/31 TO 08/31

DEGREE_DAYS
HEATING TOTAL       5                 8      -3        0
 SINCE 7/1          6                12      -6       13
COOLING TOTAL     317               279      38      304
 SINCE 1/1        908               833      75      802
..................................................

WIND (MPH)
AVERAGE WIND SPEED              10.8
HIGHEST WIND SPEED/DIRECTION    32/050    DATE  08/04
HIGHEST GUST SPEED/DIRECTION    39/050    DATE  08/04

SKY COVER
AVERAGE SKY COVER           0.10

AVERAGE RH (PERCENT)     60

WEATHER CONDITIONS. NUMBER OF DAYS WITH
THUNDERSTORM              7     MIXED PRECIP               0
HEAVY RAIN                1     RAIN                       1
LIGHT RAIN                8     FREEZING RAIN              0
LT FREEZING RAIN          0     HAIL                       0
HEAVY SNOW                0     SNOW                       0
LIGHT SNOW                0     SLEET                      0
FOG                      13     FOG W/VIS <= 1/4 MILE      5
HAZE                      7

-  INDICATES NEGATIVE NUMBERS.
R  INDICATES RECORD WAS SET OR TIED.
MM INDICATES DATA IS MISSING.
T  INDICATES TRACE AMOUNT.

$$
