000
CXUS55 KMSO 011554
CLMGPI


CLIMATE REPORT
NATIONAL WEATHER SERVICE MISSOULA, MT
853 AM MST SUN MAR 1 2015

...................................

...THE KALISPELL MT CLIMATE SUMMARY FOR THE MONTH OF FEBRUARY 2015...

CLIMATE NORMAL PERIOD 1981 TO 2010
CLIMATE RECORD PERIOD 1894 TO 2015

WEATHER         OBSERVED          NORMAL  DEPART  LAST YEAR`S
                 VALUE   DATE(S)  VALUE   FROM    VALUE
                                          NORMAL
.............................................................
TEMPERATURE (F)
RECORD
 HIGH              64   02/24/1995
 LOW              -36   02/01/1950
HIGHEST            56   02/13        MM      MM       48
LOWEST              8   02/22        MM      MM      -23
AVG. MAXIMUM     41.4              36.0     5.4     27.4
AVG. MINIMUM     22.3              18.2     4.1      9.6
MEAN             31.9              27.1     4.8
DAYS MAX >= 90      0               0.0     0.0        0
DAYS MAX <= 32      1               6.8    -5.8       18
DAYS MIN <= 32     25              26.0    -1.0       27
DAYS MIN <= 0       0               2.3    -2.3        8

PRECIPITATION (INCHES)
RECORD
 MAXIMUM         3.16   1904
 MINIMUM         0.03   2005
TOTALS           1.12              0.97    0.15
DAILY AVG.       0.04              0.03    0.01     0.04
DAYS >= .01         8              10.8    -2.8       16
DAYS >= .10         4               3.6     0.4        5
DAYS >= .50         0               0.1    -0.1        0
DAYS >= 1.00        0               0.0     0.0        0
GREATEST
 24 HR. TOTAL    0.46   02/09 TO 02/09              0.20

SNOWFALL (INCHES)
TOTALS            2.5               7.9    -5.4      9.6
SINCE 7/1        59.4              47.3    12.1     58.7
DAYS >= TRACE       5               7.7    -2.7       21
DAYS >= 1.0         1               2.9    -1.9        6
GREATEST
 SNOW DEPTH         7   02/03
                        02/02
 24 HR TOTAL      2.1   MM                           1.6

DEGREE_DAYS
HEATING TOTAL     921              1061    -140
 SINCE 7/1       5450              5852    -402
COOLING TOTAL       0                 0       0
 SINCE 1/1          0                 0       0
..............................................................

WIND (MPH)
AVERAGE WIND SPEED              4.0
HIGHEST WIND SPEED/DIRECTION    26/060    DATE  02/21
HIGHEST GUST SPEED/DIRECTION    33/040    DATE  02/27

SKY COVER
POSSIBLE SUNSHINE (PERCENT)   MM
AVERAGE SKY COVER           0.50
NUMBER OF DAYS FAIR            9
NUMBER OF DAYS PC              9
NUMBER OF DAYS CLOUDY         10

AVERAGE RH (PERCENT)     75

WEATHER CONDITIONS. NUMBER OF DAYS WITH
THUNDERSTORM              0     MIXED PRECIP               0
HEAVY RAIN                0     RAIN                       1
LIGHT RAIN                9     FREEZING RAIN              0
LT FREEZING RAIN          0     HAIL                       0
HEAVY SNOW                0     SNOW                       0
LIGHT SNOW                5     SLEET                      0
FOG                      14     FOG W/VIS <= 1/4 MILE      5
HAZE                      1

-  INDICATES NEGATIVE NUMBERS.
R  INDICATES RECORD WAS SET OR TIED.
MM INDICATES DATA IS MISSING.
T  INDICATES TRACE AMOUNT.

$$
