865
CXUS53 KGID 011416
CLMGRI


CLIMATE REPORT
NATIONAL WEATHER SERVICE HASTINGS NE
916 AM CDT MON MAY 1 2017

...................................

...THE GRAND ISLAND NE CLIMATE SUMMARY FOR THE MONTH OF APRIL 2017...

CLIMATE NORMAL PERIOD 1981 TO 2010
CLIMATE RECORD PERIOD 1895 TO 2017

WEATHER         OBSERVED          NORMAL  DEPART  LAST YEAR`S
                 VALUE   DATE(S)  VALUE   FROM    VALUE  DATE(S)
                                          NORMAL
................................................................
TEMPERATURE (F)
RECORD
 HIGH              98   04/20/1902
 LOW                    04/02/1936
HIGHEST            79   04/15        86      -7       81  04/03
LOWEST             22   04/11        22       0       27  04/09
                                                          04/08
AVG. MAXIMUM     63.1              63.2    -0.1     64.4
AVG. MINIMUM     39.2              37.9     1.3     40.4
MEAN             51.1              50.6     0.5     52.4
DAYS MAX >= 90      0               0.5    -0.5        0
DAYS MAX <= 32      0               0.1    -0.1        0
DAYS MIN <= 32      7               7.4    -0.4        6
DAYS MIN <= 0       0               0.0     0.0        0

PRECIPITATION (INCHES)
RECORD
 MAXIMUM         9.43   1896
 MINIMUM         0.09   1989
TOTALS           2.64              2.53    0.11     5.05
DAILY AVG.       0.09              0.08    0.01     0.17
DAYS >= .01         6               8.4    -2.4       10
DAYS >= .10         3               4.5    -1.5        8
DAYS >= .50         2               1.7     0.3        4
DAYS >= 1.00        1               0.6     0.4        1
GREATEST
 24 HR. TOTAL    1.72   04/29 TO 04/30

SNOWFALL (INCHES)
RECORDS
 TOTAL           12.0   1913
TOTALS              T               1.5    -1.5      0.0
SINCE 7/1         8.9              29.0   -20.1     33.8
SNOWDEPTH AVG.      0                MM      MM        0
DAYS >= 1.0         0               0.4    -0.4        0
GREATEST
 SNOW DEPTH         0   MM                             0  MM

DEGREE_DAYS
HEATING TOTAL     413               445     -32      370
 SINCE 7/1       5176              6002    -826     4955
COOLING TOTAL       5                11      -6        0
 SINCE 1/1          5                11      -6        0
.................................................................

WIND (MPH)
AVERAGE WIND SPEED              12.7
HIGHEST WIND SPEED/DIRECTION    41/030    DATE  04/30
HIGHEST GUST SPEED/DIRECTION    53/010    DATE  04/30

SKY COVER
POSSIBLE SUNSHINE (PERCENT)   MM
NUMBER OF DAYS FAIR           16
NUMBER OF DAYS PC              6
NUMBER OF DAYS CLOUDY          8

AVERAGE RH (PERCENT)     71

WEATHER CONDITIONS. NUMBER OF DAYS WITH
THUNDERSTORM              4     MIXED PRECIP               0
HEAVY RAIN                2     RAIN                       2
LIGHT RAIN               12     FREEZING RAIN              0
LT FREEZING RAIN          0     HAIL                       0
HEAVY SNOW                0     SNOW                       0
LIGHT SNOW                2     SLEET                      0
FOG                      12     FOG W/VIS <= 1/4 MILE      3
HAZE                      4

-  INDICATES NEGATIVE NUMBERS.
R  INDICATES RECORD WAS SET OR TIED.
MM INDICATES DATA IS MISSING.
T  INDICATES TRACE AMOUNT.

$$
