000
CXUS53 KGID 011506
CLMGRI


CLIMATE REPORT
NATIONAL WEATHER SERVICE HASTINGS NE
1003 AM CDT FRI SEP 1 2017

...................................

...THE GRAND ISLAND NE CLIMATE SUMMARY FOR THE MONTH OF AUGUST 2017...

CLIMATE NORMAL PERIOD 1981 TO 2010
CLIMATE RECORD PERIOD 1895 TO 2017

WEATHER         OBSERVED          NORMAL  DEPART  LAST YEAR`S
                 VALUE   DATE(S)  VALUE   FROM    VALUE  DATE(S)
                                          NORMAL
................................................................
TEMPERATURE (F)
RECORD
 HIGH             112   08/08/1934
 LOW               38   08/24/1928
HIGHEST            89   08/15        98      -9       95  08/18
LOWEST             48   08/04        51      -3       47  08/21
AVG. MAXIMUM     81.3              85.4    -4.1     84.4
AVG. MINIMUM     58.9              62.6    -3.7     62.7
MEAN             70.1              74.0    -3.9     73.5
DAYS MAX >= 90      0               8.3    -8.3        6
DAYS MAX <= 32      0               0.0     0.0        0
DAYS MIN <= 32      0               0.0     0.0        0
DAYS MIN <= 0       0               0.0     0.0        0

PRECIPITATION (INCHES)
RECORD
 MAXIMUM         8.73   1977
 MINIMUM         0.33   1919
TOTALS           6.19              3.12    3.07     0.57
DAILY AVG.       0.20              0.10    0.10     0.02
DAYS >= .01         9               8.2     0.8        7
DAYS >= .10         9               5.6     3.4        2
DAYS >= .50         4               2.0     2.0        0
DAYS >= 1.00        1               0.9     0.1        0
GREATEST
 24 HR. TOTAL    2.37   08/15 TO 08/15

SNOWFALL (INCHES)
RECORDS
 TOTAL            0.0   MM
TOTALS            0.0               0.0     0.0      0.0
SINCE 7/1         0.0               0.0     0.0      0.0
SNOWDEPTH AVG.      0                MM      MM        0
DAYS >= 1.0         0               0.0     0.0        0
GREATEST
 SNOW DEPTH         0   MM                             0  MM

DEGREE_DAYS
HEATING TOTAL       4                 8      -4        1
 SINCE 7/1          4                10      -6        7
COOLING TOTAL     167               287    -120      274
 SINCE 1/1        911               914      -3     1014
.................................................................

WIND (MPH)
AVERAGE WIND SPEED              8.3
HIGHEST WIND SPEED/DIRECTION    36/300    DATE  08/27
HIGHEST GUST SPEED/DIRECTION    45/300    DATE  08/27

SKY COVER
POSSIBLE SUNSHINE (PERCENT)   MM
NUMBER OF DAYS FAIR           24
NUMBER OF DAYS PC              6
NUMBER OF DAYS CLOUDY          1

AVERAGE RH (PERCENT)     77

WEATHER CONDITIONS. NUMBER OF DAYS WITH
THUNDERSTORM             13     MIXED PRECIP               0
HEAVY RAIN                8     RAIN                       5
LIGHT RAIN               11     FREEZING RAIN              0
LT FREEZING RAIN          0     HAIL                       0
HEAVY SNOW                0     SNOW                       0
LIGHT SNOW                0     SLEET                      0
FOG                      15     FOG W/VIS <= 1/4 MILE      2
HAZE                      0

-  INDICATES NEGATIVE NUMBERS.
R  INDICATES RECORD WAS SET OR TIED.
MM INDICATES DATA IS MISSING.
T  INDICATES TRACE AMOUNT.

$$
