000
CXUS55 KTFX 011223
CLMGTF


CLIMATE REPORT
NATIONAL WEATHER SERVICE GREAT FALLS MT
619 AM MDT MON AUG 1 2016

...................................

...THE GREAT FALLS MT CLIMATE SUMMARY FOR THE MONTH OF JULY 2016...

CLIMATE NORMAL PERIOD 1981 TO 2010
CLIMATE RECORD PERIOD 1886 TO 2016

WEATHER         OBSERVED          NORMAL  DEPART  LAST YEAR`S
                 VALUE   DATE(S)  VALUE   FROM    VALUE
                                          NORMAL
.............................................................
TEMPERATURE (F)
RECORD
 HIGH             107   07/25/1933
 LOW               35   07/04/1915
                        07/01/1894
HIGHEST            97   07/30        85      12       95
LOWEST             41   07/05        52     -11       41
AVG. MAXIMUM     84.0              83.4     0.6     82.8
AVG. MINIMUM     50.3              51.4    -1.1     52.0
MEAN             67.1              67.4    -0.3     67.4
DAYS MAX >= 90      9               8.0     1.0
DAYS MAX <= 32      0               0.0     0.0
DAYS MIN <= 32      0               0.0     0.0
DAYS MIN <= 0       0               0.0     0.0

PRECIPITATION (INCHES)
RECORD
 MAXIMUM         5.45   1909
 MINIMUM         0.04   1959
TOTALS           1.20              1.50   -0.30     1.43
DAYS >= .01         8               7.5     0.5
DAYS >= .10         2               3.9    -1.9
DAYS >= .50         1               0.8     0.2
DAYS >= 1.00        0               0.2    -0.2
GREATEST
 24 HR. TOTAL    0.75   07/10 TO 07/11

SNOWFALL (INCHES)
RECORDS
 TOTAL              T   2016
 24 HR TOTAL       MM
TOTALS              TR              0.0     0.0      0.0
SINCE 7/1           T               0.0     0.0      0.0
SNOWDEPTH AVG.      0
DAYS >= TRACE       1               0.0     1.0
DAYS >= 1.0         0               0.0     0.0
GREATEST
 SNOW DEPTH         0   MM
 24 HR TOTAL        T   07/13 TO 07/13

DEGREE_DAYS
HEATING TOTAL      44                50      -6       47
 SINCE 7/1         44                50      -6       47
COOLING TOTAL     121               124      -3      129
 SINCE 1/1        164               163       1      223
..............................................................

WIND (MPH)
AVERAGE WIND SPEED              9.3
HIGHEST WIND SPEED/DIRECTION    40/180    DATE  07/19
HIGHEST GUST SPEED/DIRECTION    51/180    DATE  07/19

SKY COVER
AVERAGE SKY COVER           0.20

AVERAGE RH (PERCENT)     50

WEATHER CONDITIONS. NUMBER OF DAYS WITH
THUNDERSTORM              0     MIXED PRECIP               0
HEAVY RAIN                2     RAIN                       4
LIGHT RAIN               14     FREEZING RAIN              0
LT FREEZING RAIN          0     HAIL                       1
HEAVY SNOW                0     SNOW                       0
LIGHT SNOW                0     SLEET                      0
FOG                       3     FOG W/VIS <= 1/4 MILE      0
HAZE                      3

-  INDICATES NEGATIVE NUMBERS.
R  INDICATES RECORD WAS SET OR TIED.
MM INDICATES DATA IS MISSING.
T  INDICATES TRACE AMOUNT.

$$
