000
CXUS54 KAMA 021650
CLMGUY


CLIMATE REPORT
NATIONAL WEATHER SERVICE AMARILLO TX
1149 AM CDT TUE JUN 2 2015

...................................

...THE GUYMON CLIMATE SUMMARY FOR THE MONTH OF MAY 2015...

CLIMATE NORMAL PERIOD 1981 TO 2010
CLIMATE RECORD PERIOD 1998 TO 2015

WEATHER         OBSERVED          NORMAL  DEPART  LAST YEAR`S
                 VALUE   DATE(S)  VALUE   FROM    VALUE  DATE(S)
                                          NORMAL
................................................................
TEMPERATURE (F)
HIGHEST            89   05/03                         99  05/19
                                                          05/04
LOWEST             38   05/11                         33  05/02
AVG. MAXIMUM     74.4              79.1    -4.7     83.3
AVG. MINIMUM     50.8              50.7     0.1     51.0
MEAN             62.6              64.9    -2.3     67.2
DAYS MAX >= 90      0               4.8    -4.8       13
DAYS MAX <= 32      0               0.0     0.0        0
DAYS MIN <= 32      0               0.0     0.0        0
DAYS MIN <= 0       0               0.0     0.0        0

PRECIPITATION (INCHES)
TOTALS           6.53              2.44    4.09     2.29
DAILY AVG.       0.21              0.08    0.13     0.07
DAYS >= .01        15                MM      MM        6
DAYS >= .10        13                MM      MM        5
DAYS >= .50         4                MM      MM        2
DAYS >= 1.00        2                MM      MM        0
GREATEST
 24 HR. TOTAL    1.51   05/05 TO 05/05

SNOWFALL (INCHES)
TOTALS            0.0                MM      MM      0.0
SINCE 7/1        23.3                MM      MM     16.2
DAYS >= TRACE       0                MM      MM
DAYS >= 1.0         0                MM      MM        0
GREATEST
 SNOW DEPTH         0   MM
 24 HR TOTAL      0.0   05/30 TO 05/30

DEGREE_DAYS
HEATING TOTAL     115                96      19       77
 SINCE 7/1       3998              4449    -451     4532
COOLING TOTAL      47                93     -46      150
 SINCE 1/1         64               108     -44      178
.................................................................

WIND (MPH)
AVERAGE WIND SPEED              11.2
HIGHEST WIND SPEED/DIRECTION    38/050    DATE  05/09
HIGHEST GUST SPEED/DIRECTION    48/050    DATE  05/09

SKY COVER
POSSIBLE SUNSHINE (PERCENT)   MM
NUMBER OF DAYS FAIR           18
NUMBER OF DAYS PC              7
NUMBER OF DAYS CLOUDY          6

AVERAGE RH (PERCENT)     67

WEATHER CONDITIONS. NUMBER OF DAYS WITH
THUNDERSTORM             11     MIXED PRECIP               0
HEAVY RAIN                8     RAIN                      13
LIGHT RAIN               14     FREEZING RAIN              0
LT FREEZING RAIN          0     HEAVY SNOW                 0
SNOW                      0     LIGHT SNOW                 0
SLEET                     0     FOG                       14
FOG W/VIS <= 1/4 MILE     1     HAZE                       0

-  INDICATES NEGATIVE NUMBERS.
R  INDICATES RECORD WAS SET OR TIED.
MM INDICATES DATA IS MISSING.
T  INDICATES TRACE AMOUNT.

$$
