000
CXUS54 KJAN 011152
CLMGWO


CLIMATE REPORT
NATIONAL WEATHER SERVICE JACKSON MS
650 AM CDT SAT JUL 1 2017

...................................

...THE GREENWOOD CLIMATE SUMMARY FOR THE MONTH OF JUNE 2017...

CLIMATE NORMAL PERIOD 1981 TO 2010
CLIMATE RECORD PERIOD 1948 TO 2017

WEATHER         OBSERVED          NORMAL  DEPART  LAST YEAR`S
                 VALUE   DATE(S)  VALUE   FROM    VALUE  DATE(S)
                                          NORMAL
................................................................
TEMPERATURE (F)
RECORD
 HIGH             104   06/28/1954
                        06/21/1953
                        06/19/1952
 LOW               49   06/11/1988
                        06/03/1956
HIGHEST            91   06/16        MM      MM       96  06/26
                        06/11
LOWEST             57   06/09        MM      MM       61  06/07
                        06/08
AVG. MAXIMUM     86.7              89.5    -2.8     91.0
AVG. MINIMUM     68.3              68.0     0.3     70.0
MEAN             77.5              78.7    -1.2     80.5
DAYS MAX >= 90      7              15.3    -8.3       21
DAYS MAX <= 32      0               0.0     0.0        0
DAYS MIN <= 32      0               0.0     0.0        0
DAYS MIN <= 0       0               0.0     0.0        0

PRECIPITATION (INCHES)
RECORD
 MAXIMUM        18.74   1989
 MINIMUM         0.04   1952
TOTALS           5.73              4.31    1.42     3.37
DAILY AVG.       0.19              0.14    0.05     0.11
DAYS >= .01        17               8.6     8.4        8
DAYS >= .10        11               5.8     5.2        3
DAYS >= .50         3               2.4     0.6        3
DAYS >= 1.00        3               1.2     1.8        1
GREATEST
 24 HR. TOTAL    1.50   06/16 TO 06/16              1.97

SNOWFALL (INCHES)
TOTALS            0.0

DEGREE_DAYS
HEATING TOTAL       0                 0       0        0
 SINCE 7/1       1780              2688    -908     1929
COOLING TOTAL     382               413     -31      473
 SINCE 1/1        826               743      83      802
.................................................................

WIND (MPH)
AVERAGE WIND SPEED              5.9
HIGHEST WIND SPEED/DIRECTION    28/060    DATE  06/06
HIGHEST GUST SPEED/DIRECTION    52/160    DATE  06/16

SKY COVER
POSSIBLE SUNSHINE (PERCENT)   MM
AVERAGE SKY COVER           0.30
NUMBER OF DAYS FAIR           17
NUMBER OF DAYS PC             12
NUMBER OF DAYS CLOUDY          0

AVERAGE RH (PERCENT)     78

WEATHER CONDITIONS. NUMBER OF DAYS WITH
THUNDERSTORM             12     MIXED PRECIP               0
HEAVY RAIN                9     RAIN                      12
LIGHT RAIN               18     FREEZING RAIN              0
LT FREEZING RAIN          0     HAIL                       0
HEAVY SNOW                0     SNOW                       0
LIGHT SNOW                0     SLEET                      0
FOG                      17     FOG W/VIS <= 1/4 MILE      0
HAZE                      4

-  INDICATES NEGATIVE NUMBERS.
R  INDICATES RECORD WAS SET OR TIED.
MM INDICATES DATA IS MISSING.
T  INDICATES TRACE AMOUNT.

$$
