000
CXUS54 KJAN 011723
CLMHBG


CLIMATE REPORT
NATIONAL WEATHER SERVICE JACKSON MS
1120 AM CST THU DEC 1 2016

...................................

...THE HATTIESBURG CLIMATE SUMMARY FOR THE MONTH OF NOVEMBER 2016...

CLIMATE NORMAL PERIOD 1981 TO 2010
CLIMATE RECORD PERIOD 1948 TO 2016

WEATHER         OBSERVED          NORMAL  DEPART  LAST YEAR`S
                 VALUE   DATE(S)  VALUE   FROM    VALUE  DATE(S)
                                          NORMAL
................................................................
TEMPERATURE (F)
RECORD
 HIGH              87   11/04/2016
                        11/06/2005
                        11/16/1964
 LOW               18   11/25/1950
                        11/12/1950
HIGHEST            87R  11/04        MM      MM       86  11/06
LOWEST             28   11/27        MM      MM       28  11/23
                        11/22
                        11/21
AVG. MAXIMUM     75.7              70.0     5.7     72.7
AVG. MINIMUM     44.2              45.0    -0.8     50.7
MEAN             59.9              57.5     2.4     61.7
DAYS MAX >= 90      0               0.0     0.0        0
DAYS MAX <= 32      0               0.0     0.0        0
DAYS MIN <= 32      5               2.5     2.5        3
DAYS MIN <= 0       0               0.0     0.0        0

PRECIPITATION (INCHES)
RECORD
 MAXIMUM        15.15   1948
 MINIMUM         0.37   1949
TOTALS           1.65              4.27   -2.62     5.77
DAILY AVG.       0.05              0.14   -0.09     0.19
DAYS >= .01         5                MM      MM        7
DAYS >= .10         2                MM      MM        4
DAYS >= .50         1                MM      MM        3
DAYS >= 1.00        1                MM      MM        1
GREATEST
 24 HR. TOTAL    1.25   11/30 TO 11/30              3.77

SNOWFALL (INCHES)
TOTALS            0.0
SINCE 7/1         0.0
DAYS >= TRACE       0
DAYS >= 1.0         0
GREATEST
 24 HR TOTAL      0.0   11/30 TO 11/30

DEGREE_DAYS
HEATING TOTAL     177               253     -76      157
 SINCE 7/1        196               328    -132      178
COOLING TOTAL      32                28       4       66
 SINCE 1/1       2810              2390     420     2854
.................................................................

WIND (MPH)
AVERAGE WIND SPEED              3.8
HIGHEST WIND SPEED/DIRECTION    30/180    DATE  11/28
HIGHEST GUST SPEED/DIRECTION    42/180    DATE  11/28

SKY COVER
POSSIBLE SUNSHINE (PERCENT)   MM
AVERAGE SKY COVER           0.20
NUMBER OF DAYS FAIR           23
NUMBER OF DAYS PC              5
NUMBER OF DAYS CLOUDY          2

AVERAGE RH (PERCENT)     66

WEATHER CONDITIONS. NUMBER OF DAYS WITH
THUNDERSTORM              2     MIXED PRECIP               0
HEAVY RAIN                2     RAIN                       3
LIGHT RAIN                8     FREEZING RAIN              0
LT FREEZING RAIN          0     HAIL                       0
HEAVY SNOW                0     SNOW                       0
LIGHT SNOW                0     SLEET                      0
FOG                      12     FOG W/VIS <= 1/4 MILE      4
HAZE                      1

-  INDICATES NEGATIVE NUMBERS.
R  INDICATES RECORD WAS SET OR TIED.
MM INDICATES DATA IS MISSING.
T  INDICATES TRACE AMOUNT.

$$
