000
CXUS56 KHNX 041545
CLMHJO


CLIMATE REPORT
NATIONAL WEATHER SERVICE SAN JOAQUIN VALLEY - HANFORD CA
845 AM PDT THU JUN 4 2015

...................................

...THE HANFORD CA AIRPORT CLIMATE SUMMARY FOR THE MONTH OF MAY 2015...

CLIMATE NORMAL PERIOD 1981 TO 2010
CLIMATE RECORD PERIOD 1998 TO 2015

WEATHER         OBSERVED          NORMAL  DEPART  LAST YEAR`S
                 VALUE   DATE(S)  VALUE   FROM    VALUE  DATE(S)
                                          NORMAL
................................................................
TEMPERATURE (F)
RECORD
 HIGH             105   05/31/2001
 LOW               39   05/11/2010
HIGHEST           100   05/31        MM      MM      100  05/15
LOWEST             48   05/08        MM      MM       48  05/29
                                                          05/12
                                                          05/07
AVG. MAXIMUM     83.2              84.0    -0.8     87.2
AVG. MINIMUM     55.0              53.5     1.5     55.8
MEAN             69.1              68.7     0.4     71.5
DAYS MAX >= 90      7               7.7    -0.7       14
DAYS MIN <= 32      0               0.0     0.0        0

PRECIPITATION (INCHES)
RECORD
 MAXIMUM         1.39   1998
TOTALS           0.07              0.42   -0.35        T
DAYS >= .01         3                MM      MM        0
DAYS >= .10         0                MM      MM        0
DAYS >= .50         0                MM      MM        0
DAYS >= 1.00        0                MM      MM        0
GREATEST
 24 HR. TOTAL    0.06   05/14 TO 05/15

SNOWFALL (INCHES)
RECORDS
 TOTAL             MM   MM
TOTALS            0.0                MM

DEGREE_DAYS
HEATING TOTAL      19                37     -18        6
 SINCE 7/1       1711              2652    -941     2048
COOLING TOTAL     153               153       0      213
 SINCE 1/1        306               189     117      288
.................................................................

WIND (MPH)
AVERAGE WIND SPEED              6.9
HIGHEST WIND SPEED/DIRECTION    23/320    DATE  05/31
HIGHEST GUST SPEED/DIRECTION    36/260    DATE  05/07

AVERAGE RH (PERCENT)     47

WEATHER CONDITIONS. NUMBER OF DAYS WITH
THUNDERSTORM              0     RAIN                       4
HAIL                      0     FOG                        2
FOG W/VIS <= 1/4 MILE     0     HAZE                      14

-  INDICATES NEGATIVE NUMBERS.
R  INDICATES RECORD WAS SET OR TIED.
MM INDICATES DATA IS MISSING.
T  INDICATES TRACE AMOUNT.

$$

SANGER/OCHS

WEATHER.GOV/HANFORD
