000
CXUS56 KHNX 011718
CLMHJO


CLIMATE REPORT
NATIONAL WEATHER SERVICE SAN JOAQUIN VALLEY, CA
911 AM PST WED MAR 1 2017

...................................

...THE HANFORD CA AIRPORT CLIMATE SUMMARY FOR THE MONTH OF FEBRUARY 2017...

CLIMATE NORMAL PERIOD 1981 TO 2010
CLIMATE RECORD PERIOD 1998 TO 2017

WEATHER         OBSERVED          NORMAL  DEPART  LAST YEAR`S
                 VALUE   DATE(S)  VALUE   FROM    VALUE  DATE(S)
                                          NORMAL
................................................................
TEMPERATURE (F)
RECORD
 HIGH              79   02/06/2015
                        02/25/2014
                        02/24/2014
 LOW               26   02/16/2006
HIGHEST            71   02/15        MM      MM       76  02/25
LOWEST             30   02/24        MM      MM       31  02/05
                                                          02/03
                                                          02/02
AVG. MAXIMUM     61.8              61.5     0.3     67.4
AVG. MINIMUM     44.6              39.1     5.5     39.7
MEAN             53.2              50.3     2.9     53.6
DAYS MAX >= 90      0               0.0     0.0        0
DAYS MIN <= 32      2               2.8    -0.8        3

PRECIPITATION (INCHES)
RECORD
 MAXIMUM         2.86   2017
TOTALS           2.86              1.73    1.13     0.01
DAYS >= .01        13                MM      MM        1
DAYS >= .10        10                MM      MM        0
DAYS >= .50         1                MM      MM        0
DAYS >= 1.00        0                MM      MM        0
GREATEST
 24 HR. TOTAL    0.61   02/17 TO 02/17

SNOWFALL (INCHES)
RECORDS
 TOTAL            0.0
TOTALS            0.0                MM

DEGREE_DAYS
HEATING TOTAL     323               412     -89      328
 SINCE 7/1       1727              2155    -428     1890
COOLING TOTAL       0                 0       0        0
 SINCE 1/1          0                 0       0        0
.................................................................

WIND (MPH)
AVERAGE WIND SPEED              5.5
HIGHEST WIND SPEED/DIRECTION    25/130    DATE  02/17
HIGHEST GUST SPEED/DIRECTION    39/140    DATE  02/17

AVERAGE RH (PERCENT)     81

WEATHER CONDITIONS. NUMBER OF DAYS WITH
THUNDERSTORM              0     RAIN                       8
HAIL                      0     FOG                       23
FOG W/VIS <= 1/4 MILE     7     HAZE                       5

-  INDICATES NEGATIVE NUMBERS.
R  INDICATES RECORD WAS SET OR TIED.
MM INDICATES DATA IS MISSING.
T  INDICATES TRACE AMOUNT.

$$
