000
CXUS56 KHNX 011604
CLMHJO


CLIMATE REPORT
NATIONAL WEATHER SERVICE SAN JOAQUIN VALLEY, CA
856 AM PDT TUE NOV 1 2016

...................................

...THE HANFORD CA AIRPORT CLIMATE SUMMARY FOR THE MONTH OF OCTOBER 2016...

CLIMATE NORMAL PERIOD 1981 TO 2010
CLIMATE RECORD PERIOD 1998 TO 2016

WEATHER         OBSERVED          NORMAL  DEPART  LAST YEAR`S
                 VALUE   DATE(S)  VALUE   FROM    VALUE  DATE(S)
                                          NORMAL
................................................................
TEMPERATURE (F)
RECORD
 HIGH             100   10/10/2015
 LOW               31   10/29/2009
HIGHEST            93   10/09        MM      MM      100  10/10
LOWEST             43   10/06        MM      MM       46  10/31
AVG. MAXIMUM     79.8              79.2     0.6     83.8
AVG. MINIMUM     50.0              47.9     2.1     55.7
MEAN             64.9              63.5     1.4     69.8
DAYS MAX >= 90      2               3.4    -1.4        6
DAYS MIN <= 32      0               0.1    -0.1        0

PRECIPITATION (INCHES)
RECORD
 MAXIMUM         2.09   2004
TOTALS           0.64              0.50    0.14     0.41
DAYS >= .01         3                MM      MM        3
DAYS >= .10         3                MM      MM        1
DAYS >= .50         0                MM      MM        0
DAYS >= 1.00        0                MM      MM        0
GREATEST
 24 HR. TOTAL    0.54   10/27 TO 10/28

SNOWFALL (INCHES)
RECORDS
 TOTAL            0.0
TOTALS            0.0               0.0

DEGREE_DAYS
HEATING TOTAL      33                99     -66       13
 SINCE 7/1         37               105     -68       13
COOLING TOTAL      39                54     -15      168
 SINCE 1/1       1962              1642     320     2335
.................................................................

WIND (MPH)
AVERAGE WIND SPEED              4.8
HIGHEST WIND SPEED/DIRECTION    21/170    DATE  10/16
HIGHEST GUST SPEED/DIRECTION    27/220    DATE  10/16

AVERAGE RH (PERCENT)     58

WEATHER CONDITIONS. NUMBER OF DAYS WITH
THUNDERSTORM              0     RAIN                       1
HAIL                      0     FOG                       18
FOG W/VIS <= 1/4 MILE     2     HAZE                      22

-  INDICATES NEGATIVE NUMBERS.
R  INDICATES RECORD WAS SET OR TIED.
MM INDICATES DATA IS MISSING.
T  INDICATES TRACE AMOUNT.

$$
