000
CXHW50 PHFO 011618
CLMHNL


CLIMATE REPORT
NATIONAL WEATHER SERVICE HONOLULU HI
609 AM HST TUE SEP 1 2015

...................................

...THE HONOLULU HI CLIMATE SUMMARY FOR THE MONTH OF AUGUST 2015...

CLIMATE NORMAL PERIOD 1981 TO 2010
CLIMATE RECORD PERIOD 1946 TO 2015

WEATHER         OBSERVED          NORMAL  DEPART  LAST YEAR`S
                 VALUE   DATE(S)  VALUE   FROM    VALUE  DATE(S)
                                          NORMAL
................................................................
TEMPERATURE (F)
RECORD
 HIGH              93   08/12/2015
                        08/30/1997
                        08/14/1997
 LOW               65   08/19/2009
HIGHEST            93R  08/12        89       4       90  08/29
                                                          08/25
                                                          08/23
LOWEST             73   08/24        75      -2       73  08/28
                        08/04                             08/11
AVG. MAXIMUM     89.6              88.7     0.9     88.7
AVG. MINIMUM     77.3              75.1     2.2     76.1
MEAN             83.5              81.9     1.6     82.4
DAYS MAX >= 90     19               6.7    12.3        7
DAYS MAX <= 32      0               0.0     0.0        0
DAYS MIN <= 32      0               0.0     0.0        0
DAYS MIN <= 0       0               0.0     0.0        0

PRECIPITATION (INCHES)
RECORD
 MAXIMUM         3.74   2004
 MINIMUM            T   1974
TOTALS           7.63R             0.56    7.07     0.56
DAILY AVG.       0.25              0.02    0.23     0.02
DAYS >= .01        10               5.6     4.4        6
DAYS >= .10         5               1.1     3.9        1
DAYS >= .50         4               0.3     3.7        0
DAYS >= 1.00        2               0.1     1.9        0
GREATEST
 24 HR. TOTAL    4.42   08/23 TO 08/24              0.38

SNOWFALL (INCHES)
RECORDS
 TOTAL             MM   5
TOTALS            0.0               0.0     0.0      0.0
SINCE 7/1         0.0               0.0     0.0      0.0
SNOWDEPTH AVG.      0                MM      MM        0
DAYS >= 1.0         0               0.0     0.0        0
GREATEST
 SNOW DEPTH         0   MM                             0  MM
 24 HR TOTAL      0.0   08/31 TO 08/31               0.0

DEGREE_DAYS
HEATING TOTAL       0                 0       0        0
 SINCE 7/1          0                 0       0        0
COOLING TOTAL     582               524      58      546
 SINCE 1/1       3112              2984     128     3158
.................................................................

WIND (MPH)
AVERAGE WIND SPEED              9.0
HIGHEST WIND SPEED/DIRECTION    25/080    DATE  08/14
HIGHEST GUST SPEED/DIRECTION    35/070    DATE  08/13

SKY COVER
POSSIBLE SUNSHINE (PERCENT)   MM
AVERAGE SKY COVER           0.50
NUMBER OF DAYS FAIR            1
NUMBER OF DAYS PC             29
NUMBER OF DAYS CLOUDY          1

AVERAGE RH (PERCENT)     71

WEATHER CONDITIONS. NUMBER OF DAYS WITH
THUNDERSTORM              0     MIXED PRECIP               0
HEAVY RAIN                3     RAIN                       6
LIGHT RAIN               11     FREEZING RAIN              0
LT FREEZING RAIN          0     HAIL                       0
HEAVY SNOW                0     SNOW                       0
LIGHT SNOW                0     SLEET                      0
FOG                       9     FOG W/VIS <= 1/4 MILE      1
HAZE                      0

-  INDICATES NEGATIVE NUMBERS.
R  INDICATES RECORD WAS SET OR TIED.
MM INDICATES DATA IS MISSING.
T  INDICATES TRACE AMOUNT.

$$
