000
CXUS56 KSEW 022036
CLMHQM


CLIMATE REPORT
NATIONAL WEATHER SERVICE SEATTLE WA
135 PM PDT SAT APR 2 2016

...................................

...THE HOQUIAM WA AIRPORT CLIMATE SUMMARY FOR THE MONTH OF MARCH 2016...

CLIMATE NORMAL PERIOD 1981 TO 2010
CLIMATE RECORD PERIOD 1953 TO 2016

WEATHER         OBSERVED          NORMAL  DEPART  LAST YEAR`S
                 VALUE   DATE(S)  VALUE   FROM    VALUE  DATE(S)
                                          NORMAL
................................................................
TEMPERATURE (F)
RECORD
 HIGH              77   03/27/1994
 LOW               23   03/04/1955
HIGHEST            66   03/30        MM      MM       64  03/26
LOWEST             32   03/17        MM      MM       30  03/04
                        03/16
AVG. MAXIMUM     54.2              52.4     1.8     57.0
AVG. MINIMUM     41.3              39.6     1.7     42.7
MEAN             47.8              46.0     1.8     49.9
DAYS MAX >= 90      0               0.0     0.0        0
DAYS MAX <= 32      0               0.0     0.0        0
DAYS MIN <= 32      2               2.7    -0.7        3
DAYS MIN <= 0       0               0.0     0.0        0

PRECIPITATION (INCHES)
RECORD
 MAXIMUM        15.13   1997
 MINIMUM         1.39   1965
TOTALS          13.25              6.99    6.26     6.74
DAILY AVG.       0.43              0.23    0.20     0.22
DAYS >= .01        24              20.9     3.1       17
DAYS >= .10        21              15.1     5.9       12
DAYS >= .50        10               4.6     5.4        4
DAYS >= 1.00        2               1.1     0.9        2
GREATEST
 24 HR. TOTAL    2.53   03/09 TO 03/09

DEGREE_DAYS
HEATING TOTAL     528               589     -61      463
COOLING TOTAL       0                 0       0        0
 SINCE 1/1          0                 0       0        0
.................................................................

WIND (MPH)
AVERAGE WIND SPEED              11.5
HIGHEST WIND SPEED/DIRECTION    53/200    DATE  03/13
HIGHEST GUST SPEED/DIRECTION    63/200    DATE  03/13

SKY COVER
POSSIBLE SUNSHINE (PERCENT)   MM
AVERAGE SKY COVER           0.60
NUMBER OF DAYS FAIR            7
NUMBER OF DAYS PC              9
NUMBER OF DAYS CLOUDY         15

AVERAGE RH (PERCENT)     83

WEATHER CONDITIONS. NUMBER OF DAYS WITH
THUNDERSTORM              0     MIXED PRECIP               0
HEAVY RAIN                5     RAIN                      15
LIGHT RAIN               25     FREEZING RAIN              0
LT FREEZING RAIN          0     HAIL                       0
HEAVY SNOW                0     SNOW                       0
LIGHT SNOW                0     SLEET                      0
FOG                      31     FOG W/VIS <= 1/4 MILE      0
HAZE                      0

-  INDICATES NEGATIVE NUMBERS.
R  INDICATES RECORD WAS SET OR TIED.
MM INDICATES DATA IS MISSING.
T  INDICATES TRACE AMOUNT.

$$
