000
CXUS54 KLZK 020104
CLMHRO


CLIMATE REPORT
NATIONAL WEATHER SERVICE LITTLE ROCK AR
700 PM CST THU JAN 1 2015

...................................

...THE HARRISON CLIMATE SUMMARY FOR THE MONTH OF DECEMBER 2014...

CLIMATE NORMAL PERIOD 1981 TO 2010
CLIMATE RECORD PERIOD 1891 TO 2014

WEATHER         OBSERVED          NORMAL  DEPART  LAST YEAR`S
                 VALUE   DATE(S)  VALUE   FROM    VALUE  DATE(S)
                                          NORMAL
................................................................
TEMPERATURE (F)
RECORD
 HIGH              82   12/24/1955
 LOW              -11   12/23/1989
HIGHEST            66   12/14        47      19       70  12/04
LOWEST             20   12/29        29      -9        5  12/07
AVG. MAXIMUM     46.3              47.7    -1.4     46.7
AVG. MINIMUM     33.1              28.4     4.7     26.0
MEAN             39.7              38.1     1.6     36.3
DAYS MAX >= 90      0               0.0     0.0        0
DAYS MAX <= 32      1               2.6    -1.6        5
DAYS MIN <= 32     14              19.7    -5.7       22
DAYS MIN <= 0       0               0.3    -0.3        0

PRECIPITATION (INCHES)
RECORD
 MAXIMUM        11.64   1982
 MINIMUM         0.22   1919
TOTALS           2.25              3.20   -0.95     3.75
DAILY AVG.       0.07              0.10   -0.03     0.12
DAYS >= .01        13               7.9     5.1        9
DAYS >= .10         6                                  6
DAYS >= .50         2                                  3
DAYS >= 1.00        0               0.5    -0.5        1
GREATEST
 24 HR. TOTAL    0.65   12/05 TO 12/05

SNOWFALL (INCHES)
RECORDS
 TOTAL           13.2   1917
 24 HR TOTAL     12.9   12/22/1966 TO 12/23/1966
 SNOW DEPTH        13   12/08/1917
TOTALS              T               1.3    -1.3      9.0
 LIQUID EQUIV       T              0.10   -0.10     0.90
SINCE 7/1         0.6               1.8    -1.2      9.0
 LIQUID 7/1      0.06              0.10   -0.04     0.90
SNOWDEPTH AVG.      0
DAYS >= TRACE       3               4.0    -1.0        8
DAYS >= 1.0         0                                  2
GREATEST
 SNOW DEPTH         0   MM
 24 HR TOTAL        T   12/27 TO 12/27
                        12/17 TO 12/17
                        12/01 TO 12/01

DEGREE_DAYS
HEATING TOTAL     779               835     -56      878
 SINCE 7/1       1633              1599      34     1691
COOLING TOTAL       0                 0       0        0
 SINCE 1/1       1354              1416     -62     1414

FREEZE DATES
RECORD
 EARLIEST     09/13/1902
 LATEST       05/17/1912
EARLIEST                        10/29
LATEST                          04/04
.......................................................

WIND (MPH)
AVERAGE WIND SPEED              7.1
HIGHEST WIND SPEED/DIRECTION    28/160    DATE  12/14
HIGHEST GUST SPEED/DIRECTION    37/160    DATE  12/14

SKY COVER
POSSIBLE SUNSHINE (PERCENT)   MM
AVERAGE SKY COVER           0.70
NUMBER OF DAYS FAIR            4
NUMBER OF DAYS PC              9
NUMBER OF DAYS CLOUDY         18

AVERAGE RH (PERCENT)     84

WEATHER CONDITIONS. NUMBER OF DAYS WITH
THUNDERSTORM              0     MIXED PRECIP               0
HEAVY RAIN                3     RAIN                       6
LIGHT RAIN               15     FREEZING RAIN              1
LT FREEZING RAIN          1     HAIL                       0
HEAVY SNOW                0     SNOW                       0
LIGHT SNOW                2     SLEET                      1
FOG                      25     FOG W/VIS <= 1/4 MILE      7
HAZE                      1

-  INDICATES NEGATIVE NUMBERS.
R  INDICATES RECORD WAS SET OR TIED.
MM INDICATES DATA IS MISSING.
T  INDICATES TRACE AMOUNT.

&&

...DATA FOR HARRISON FOR DECEMBER 2014...

.SUMMARY...
IN YET ANOTHER REVERSAL IN TRENDS...DECEMBER WAS ABOVE THE 30-YEAR
AVERAGE IN TERMS OF TEMPERATURES. THERE WERE SOME COOL PERIODS
SCATTERED THROUGH THE MONTH...WITH THE MOST SIGNIFICANT ONE COMING
IN THE LAST FOUR DAYS. MID MONTH SAW THE MOST SIGNIFICANT WARM
PERIOD...WITH DAILY TEMPERATURES AVERAGING NEAR 15-20 DEGREES ABOVE
NORMAL FOR MID DECEMBER.

RAINFALL WAS BELOW AVERAGE FOR THE FIRST DECEMBER SINCE 2012...AND
IT WAS THE DRIEST DECEMBER SINCE THEN AS WELL. SNOW FELL FOR THE 13TH
DECEMBER IN A ROW...BUT FOR THE FIRST TIME SINCE 2010...IT WAS NOT
MEASURABLE.

.MONTHLY TEMPERATURES...

THE AVERAGE HIGH TEMPERATURE WAS THE COLDEST SINCE 2010.

THE AVERAGE LOW AND MONTHLY TEMPERATURE WAS THE WARMEST SINCE 2012.

.DAILY AVERAGE TEMPERATURES...

ABOVE NORMAL ON 17 DAYS...AT NORMAL ON TWO DAYS...AND BELOW NORMAL ON
12 DAYS.

.NUMBER OF DAYS WITH TEMPERATURES...

AT OR ABOVE  50...11...FEWEST SINCE 2009
AT OR BELOW  32...14...FEWEST SINCE 2006

.DAILY TEMPERATURE RECORDS TIED OR BROKEN DURING THE MONTH...

NONE.

.RAINFALL...

IT WAS THE DRIEST DECEMBER SINCE 2012.

.DAILY RAINFALL RECORDS TIED OR BROKEN DURING THE MONTH...

NONE.

.SNOWFALL...

A TRACE OF SNOW FELL DURING THE MONTH. THIS WAS THE FIRST DECEMBER
WITHOUT MEASURABLE SNOWFALL SINCE 2010.

.DAILY SNOWFALL RECORDS TIED OR BROKEN DURING THE MONTH...

NONE.

$$

57
