000
CXUS53 KGID 021448 CCA
CLMHSI

CLIMATE REPORT...CORRECTION
NATIONAL WEATHER SERVICE HASTINGS NE
1027 AM CDT FRI APR 1 2016
CORRECTED PRECIPITATION 24 HOUR TOTAL

...................................

...THE HASTINGS NE CLIMATE SUMMARY FOR THE MONTH OF MARCH 2016...

CLIMATE NORMAL PERIOD 1981 TO 2010
CLIMATE RECORD PERIOD 1894 TO 2016

WEATHER         OBSERVED          NORMAL  DEPART  LAST YEAR`S
                 VALUE   DATE(S)  VALUE   FROM    VALUE  DATE(S)
                                          NORMAL
................................................................
TEMPERATURE (F)
RECORD
 HIGH              90   03/23/1910
 LOW              -13   03/11/1948
HIGHEST            81   03/07        78       3       89  03/16
LOWEST             18   03/27         8      10        1  03/05
                        03/20
AVG. MAXIMUM     60.0              51.2     8.8     61.0
AVG. MINIMUM     32.7              28.7     4.0     27.8
MEAN             46.3              39.9     6.4     44.4
DAYS MAX >= 90      0               0.0     0.0        0
DAYS MAX <= 32      0               2.7    -2.7        1
DAYS MIN <= 32     17              20.1    -3.1       21
DAYS MIN <= 0       0               0.3    -0.3        0

PRECIPITATION (INCHES)
RECORD
 MAXIMUM         7.76   1987
 MINIMUM            T   1936
                        1929
                        1918
TOTALS           0.54              1.79   -1.25     0.20
DAILY AVG.       0.02              0.06   -0.04     0.01
DAYS >= .01        10                MM      MM        3
DAYS >= .10         1                MM      MM        1
DAYS >= .50         0                MM      MM        0
DAYS >= 1.00        0                MM      MM        0
GREATEST
 24 HR. TOTAL    0.21   03/23 TO 03/24

SNOWFALL (INCHES)
RECORDS
 TOTAL           28.5   1906
TOTALS            2.1               5.2    -3.1      0.8
SINCE 7/1        32.4              27.6     4.8     17.0
SNOWDEPTH AVG.      0                MM      MM        0
DAYS >= 1.0         1                MM      MM        0
GREATEST
 SNOW DEPTH         2   03/24                          1  03/04

DEGREE_DAYS
HEATING TOTAL     570               777    -207      634
 SINCE 7/1       4480              5407    -927     5257
COOLING TOTAL       0                 0       0        0
 SINCE 1/1          0                 0       0        0
.................................................................

WIND (MPH)
AVERAGE WIND SPEED              11.6
HIGHEST WIND SPEED/DIRECTION    40/360    DATE  03/23
HIGHEST GUST SPEED/DIRECTION    50/020    DATE  03/23

SKY COVER
POSSIBLE SUNSHINE (PERCENT)   MM
AVERAGE SKY COVER           0.30
NUMBER OF DAYS FAIR           21
NUMBER OF DAYS PC              8
NUMBER OF DAYS CLOUDY          2

AVERAGE RH (PERCENT)     56

WEATHER CONDITIONS. NUMBER OF DAYS WITH
THUNDERSTORM              4     MIXED PRECIP               0
HEAVY RAIN                0     RAIN                       1
LIGHT RAIN               10     FREEZING RAIN              0
LT FREEZING RAIN          0     HAIL                       0
HEAVY SNOW                0     SNOW                       1
LIGHT SNOW                3     SLEET                      0
FOG                       8     FOG W/VIS <= 1/4 MILE      3
HAZE                      3

-  INDICATES NEGATIVE NUMBERS.
R  INDICATES RECORD WAS SET OR TIED.
MM INDICATES DATA IS MISSING.
T  INDICATES TRACE AMOUNT.

$$
DOXEY
