000
CXUS54 KHUN 041543
CLMHSV


CLIMATE REPORT
NATIONAL WEATHER SERVICE HUNTSVILLE AL
943 AM CST WED FEB 4 2015

...................................

...THE HUNTSVILLE CLIMATE SUMMARY FOR THE MONTH OF JANUARY 2015...

CLIMATE NORMAL PERIOD 1981 TO 2010
CLIMATE RECORD PERIOD 1894 TO 2015

WEATHER         OBSERVED          NORMAL  DEPART  LAST YEAR`S
                 VALUE   DATE(S)  VALUE   FROM    VALUE
                                          NORMAL
.............................................................
TEMPERATURE (F)
RECORD
 HIGH              79   01/01/1952
 LOW              -11   01/21/1985
                        01/30/1966
HIGHEST            67   01/19        MM      MM       64
LOWEST              7   01/08        MM      MM        4
AVG. MAXIMUM     50.5              51.2    -0.7     45.8
AVG. MINIMUM     31.5              31.8    -0.3     21.9
MEAN             41.0              41.5    -0.5     33.8
DAYS MAX >= 90      0               0.0     0.0        0
DAYS MAX <= 32      1               1.4    -0.4        6
DAYS MIN <= 32     15              16.5    -1.5       27
DAYS MIN <= 0       0               0.1    -0.1        0

PRECIPITATION (INCHES)
RECORD
 MAXIMUM        10.92   1982
 MINIMUM         1.28   1914
TOTALS           3.97              4.89   -0.92     3.30
DAILY AVG.       0.13              0.16   -0.03     0.11
DAYS >= .01         9              10.7    -1.7        6
DAYS >= .10         5               7.2    -2.2        4
DAYS >= .50         3               3.4    -0.4        2
DAYS >= 1.00        1               1.5    -0.5        1
GREATEST
 24 HR. TOTAL    1.75   01/03 TO 01/04              2.26

SNOWFALL (INCHES)
RECORDS
 TOTAL            9.6   1988
 24 HR TOTAL      8.9   01/09/2011 TO 01/10/2011
TOTALS              T               1.1    -1.1        T
SINCE 7/1           T               1.4    -1.4        T
DAYS >= TRACE       4               0.9     3.1        4
DAYS >= 1.0         0               0.4    -0.4        0
GREATEST
 SNOW DEPTH         0   MM                             0
 24 HR TOTAL        T   01/24 TO 01/24
                        01/22 TO 01/22
                        01/15 TO 01/15

DEGREE_DAYS
HEATING TOTAL     737               729       8      957
 SINCE 7/1       1896              1910     -14     2224
COOLING TOTAL       0                 0       0        0
 SINCE 1/1          0                 0       0        0

FREEZE DATES
RECORD
 EARLIEST     10/09/2000
 LATEST       05/02/1909
EARLIEST                        11/05
LATEST                          03/30
..............................................................

WIND (MPH)
AVERAGE WIND SPEED              7.0
HIGHEST WIND SPEED/DIRECTION    26/360    DATE  01/07
HIGHEST GUST SPEED/DIRECTION    36/330    DATE  01/07

AVERAGE RH (PERCENT)     64


-  INDICATES NEGATIVE NUMBERS.
R  INDICATES RECORD WAS SET OR TIED.
MM INDICATES DATA IS MISSING.
T  INDICATES TRACE AMOUNT.

$$
