000
CXUS53 KIND 011510
CLMHUF


CLIMATE REPORT
NATIONAL WEATHER SERVICE INDIANAPOLIS IN
1110 AM EDT MON MAY 1 2017

...................................

...THE TERRE HAUTE IN CLIMATE SUMMARY FOR THE MONTH OF APRIL 2017...

CLIMATE NORMAL PERIOD 1981 TO 2010
CLIMATE RECORD PERIOD 9999 TO 9999

WEATHER         OBSERVED          NORMAL  DEPART  LAST YEAR`S
                 VALUE   DATE(S)  VALUE   FROM    VALUE  DATE(S)
                                          NORMAL
................................................................
TEMPERATURE (F)
HIGHEST            82   04/26                         83  04/18
LOWEST             30   04/08                         26  04/05
AVG. MAXIMUM     69.6              64.3     5.3     66.0
AVG. MINIMUM     47.7              42.2     5.5     42.0
MEAN             58.7              53.3     5.4     54.0
DAYS MAX >= 90      0               0.0     0.0        0
DAYS MAX <= 32      0               0.1    -0.1        0
DAYS MIN <= 32      1               4.3    -3.3        8
DAYS MIN <= 0       0               0.0     0.0        0

PRECIPITATION (INCHES)
TOTALS           8.25              4.15    4.10     5.42
DAILY AVG.       0.28              0.14    0.14     0.18
DAYS >= .01        12                MM      MM       11
DAYS >= .10         9                MM      MM        9
DAYS >= .50         7                MM      MM        4
DAYS >= 1.00        4                MM      MM        2
GREATEST
 24 HR. TOTAL    2.65   04/28 TO 04/29

DEGREE_DAYS
HEATING TOTAL     211               366    -155      329
 SINCE 7/1       4117              5220   -1103     4279
COOLING TOTAL      28                14      14        9
 SINCE 1/1         30                15      15        9
.................................................................

WIND (MPH)
AVERAGE WIND SPEED              9.2
HIGHEST WIND SPEED/DIRECTION    33/180    DATE  04/09
HIGHEST GUST SPEED/DIRECTION    43/180    DATE  04/09

SKY COVER
POSSIBLE SUNSHINE (PERCENT)   MM
AVERAGE SKY COVER           0.40
NUMBER OF DAYS FAIR           17
NUMBER OF DAYS PC              6
NUMBER OF DAYS CLOUDY          7

AVERAGE RH (PERCENT)     66

WEATHER CONDITIONS. NUMBER OF DAYS WITH
THUNDERSTORM              8     MIXED PRECIP               0
HEAVY RAIN                7     RAIN                       7
LIGHT RAIN               14     FREEZING RAIN              0
LT FREEZING RAIN          0     HAIL                       0
HEAVY SNOW                0     SNOW                       0
LIGHT SNOW                0     SLEET                      0
FOG                      13     FOG W/VIS <= 1/4 MILE      0
HAZE                      2

-  INDICATES NEGATIVE NUMBERS.
R  INDICATES RECORD WAS SET OR TIED.
MM INDICATES DATA IS MISSING.
T  INDICATES TRACE AMOUNT.

$$
