027
CXUS55 KTFX 052245
CLMHVR


CLIMATE REPORT
NATIONAL WEATHER SERVICE GREAT FALLS MT
443 PM MDT TUE APR 5 2016

...................................

...THE HAVRE MT CLIMATE SUMMARY FOR THE MONTH OF MARCH 2016...

CLIMATE NORMAL PERIOD 1981 TO 2010
CLIMATE RECORD PERIOD 1880 TO 2016

WEATHER         OBSERVED          NORMAL  DEPART  LAST YEAR`S
                 VALUE   DATE(S)  VALUE   FROM    VALUE
                                          NORMAL
.............................................................
TEMPERATURE (F)
RECORD
 HIGH              79   03/30/2004
 LOW              -41   03/13/1897
HIGHEST            71   03/10        52      19       78
                        03/05
LOWEST              8   03/19        15      -7       -4
AVG. MAXIMUM     54.6              44.6    10.0     56.2
AVG. MINIMUM     24.6              21.0     3.6     26.2
MEAN             39.6              32.8     6.8     41.2
DAYS MAX >= 90      0               0.0     0.0        0
DAYS MAX <= 32      0               5.5    -5.5        1
DAYS MIN <= 32     28              27.3     0.7       24
DAYS MIN <= 0       0               2.0    -2.0        2

PRECIPITATION (INCHES)
RECORD
 MAXIMUM           MM   MM
 MINIMUM           MM   MM
TOTALS           0.40              0.54   -0.14     0.53
DAYS >= .01         5               6.9    -1.9
DAYS >= .10         2               1.8     0.2
DAYS >= .50         0               0.1    -0.1
DAYS >= 1.00        0               0.0     0.0
GREATEST
 24 HR. TOTAL    0.19   03/06 TO 03/06
                        03/06 TO 03/07

SNOWFALL (INCHES)
RECORDS
 TOTAL             MM   5
 24 HR TOTAL       MM
 SNOW DEPTH        13   03/05/2010
                        03/04/2010
                        03/03/2010
TOTALS              T               6.3    -6.3        T
SNOWDEPTH AVG.      0
DAYS >= TRACE       4               5.4    -1.4
DAYS >= 1.0         0               2.1    -2.1
GREATEST
 SNOW DEPTH         T   03/25                         -1
 24 HR TOTAL        T   03/25 TO 03/25

DEGREE_DAYS
HEATING TOTAL     779               998    -219      732
 SINCE 7/1       6204              7118    -914     6400
COOLING TOTAL       0                 0       0        0
 SINCE 1/1          0                 0       0        0
..............................................................

WIND (MPH)
AVERAGE WIND SPEED              10.9
HIGHEST WIND SPEED/DIRECTION    44/270    DATE  03/24
HIGHEST GUST SPEED/DIRECTION    52/270    DATE  03/24

SKY COVER
AVERAGE SKY COVER           0.40

AVERAGE RH (PERCENT)     59

WEATHER CONDITIONS. NUMBER OF DAYS WITH
THUNDERSTORM              0     MIXED PRECIP               0
HEAVY RAIN                0     RAIN                       0
LIGHT RAIN               13     FREEZING RAIN              0
LT FREEZING RAIN          0     HAIL                       0
HEAVY SNOW                0     SNOW                       0
LIGHT SNOW                4     SLEET                      0
FOG                       9     FOG W/VIS <= 1/4 MILE      2
HAZE                      1

-  INDICATES NEGATIVE NUMBERS.
R  INDICATES RECORD WAS SET OR TIED.
MM INDICATES DATA IS MISSING.
T  INDICATES TRACE AMOUNT.

$$
