000
CXUS55 KTFX 021737
CLMHVR

CLIMATE REPORT
NATIONAL WEATHER SERVICE GREAT FALLS MT
1135 AM MDT SUN AUG 2 2015

...................................

...THE HAVRE MT CLIMATE SUMMARY FOR THE MONTH OF JULY 2015...

CLIMATE NORMAL PERIOD 1981 TO 2010
CLIMATE RECORD PERIOD 1880 TO 2015

WEATHER         OBSERVED          NORMAL  DEPART  LAST YEAR`S
                 VALUE   DATE(S)  VALUE   FROM    VALUE
                                          NORMAL
.............................................................
TEMPERATURE (F)
RECORD
 HIGH             107   07/17/1936
                        07/25/1933
 LOW               36   07/20/1895
HIGHEST            97   07/10        86      11       98
LOWEST             44   07/17        51      -7       46
AVG. MAXIMUM     84.2              84.9    -0.7     88.3
AVG. MINIMUM     53.5              53.6    -0.1     54.2
MEAN             68.9              69.2    -0.3     71.2
DAYS MAX >= 90      6               9.7    -3.7       14
DAYS MAX <= 32      0               0.0     0.0        0
DAYS MIN <= 32      0               0.0     0.0        0
DAYS MIN <= 0       0               0.0     0.0        0

PRECIPITATION (INCHES)
RECORD
 MAXIMUM           MM   MM
 MINIMUM           MM   MM
TOTALS           3.27              1.64    1.63     0.26
DAYS >= .01         9               8.0     1.0
DAYS >= .10         6               3.6     2.4
DAYS >= .50         2               0.8     1.2
DAYS >= 1.00        1               0.3     0.7
GREATEST
 24 HR. TOTAL    2.07   07/27 TO 07/28

SNOWFALL (INCHES)
RECORDS
 TOTAL             MM   5
 24 HR TOTAL       MM
 SNOW DEPTH        MM   MM
TOTALS              T               0.0     0.0      0.0
SNOWDEPTH AVG.      0
DAYS >= TRACE       1               0.0     1.0
DAYS >= 1.0         0               0.0     0.0
GREATEST
 SNOW DEPTH         0   MM                             0
 24 HR TOTAL        T   07/04 TO 07/04

DEGREE_DAYS
HEATING TOTAL      25                30      -5        0
 SINCE 7/1         25                30      -5        0
COOLING TOTAL     153               162      -9      201
 SINCE 1/1        263               221      42      214
..............................................................

WIND (MPH)
AVERAGE WIND SPEED              9.6
HIGHEST WIND SPEED/DIRECTION    38/270    DATE  07/17
HIGHEST GUST SPEED/DIRECTION    72/360    DATE  07/04

SKY COVER
AVERAGE SKY COVER           0.20

AVERAGE RH (PERCENT)     55

WEATHER CONDITIONS. NUMBER OF DAYS WITH
THUNDERSTORM              0     MIXED PRECIP               0
HEAVY RAIN                4     RAIN                       5
LIGHT RAIN               13     FREEZING RAIN              0
LT FREEZING RAIN          0     HAIL                       1
HEAVY SNOW                0     SNOW                       0
LIGHT SNOW                0     SLEET                      0
FOG                       8     FOG W/VIS <= 1/4 MILE      0
HAZE                      3

-  INDICATES NEGATIVE NUMBERS.
R  INDICATES RECORD WAS SET OR TIED.
MM INDICATES DATA IS MISSING.
T  INDICATES TRACE AMOUNT.

&&

SUMMARY...JULY WAS GENERALLY CHARACTERIZED BY UPPER LEVEL TROUGHING
FROM WESTERN CANADA INTO MUCH OF THE WESTERN U.S. THIS LED TO A MORE
ACTIVE WEATHER PATTERN ACROSS MONTANA...INCLUDING A SEVERE WEATHER
EVENT ALONG THE HI-LINE ON THE NIGHT OF JULY 4TH THAT PRODUCED
DAMAGING WINDS AND HAIL. TEMPERATURES VARIED QUITE A BIT THROUGH THE
MONTH...BUT MANY LOCATIONS ENDED UP VERY CLOSE TO NORMAL. WITH THE
ACTIVE WEATHER PATTERN...MANY LOCATIONS REPORTED NEAR TO SLIGHTLY
ABOVE NORMAL PRECIPIATION. IN HAVRE...HOWEVER...TOTAL PRECIPITATION
WAS 1.63 INCHES ABOVE NORMAL MAKING IT THE 14TH WETTEST JULY ON
RECORD.

$$
