690
CXUS53 KUNR 011616
CLMICR


CLIMATE REPORT
NATIONAL WEATHER SERVICE RAPID CITY SD
1013 AM MDT FRI JUL 1 2016

...................................

...THE WINNER REGIONAL AIRPORT SD CLIMATE SUMMARY FOR THE MONTH OF JUNE 2016...

CLIMATE NORMAL PERIOD 1981 TO 2010
CLIMATE RECORD PERIOD 9999 TO 9999

WEATHER         OBSERVED          NORMAL  DEPART  LAST YEAR`S
                 VALUE   DATE(S)  VALUE   FROM    VALUE  DATE(S)
                                          NORMAL
................................................................
TEMPERATURE (F)
HIGHEST           100   06/24                         99  06/09
LOWEST             48   06/07                         52  06/12
AVG. MAXIMUM     88.1              80.1     8.0     83.4
AVG. MINIMUM     60.4              56.0     4.4     60.3
MEAN             74.2              68.1     6.1     71.8
DAYS MAX >= 90     12                                  4
DAYS MAX <= 32      0                                  0
DAYS MIN <= 32      0                                  0
DAYS MIN <= 0       0                                  0

PRECIPITATION (INCHES)
TOTALS           1.05              3.65   -2.60     4.02
DAILY AVG.       0.04              0.12   -0.08     0.13
DAYS >= .01         7                                 14
DAYS >= .10         2                                  9
DAYS >= .50         1                                  3
DAYS >= 1.00        0                                  1
GREATEST
 24 HR. TOTAL    0.61   06/14 TO 06/14              1.14

DEGREE_DAYS
HEATING TOTAL       3                54     -51        3
 SINCE 7/1       5573              6699   -1126     6041
COOLING TOTAL     286               145     141      218
 SINCE 1/1        333               175     158      253
.................................................................

WIND (MPH)
AVERAGE WIND SPEED              10.5
HIGHEST WIND SPEED/DIRECTION    46/320    DATE  06/29
HIGHEST GUST SPEED/DIRECTION    60/310    DATE  06/29

AVERAGE RH (PERCENT)     57

WEATHER CONDITIONS. NUMBER OF DAYS WITH
THUNDERSTORM              0     MIXED PRECIP               0
HEAVY RAIN                2     RAIN                       2
LIGHT RAIN               12     FREEZING RAIN              0
LT FREEZING RAIN          0     HAIL                       0
HEAVY SNOW                0     SNOW                       0
LIGHT SNOW                0     SLEET                      0
FOG                       4     FOG W/VIS <= 1/4 MILE      1
HAZE                      4

-  INDICATES NEGATIVE NUMBERS.
R  INDICATES RECORD WAS SET OR TIED.
MM INDICATES DATA IS MISSING.
T  INDICATES TRACE AMOUNT.

$$
