000
CXUS53 KUNR 011606
CLMICR


CLIMATE REPORT
NATIONAL WEATHER SERVICE RAPID CITY SD
1005 AM MDT THU SEP 1 2016

...................................

...THE WINNER REGIONAL AIRPORT SD CLIMATE SUMMARY FOR THE MONTH OF AUGUST 2016...

CLIMATE NORMAL PERIOD 1981 TO 2010
CLIMATE RECORD PERIOD 9999 TO 9999

WEATHER         OBSERVED          NORMAL  DEPART  LAST YEAR`S
                 VALUE   DATE(S)  VALUE   FROM    VALUE  DATE(S)
                                          NORMAL
................................................................
TEMPERATURE (F)
HIGHEST            99   08/10                        101  08/15
LOWEST             51   08/25                         47  08/24
                        08/21
AVG. MAXIMUM     87.7              87.1     0.6     86.2
AVG. MINIMUM     62.3              61.7     0.6     62.5
MEAN             75.0              74.4     0.6     74.3
DAYS MAX >= 90     12                                 12
DAYS MAX <= 32      0                                  0
DAYS MIN <= 32      0                                  0
DAYS MIN <= 0       0                                  0

PRECIPITATION (INCHES)
TOTALS           1.99              2.32   -0.33     3.09
DAILY AVG.       0.06              0.07   -0.01     0.10
DAYS >= .01         8                                  8
DAYS >= .10         3                                  6
DAYS >= .50         1                                  2
DAYS >= 1.00        1                                  1
GREATEST
 24 HR. TOTAL    1.18   08/18 TO 08/19              1.55

DEGREE_DAYS
HEATING TOTAL       7                 9      -2       14
 SINCE 7/1          8                14      -6       14
COOLING TOTAL     325               300      25      312
 SINCE 1/1       1044               806     238      940
.................................................................

WIND (MPH)
AVERAGE WIND SPEED              10.5
HIGHEST WIND SPEED/DIRECTION    36/360    DATE  08/18
HIGHEST GUST SPEED/DIRECTION    46/330    DATE  08/01

AVERAGE RH (PERCENT)     63

WEATHER CONDITIONS. NUMBER OF DAYS WITH
THUNDERSTORM              0     MIXED PRECIP               0
HEAVY RAIN                3     RAIN                       4
LIGHT RAIN               10     FREEZING RAIN              0
LT FREEZING RAIN          0     HAIL                       0
HEAVY SNOW                0     SNOW                       0
LIGHT SNOW                0     SLEET                      0
FOG                       7     FOG W/VIS <= 1/4 MILE      1
HAZE                      1

-  INDICATES NEGATIVE NUMBERS.
R  INDICATES RECORD WAS SET OR TIED.
MM INDICATES DATA IS MISSING.
T  INDICATES TRACE AMOUNT.

$$
