000
CXUS53 KLBF 010711
CLMIML
CLIMATE REPORT
NATIONAL WEATHER SERVICE NORTH PLATTE NE
211 AM CDT MON APR 01 2024
...................................
...THE IMPERIAL CLIMATE SUMMARY FOR THE MONTH OF MARCH 2024...
CLIMATE NORMAL PERIOD 1991 TO 2020
CLIMATE RECORD PERIOD 1893 TO 2024
WEATHER OBSERVED NORMAL DEPART LAST YEAR`S
VALUE DATE(S) VALUE FROM VALUE DATE(S)
NORMAL
................................................................
TEMPERATURE (F)
RECORD
HIGH 89 03/16/2015
03/29/1967
03/31/1946
LOW -24 03/03/1960
HIGHEST 77 03/02 78 -1 72 03/15
LOWEST 11 03/26 7 4 14 03/28
AVG. MAXIMUM 56.1 55.5 0.6 45.0
AVG. MINIMUM 25.9 26.2 -0.3 23.5
MEAN 41.0 40.9 0.1 34.3
DAYS MAX >= 90 0 0.0 0.0 0
DAYS MAX <= 32 1 1.5 -0.5 4
DAYS MIN <= 32 23 24.2 -1.2 31
DAYS MIN <= 0 0 0.4 -0.4 0
PRECIPITATION (INCHES)
RECORD
MAXIMUM 6.15 1981
MINIMUM 0.10 1968
TOTALS 0.77 0.79 -0.02 0.61
DAILY AVG. 0.02 0.03 -0.01 0.02
DAYS >= .01 7 5.7 1.3 5
DAYS >= .10 1 1.8 -0.8 4
DAYS >= .50 1 0.4 0.6 0
DAYS >= 1.00 0 0.0 0.0 0
GREATEST
24 HR. TOTAL 0.67 03/07 TO 03/08 0.26 03/25 TO 03/25
SNOWFALL (INCHES)
TOTALS MM
DEGREE DAYS
HEATING TOTAL 738 749 -11 945
SINCE 7/1 4817 5229 -412 MM
COOLING TOTAL 0 0 0 0
SINCE 1/1 0 0 0 MM
................................................................
WIND (MPH)
HIGHEST WIND SPEED/DIRECTION 36/360 DATE 03/24
HIGHEST GUST SPEED/DIRECTION 51/360 DATE 03/24
AVERAGE RH (PERCENT) 58
WEATHER CONDITIONS. NUMBER OF DAYS WITH
THUNDERSTORM 1 MIXED PRECIP 0
HEAVY RAIN 0 RAIN 0
LIGHT RAIN 3 FREEZING RAIN 0
LT FREEZING RAIN 0 HAIL 0
HEAVY SNOW 1 SNOW 1
LIGHT SNOW 4 SLEET 0
FOG 5 FOG W/VIS <= 1/4 MILE 1
HAZE 6
- INDICATES NEGATIVE NUMBERS.
R INDICATES RECORD WAS SET OR TIED.
MM INDICATES DATA IS MISSING.
T INDICATES TRACE AMOUNT.
$$