419
CXUS53 KIND 031031 CCA
CLMIND

CLIMATE REPORT...CORRECTED
NATIONAL WEATHER SERVICE INDIANAPOLIS IN
1111 AM EDT SAT APR 1 2017

CORRECTED LAST YEAR`S GREATEST 24 HOUR SNOWFALL

...................................

...THE INDIANAPOLIS IN CLIMATE SUMMARY FOR THE MONTH OF MARCH 2017...

CLIMATE NORMAL PERIOD 1981 TO 2010
CLIMATE RECORD PERIOD 1871 TO 2017

WEATHER         OBSERVED          NORMAL  DEPART  LAST YEAR`S
                 VALUE   DATE(S)  VALUE   FROM    VALUE  DATE(S)
                                          NORMAL
................................................................
TEMPERATURE (F)
RECORD
 HIGH              85   03/31/1981
 LOW               -7   03/02/1980
HIGHEST            75   03/25                         76  03/27
                        03/24
LOWEST             17   03/16                         18  03/02
                        03/15
AVG. MAXIMUM     52.8              51.7     1.1     58.7
AVG. MINIMUM     34.9              32.8     2.1     39.7
MEAN             43.8              42.2     1.6     49.2
DAYS MAX >= 90      0               0.0     0.0        0
DAYS MAX <= 32      2               1.3     0.7        0
DAYS MIN <= 32     13              15.3    -2.3        8
DAYS MIN <= 0       0               0.0     0.0        0

PRECIPITATION (INCHES)
RECORD
 MAXIMUM        10.95   1904
 MINIMUM         0.07   1910
TOTALS           4.72              3.56    1.16     4.20
DAILY AVG.       0.15              0.11    0.04     0.14
DAYS >= .01        13              11.9     1.1       13
DAYS >= .10         9               6.7     2.3        8
DAYS >= .50         5               2.4     2.6        3
DAYS >= 1.00        0               0.8    -0.8        0
GREATEST
 24 HR. TOTAL    0.89   03/26 TO 03/26

SNOWFALL (INCHES)
RECORDS
 TOTAL           30.4   1906
 SNOW DEPTH        15   03/19/1906
TOTALS            1.0               2.6    -1.6      1.2
SINCE 7/1         9.7              25.7   -16.0     13.3
SNOWDEPTH AVG.      0
DAYS >= 1.0         1               0.7     0.3        1
DAYS >= 0.1         1                                  1
GREATEST
 SNOW DEPTH         0   MM                             1  03/03
 24 HR TOTAL      1.0   03/13 TO 03/13               1.2  03/30 TO 03/03

DEGREE_DAYS
HEATING TOTAL     651               707     -56      482
 SINCE 7/1       3935              4850    -915     3935
COOLING TOTAL       2                 2       0        0
 SINCE 1/1          2                 2       0        0
....................................................

WIND (MPH)
AVERAGE WIND SPEED              12.1
HIGHEST WIND SPEED/DIRECTION    41/280    DATE  03/01
HIGHEST GUST SPEED/DIRECTION    50/280    DATE  03/08

SKY COVER
POSSIBLE SUNSHINE (PERCENT)   MM
AVERAGE SKY COVER           0.70
NUMBER OF DAYS FAIR            3
NUMBER OF DAYS PC             12
NUMBER OF DAYS CLOUDY         15

AVERAGE RH (PERCENT)     64

WEATHER CONDITIONS. NUMBER OF DAYS WITH
THUNDERSTORM              5     MIXED PRECIP               0
HEAVY RAIN                5     RAIN                       8
LIGHT RAIN               15     FREEZING RAIN              0
LT FREEZING RAIN          0     HAIL                       1
HEAVY SNOW                0     SNOW                       1
LIGHT SNOW                5     SLEET                      1
FOG                      16     FOG W/VIS <= 1/4 MILE      2
HAZE                      1

-  INDICATES NEGATIVE NUMBERS.
R  INDICATES RECORD WAS SET OR TIED.
MM INDICATES DATA IS MISSING.
T  INDICATES TRACE AMOUNT.

$$
