000
CXUS53 KEAX 011350
CLMIRK

CLIMATE REPORT
NATIONAL WEATHER SERVICE KANSAS CITY/PLEASANT HILL MO
738 AM CST MON JAN 1 2018

...................................

...THE KIRKSVILLE CLIMATE SUMMARY FOR THE MONTH OF DECEMBER 2017...

CLIMATE NORMAL PERIOD 1981 TO 2010
CLIMATE RECORD PERIOD 9999 TO 9999

WEATHER         OBSERVED          NORMAL  DEPART  LAST YEAR`S
                 VALUE   DATE(S)  VALUE   FROM    VALUE  DATE(S)
                                          NORMAL
................................................................
TEMPERATURE (F)
HIGHEST            69   12/04        59      10       58  12/25
LOWEST            -10   12/31                -9      -10  12/18
AVG. MAXIMUM     38.4              37.2     1.2     36.1
AVG. MINIMUM     20.4              20.4     0.0     19.6
MEAN             29.4              28.8     0.6     27.6
DAYS MAX >= 90      0               0.0     0.0        0
DAYS MAX <= 32     11              10.9     0.1       12
DAYS MIN <= 32     27              26.9     0.1       27
DAYS MIN <= 0       4               2.3     1.7        2

PRECIPITATION (INCHES)
TOTALS           0.78              1.75   -0.97     1.23
DAILY AVG.       0.03              0.06   -0.03     0.04
DAYS >= .01         5               7.5    -2.5        6
DAYS >= .10         2               3.6    -1.6        2
DAYS >= .50         1               0.7     0.3        1
DAYS >= 1.00        0               0.3    -0.3        0
GREATEST
 24 HR. TOTAL    0.55   12/04 TO 12/04

DEGREE_DAYS
HEATING TOTAL    1098              1122     -24     1079
 SINCE 7/1       2117              2343    -226     1801
COOLING TOTAL       0                 0       0        0
 SINCE 1/1       1121               939     182     1313
.................................................................

WIND (MPH)
AVERAGE WIND SPEED              9.6
HIGHEST WIND SPEED/DIRECTION    37/290    DATE  12/13
HIGHEST GUST SPEED/DIRECTION    48/300    DATE  12/13

SKY COVER
POSSIBLE SUNSHINE (PERCENT)   MM
AVERAGE SKY COVER           0.40
NUMBER OF DAYS FAIR           17
NUMBER OF DAYS PC              9
NUMBER OF DAYS CLOUDY          5

AVERAGE RH (PERCENT)     70

WEATHER CONDITIONS. NUMBER OF DAYS WITH
THUNDERSTORM              1     MIXED PRECIP               0
HEAVY RAIN                1     RAIN                       0
LIGHT RAIN                2     FREEZING RAIN              0
LT FREEZING RAIN          0     HAIL                       0
HEAVY SNOW                0     SNOW                       0
LIGHT SNOW                4     SLEET                      0
FOG                      12     FOG W/VIS <= 1/4 MILE      1
HAZE                     11

-  INDICATES NEGATIVE NUMBERS.
R  INDICATES RECORD WAS SET OR TIED.
MM INDICATES DATA IS MISSING.
T  INDICATES TRACE AMOUNT.

$$
