000
CXCA52 TJSJ 010444 RRA
CLMIST

CLIMATE REPORT
NATIONAL WEATHER SERVICE SAN JUAN, PR
1228 AM AST SUN JAN 1 2017

...................................

...THE CYRIL E. KING AP/ST THOMAS  CLIMATE SUMMARY FOR THE YEAR OF 2016...

CLIMATE NORMAL PERIOD 1981 TO 2010
CLIMATE RECORD PERIOD 1953 TO 2016

WEATHER         OBSERVED          NORMAL  DEPART  LAST YEAR`S
                 VALUE   DATE(S)  VALUE   FROM    VALUE  DATE(S)
                                          NORMAL
................................................................
TEMPERATURE (F)
RECORD
 HIGH              99   06/23/1996
                        08/04/1994
                        08/08/1979
 LOW               20   02/17/2016
HIGHEST            94   08/31        95      -1       96  09/10
LOWEST             70   02/05        65       5       68  01/19
AVG. MAXIMUM     87.5              87.6    -0.1     87.0
AVG. MINIMUM     77.9              75.5     2.4     76.7
MEAN             82.7              81.6     1.1     81.9
DAYS MAX >= 90     92              84.8     7.2       78
DAYS MAX <= 32      0               0.0     0.0        0
DAYS MIN <= 32      0               0.0     0.0        0
DAYS MIN <= 0       0               0.0     0.0        0

PRECIPITATION (INCHES)
RECORD
 MAXIMUM        61.38   2010
 MINIMUM        19.52   1991
TOTALS          41.37             39.34    2.03    50.25
DAILY AVG.       0.11              0.11    0.00     0.14
DAYS >= .01       190             168.3    21.7      163
DAYS >= .10        87              78.5     8.5       68
DAYS >= .50        20              20.6    -0.6       19
DAYS >= 1.00        8               7.7     0.3        9

SNOWFALL (INCHES)
TOTALS            0.0               0.0     0.0      0.0

DEGREE_DAYS
HEATING TOTAL       0                 0       0        0
COOLING TOTAL    6415              6046     369     6194
.................................................................

SKY COVER
AVERAGE SKY COVER           0.30

AVERAGE RH (PERCENT)     76

WEATHER CONDITIONS. NUMBER OF DAYS WITH
THUNDERSTORM              0     MIXED PRECIP               0
HEAVY RAIN               49     RAIN                      55
LIGHT RAIN              162     FREEZING RAIN              0
LT FREEZING RAIN          0     HAIL                       0
HEAVY SNOW                0     SNOW                       0
LIGHT SNOW                0     SLEET                      0
FOG                     127     FOG W/VIS <= 1/4 MILE      1
HAZE                     31

-  INDICATES NEGATIVE NUMBERS.
R  INDICATES RECORD WAS SET OR TIED.
MM INDICATES DATA IS MISSING.
T  INDICATES TRACE AMOUNT.

$$
