000
CXHW53 PHFO 011704
CLMITO


CLIMATE REPORT
NATIONAL WEATHER SERVICE HONOLULU HI
704 AM HST SUN MAR 1 2015

...................................

...THE HILO HI CLIMATE SUMMARY FOR THE MONTH OF FEBRUARY 2015...

CLIMATE NORMAL PERIOD 1981 TO 2010
CLIMATE RECORD PERIOD 1946 TO 2015

WEATHER         OBSERVED          NORMAL  DEPART  LAST YEAR`S
                 VALUE   DATE(S)  VALUE   FROM    VALUE  DATE(S)
                                          NORMAL
................................................................
TEMPERATURE (F)
RECORD
 HIGH              92   02/20/1968
 LOW               53   02/21/1962
HIGHEST            89   02/14        79      10       85  02/10
LOWEST             61   02/02        64      -3       62  02/28
                                                          02/26
AVG. MAXIMUM     83.2              78.8     4.4     80.7
AVG. MINIMUM     65.4              63.5     1.9     66.2
MEAN             74.3              71.2     3.1     73.5
DAYS MAX >= 90      0               0.0     0.0        0
DAYS MAX <= 32      0               0.0     0.0        0
DAYS MIN <= 32      0               0.0     0.0        0
DAYS MIN <= 0       0               0.0     0.0        0

PRECIPITATION (INCHES)
RECORD
 MAXIMUM        45.55   1979
 MINIMUM         0.52   2000
TOTALS           5.29              9.56   -4.27     2.57
DAILY AVG.       0.19              0.34   -0.15     0.09
DAYS >= .01         7              15.8    -8.8       12
DAYS >= .10         5              10.3    -5.3        6
DAYS >= .50         1               4.8    -3.8        3
DAYS >= 1.00        1               2.4    -1.4        0
GREATEST
 24 HR. TOTAL    4.20   02/21 TO 02/21              0.72
                        02/21 TO 02/22

SNOWFALL (INCHES)
RECORDS
 TOTAL            0.0   5
                        0
                        -26215
TOTALS            0.0               0.0     0.0      0.0
SINCE 7/1         0.0               0.0     0.0      0.0
SNOWDEPTH AVG.      0                MM      MM        0
DAYS >= 1.0         0               0.0     0.0        0
GREATEST
 SNOW DEPTH         0   MM                             0  MM
 24 HR TOTAL      0.0   02/28 TO 02/28               0.0

DEGREE_DAYS
HEATING TOTAL       0                 0       0        0
 SINCE 7/1          0                 0       0        0
COOLING TOTAL     268               172      96      246
 SINCE 1/1        526               370     156      458
.................................................................

WIND (MPH)
AVERAGE WIND SPEED              6.8
HIGHEST WIND SPEED/DIRECTION    24/360    DATE  02/15
HIGHEST GUST SPEED/DIRECTION    34/360    DATE  02/02

SKY COVER
POSSIBLE SUNSHINE (PERCENT)   MM
AVERAGE SKY COVER           0.50
NUMBER OF DAYS FAIR            8
NUMBER OF DAYS PC             13
NUMBER OF DAYS CLOUDY          7

AVERAGE RH (PERCENT)     71

WEATHER CONDITIONS. NUMBER OF DAYS WITH
THUNDERSTORM              0     MIXED PRECIP               0
HEAVY RAIN                1     RAIN                       3
LIGHT RAIN               10     FREEZING RAIN              0
LT FREEZING RAIN          0     HAIL                       0
HEAVY SNOW                0     SNOW                       0
LIGHT SNOW                0     SLEET                      0
FOG                       2     FOG W/VIS <= 1/4 MILE      0
HAZE                      0

-  INDICATES NEGATIVE NUMBERS.
R  INDICATES RECORD WAS SET OR TIED.
MM INDICATES DATA IS MISSING.
T  INDICATES TRACE AMOUNT.

$$
