000
CXUS54 KMEG 011351
CLMJBR


CLIMATE REPORT
NATIONAL WEATHER SERVICE MEMPHIS TN
843 AM CDT MON JUN 1 2015

...................................

...THE JONESBORO CLIMATE SUMMARY FOR THE MONTH OF MAY 2015...

CLIMATE NORMAL PERIOD 1981 TO 2010
CLIMATE RECORD PERIOD 1897 TO 2015

WEATHER         OBSERVED          NORMAL  DEPART  LAST YEAR`S
                 VALUE   DATE(S)  VALUE   FROM    VALUE  DATE(S)
                                          NORMAL
................................................................
TEMPERATURE (F)
RECORD
 HIGH             101   05/28/1911
 LOW               29   05/06/1927
HIGHEST            86   05/07        80       6       90  05/26
                                                          05/24
LOWEST             41   05/01        58     -17       42  05/02
                                                          05/01
AVG. MAXIMUM     77.8              80.0    -2.2     79.5
AVG. MINIMUM     58.2              58.3    -0.1     60.5
MEAN             68.0              69.1    -1.1     70.0
DAYS MAX >= 90      0               1.7    -1.7        2
DAYS MAX <= 32      0               0.0     0.0        0
DAYS MIN <= 32      0               0.0     0.0        0
DAYS MIN <= 0       0               0.0     0.0        0

PRECIPITATION (INCHES)
RECORD
 MAXIMUM        10.62   1946
 MINIMUM         0.22   2005
TOTALS           7.81              4.61    3.20     4.58
DAILY AVG.       0.25              0.15    0.10     0.15
DAYS >= .01        16                MM      MM       12
DAYS >= .10        14                MM      MM        9
DAYS >= .50         6                MM      MM        3
DAYS >= 1.00        3                MM      MM        2
GREATEST
 24 HR. TOTAL    2.35   05/09 TO 05/10

SNOWFALL (INCHES)
RECORDS
 TOTAL             MM   MM
TOTALS            0.0               0.0     0.0      0.0
SINCE 7/1         9.4               4.8     4.6      5.2
SNOWDEPTH AVG.      0                MM      MM        0
DAYS >= 1.0         0                MM      MM        0
GREATEST
 SNOW DEPTH         0   MM                             0  MM
 24 HR TOTAL      0.0   05/31 TO 05/31

DEGREE_DAYS
HEATING TOTAL      49                37      12       64
 SINCE 7/1       4014              3652     362     4150
COOLING TOTAL     147               166     -19      226
 SINCE 1/1        175               213     -38      247
.................................................................

WIND (MPH)
AVERAGE WIND SPEED              7.4
HIGHEST WIND SPEED/DIRECTION    31/140    DATE  05/24
HIGHEST GUST SPEED/DIRECTION    37/140    DATE  05/24

SKY COVER
POSSIBLE SUNSHINE (PERCENT)   MM
AVERAGE SKY COVER           0.40
NUMBER OF DAYS FAIR           15
NUMBER OF DAYS PC             10
NUMBER OF DAYS CLOUDY          6

AVERAGE RH (PERCENT)     78

WEATHER CONDITIONS. NUMBER OF DAYS WITH
THUNDERSTORM              0     MIXED PRECIP               0
HEAVY RAIN                7     RAIN                      11
LIGHT RAIN               16     FREEZING RAIN              0
LT FREEZING RAIN          0     HAIL                       0
HEAVY SNOW                0     SNOW                       0
LIGHT SNOW                0     SLEET                      0
FOG                      21     FOG W/VIS <= 1/4 MILE      1
HAZE                      1

-  INDICATES NEGATIVE NUMBERS.
R  INDICATES RECORD WAS SET OR TIED.
MM INDICATES DATA IS MISSING.
T  INDICATES TRACE AMOUNT.

$$
