215
CXUS51 KOKX 011538
CLMJFK

CLIMATE REPORT
NATIONAL WEATHER SERVICE NEW YORK NY
1038 AM EST MON FEB 1 2016

...................................

...THE KENNEDY NY CLIMATE SUMMARY FOR THE MONTH OF JANUARY 2016...

CLIMATE NORMAL PERIOD 1981 TO 2010
CLIMATE RECORD PERIOD 1949 TO 2016

WEATHER         OBSERVED          NORMAL  DEPART  LAST YEAR`S
                 VALUE   DATE(S)  VALUE   FROM    VALUE  DATE(S)
                                          NORMAL
................................................................
TEMPERATURE (F)
RECORD
 HIGH              71   01/06/2007
 LOW               -2   01/21/1985
HIGHEST            58   01/10        MM      MM       55  01/04
LOWEST             12   01/05        MM      MM        8  01/08
AVG. MAXIMUM     41.5              39.1     2.4     37.3
AVG. MINIMUM     27.6              26.3     1.3     24.1
MEAN             34.6              32.7     1.9     30.7
DAYS MAX >= 90      0               0.0     0.0        0
DAYS MAX <= 32      5               7.0    -2.0        8
DAYS MIN <= 32     23              21.8     1.2       26
DAYS MIN <= 0       0               0.0     0.0        0

PRECIPITATION (INCHES)
RECORD
 MAXIMUM         8.33   1979
 MINIMUM         0.49   1981
TOTALS           4.59              3.16    1.43     5.31
DAILY AVG.       0.15              0.10    0.05     0.17
DAYS >= .01         6              10.5    -4.5       11
DAYS >= .10         3               5.9    -2.9        7
DAYS >= .50         2               2.1    -0.1        4
DAYS >= 1.00        2               0.7     1.3        1
GREATEST
 24 HR. TOTAL    2.90   01/23 TO 01/23           01/18 TO 01/18
                                                          01/18 TO 01/18
                                                          01/18 TO 01/18
 STORM TOTAL       MM                                 MM
 (MM/DD(HH))            MM                    01/18(00) TO 01/18(00)
                                                 01/18(00) TO 01/18(00)8
                                                 01/18(00) TO 01/18(00)8

SNOWFALL (INCHES)
RECORDS
 TOTAL           23.0   1996
 24 HR TOTAL       MM
TOTALS           31.3R              6.3    25.0     17.1
 LIQUID EQUIV    3.13              0.60    2.53     1.71
SINCE 7/1        31.4              11.2    20.2
 LIQUID 7/1      3.14              1.10             1.75
DAYS >= TRACE       7               4.6     2.4       11
DAYS >= 1.0         1               1.5    -0.5        5
GREATEST
 SNOW DEPTH        28   01/24                         10  01/28
 24 HR TOTAL     30.3   MM                       01/18 TO 01/18
                                                          01/18 TO 01/18
                                                          01/18 TO 01/18
 STORM TOTAL       MM                                 MM
 (MM/DD(HH))            MM                    01/18(00) TO 01/18(00)
                                                 01/18(00) TO 01/18(00)8
                                                 01/18(00) TO 01/18(00)8

DEGREE_DAYS
HEATING TOTAL     932              1001     -69     1058
 SINCE 7/1       1968              2670    -702     2564
COOLING TOTAL       0                 0       0        0
 SINCE 1/1          0                 0       0        0
.........................................................

WIND (MPH)
AVERAGE WIND SPEED              13.0
HIGHEST WIND SPEED/DIRECTION    37/040    DATE  01/23
HIGHEST GUST SPEED/DIRECTION    48/040    DATE  01/23

SKY COVER
POSSIBLE SUNSHINE (PERCENT)   MM
AVERAGE SKY COVER           0.60
NUMBER OF DAYS FAIR            7
NUMBER OF DAYS PC             16
NUMBER OF DAYS CLOUDY          8

AVERAGE RH (PERCENT)     56

WEATHER CONDITIONS. NUMBER OF DAYS WITH
THUNDERSTORM              0     MIXED PRECIP               0
HEAVY RAIN                1     RAIN                       2
LIGHT RAIN                8     FREEZING RAIN              0
LT FREEZING RAIN          0     HAIL                       0
HEAVY SNOW                1     SNOW                       1
LIGHT SNOW                7     SLEET                      0
FOG                       4     FOG W/VIS <= 1/4 MILE      2
HAZE                      1

-  INDICATES NEGATIVE NUMBERS.
R  INDICATES RECORD WAS SET OR TIED.
MM INDICATES DATA IS MISSING.
T  INDICATES TRACE AMOUNT.

$$
