000
CXUS53 KJKL 061506
CLMJKL

CLIMATE REPORT
NATIONAL WEATHER SERVICE JACKSON KY
1106 AM EDT WED MAY 6 2015

...................................

...THE JACKSON KY CLIMATE SUMMARY FOR THE MONTH OF APRIL 2015...

CLIMATE NORMAL PERIOD 1981 TO 2010
CLIMATE RECORD PERIOD 1981 TO 2015

WEATHER         OBSERVED          NORMAL  DEPART  LAST YEAR`S
                 VALUE   DATE(S)  VALUE   FROM    VALUE  DATE(S)
                                          NORMAL
................................................................
TEMPERATURE (F)
RECORD
 HIGH              92   04/27/1986
 LOW               20   04/07/1982
HIGHEST            84   04/09        86      -2       85  04/27
                                                          04/13
LOWEST             36   04/23        29       7       27  04/16
AVG. MAXIMUM     69.0              68.0     1.0     72.6
AVG. MINIMUM     48.3              46.7     1.6     48.9
MEAN             58.7              57.4     1.3     60.7
DAYS MAX >= 90      0               0.2    -0.2        0
DAYS MAX <= 32      0               0.1    -0.1        0
DAYS MIN <= 32      0               1.9    -1.9        2
DAYS MIN <= 0       0               0.0     0.0        0

PRECIPITATION (INCHES)
RECORD
 MAXIMUM        10.29   2015
 MINIMUM         0.78   1985
TOTALS          10.29              3.83    6.46     5.43
DAILY AVG.       0.34              0.13    0.21     0.18
DAYS >= .01        16              12.4     3.6       14
DAYS >= .10        11               8.2     2.8        7
DAYS >= .50         4               2.7     1.3        4
DAYS >= 1.00        3               0.7     2.3        1
GREATEST
 24 HR. TOTAL    4.45   04/02 TO 04/03              1.93

SNOWFALL (INCHES)
RECORDS
 TOTAL           17.8   1987
TOTALS            0.0               1.0    -1.0      1.0
SINCE 7/1        29.1              23.5     5.6     38.9
SNOWDEPTH AVG.      0                MM      MM        0
DAYS >= 1.0         0               0.3    -0.3        1
GREATEST
 SNOW DEPTH         0   MM                             0
 24 HR TOTAL      0.0   MM                           1.0

DEGREE_DAYS
HEATING TOTAL     209               268     -59      162
 SINCE 7/1       4522              4121     401     4430
COOLING TOTAL      25                39     -14       39
 SINCE 1/1         25                46     -21       39
.................................................................

WIND (MPH)
AVERAGE WIND SPEED              4.0
HIGHEST WIND SPEED/DIRECTION    22/280    DATE  04/10
HIGHEST GUST SPEED/DIRECTION    35/010    DATE  04/03

SKY COVER
POSSIBLE SUNSHINE (PERCENT)   MM
AVERAGE SKY COVER           0.50
NUMBER OF DAYS FAIR           11
NUMBER OF DAYS PC             12
NUMBER OF DAYS CLOUDY          7

AVERAGE RH (PERCENT)     60

WEATHER CONDITIONS. NUMBER OF DAYS WITH
THUNDERSTORM              9     MIXED PRECIP               0
HEAVY RAIN                7     RAIN                      12
LIGHT RAIN               18     FREEZING RAIN              0
LT FREEZING RAIN          0     HAIL                       0
HEAVY SNOW                0     SNOW                       0
LIGHT SNOW                0     SLEET                      0
FOG                      14     FOG W/VIS <= 1/4 MILE      6
HAZE                      1

-  INDICATES NEGATIVE NUMBERS.
R  INDICATES RECORD WAS SET OR TIED.
MM INDICATES DATA IS MISSING.
T  INDICATES TRACE AMOUNT.

$$

...RETRANSMITTED...GREATEST 24 HR SNOW TOTAL CHANGED...

CARICO
