205
CXUS55 KVEF 011156
CLMLAS

CLIMATE REPORT
NATIONAL WEATHER SERVICE LAS VEGAS, NV
350 AM PDT WED NOV 1 2017

...................................

...THE LAS VEGAS NV CLIMATE SUMMARY FOR THE MONTH OF OCTOBER 2017...

CLIMATE NORMAL PERIOD 1981 TO 2010
CLIMATE RECORD PERIOD 1937 TO 2017

WEATHER         OBSERVED          NORMAL  DEPART  LAST YEAR`S
                 VALUE   DATE(S)  VALUE   FROM    VALUE  DATE(S)
                                          NORMAL
................................................................
TEMPERATURE (F)
RECORD
 HIGH             103   10/01/1978
 LOW               26   10/30/1971
HIGHEST            91   10/23        94      -3       93  10/14
                        10/08
                        10/01
LOWEST             51   10/15        46       5       57  10/21
                                                          10/20
                                                          10/07
AVG. MAXIMUM     83.6              80.6     3.0     83.8
AVG. MINIMUM     59.7              58.5     1.2     63.9
MEAN             71.7              69.5     2.2     73.9
DAYS MAX >= 90      3               4.1    -1.1        6
DAYS MAX <= 32      0               0.0     0.0        0
DAYS MIN <= 32      0               0.0     0.0        0
DAYS MIN <= 0       0               0.0     0.0        0

PRECIPITATION (INCHES)
RECORD
 MAXIMUM         1.45   2005
 MINIMUM         0.00   2007
                        2003
                        2001
TOTALS           0.00R             0.27   -0.27     0.23
DAILY AVG.       0.00              0.01   -0.01     0.01
DAYS >= .01         0               1.7    -1.7        2
DAYS >= .10         0               0.9    -0.9        1
DAYS >= .50         0               0.1    -0.1        0
DAYS >= 1.00        0               0.0     0.0        0
GREATEST
 24 HR. TOTAL    0.00   10/31 TO 10/31
                        10/30 TO 10/30
                        10/29 TO 10/29

SNOWFALL (INCHES)
RECORDS
 TOTAL              T   2012
 24 HR TOTAL        T
TOTALS            0.0               0.0     0.0      0.0
SINCE 7/1         0.0
SNOWDEPTH AVG.      0
DAYS >= TRACE       0
DAYS >= 1.0         0
GREATEST
 SNOW DEPTH         0
 24 HR TOTAL      0.0   10/31 TO 10/31
 STORM TOTAL       MM
 (MM/DD(HH))

DEGREE_DAYS
HEATING TOTAL       0                38     -38        0
 SINCE 7/1          0                39     -39        0
COOLING TOTAL     213               179      34      283
 SINCE 1/1       4021              3556     465     3957

FREEZE DATES
RECORD
 EARLIEST     10/21/1949
 LATEST       04/12/1967
EARLIEST                        11/25
LATEST                          02/28
.................................................................

WIND (MPH)
AVERAGE WIND SPEED              6.1
HIGHEST WIND SPEED/DIRECTION    45/340    DATE  10/08
HIGHEST GUST SPEED/DIRECTION    56/350    DATE  10/08

SKY COVER
POSSIBLE SUNSHINE (PERCENT)   MM
AVERAGE SKY COVER           0.10
NUMBER OF DAYS FAIR           24
NUMBER OF DAYS PC              7
NUMBER OF DAYS CLOUDY          0

AVERAGE RH (PERCENT)     19

WEATHER CONDITIONS. NUMBER OF DAYS WITH
THUNDERSTORM              0     MIXED PRECIP               0
HEAVY RAIN                0     RAIN                       0
LIGHT RAIN                0     FREEZING RAIN              0
LT FREEZING RAIN          0     HAIL                       0
HEAVY SNOW                0     SNOW                       0
LIGHT SNOW                0     SLEET                      0
FOG                       0     FOG W/VIS <= 1/4 MILE      0
HAZE                      0

-  INDICATES NEGATIVE NUMBERS.
R  INDICATES RECORD WAS SET OR TIED.
MM INDICATES DATA IS MISSING.
T  INDICATES TRACE AMOUNT.

$$
